000
CXUS53 KARX 010930
CF6OVS
PRELIMINARY LOCAL CLIMATOLOGICAL DATA (WS FORM: F-6)
STATION: BOSCOBEL_(ASOS) WI
MONTH: APRIL
YEAR: 2020
LATITUDE: 43 9 N
LONGITUDE: 90 41 W
TEMPERATURE IN F: :PCPN: SNOW: WIND :SUNSHINE: SKY :PK WND
================================================================================
1 2 3 4 5 6A 6B 7 8 9 10 11 12 13 14 15 16 17 18
12Z AVG MX 2MIN
DY MAX MIN AVG DEP HDD CDD WTR SNW DPTH SPD SPD DIR MIN PSBL S-S WX SPD DR
================================================================================
1 59 25 42 0 23 0 0.00 0.0 0 2.1 12 110 M M 4 128 18 120
2 65 41 53 11 12 0 0.00 0.0 0 5.0 15 120 M M 2 24 120
3 61 32 47 5 18 0 0.17 M M 5.8 14 280 M M 10 1 19 290
4 52 28 40 -3 25 0 0.00 0.0 M 6.0 15 330 M M 4 23 360
5 62 24 43 0 22 0 0.00 0.0 0 1.6 13 200 M M 0 1 18 220
6 53 33 43 -1 22 0 0.06 0.0 0 2.2 8 170 M M 6 18 14 200
7 73 44 59 15 6 0 0.00 0.0 0 3.5 16 210 M M 8 128 26 210
8 54 41 48 3 17 0 0.31 M 0 5.3 20 290 M M 7 12 28 280
9 47 32 40 -5 25 0 M M 0 11.2 32 320 M M 2 43 310
10 52 31 42 -4 23 0 0.00 0.0 0 5.7 16 270 M M 3 8 24 300
11 59 31 45 -1 20 0 0.04 0.0 0 2.2 10 100 M M 7 18 17 180
12 51 34 43 -4 22 0 0.47 M M 6.9 18 330 M M 10 12 32 350
13 41 30 36 -11 29 0 T M M 13.6 23 290 M M 5 35 260
14 37 24 31 -17 34 0 T M M 8.6 21 240 M M 4 8 32 240
15 40 18 29 -19 36 0 0.00 0.0 M 6.0 17 310 M M 4 8 27 320
16 47 22 35 -13 30 0 0.00 0.0 0 6.2 16 310 M M 0 8 24 260
17 52 28 40 -9 25 0 T 0.0 0 4.6 16 270 M M 7 8 25 280
18 66 26 46 -3 19 0 T 0.0 0 11.9 25 220 M M 2 39 230
19 59 31 45 -5 20 0 0.00 0.0 0 5.8 20 320 M M 0 26 310
20 66 25 46 -4 19 0 0.01 0.0 0 8.4 26 270 M M 3 45 280
21 53 31 42 -9 23 0 T 0.0 0 7.2 20 280 M M 2 8 28 300
22 75 44 60 9 5 0 0.09 0.0 0 6.5 16 240 M M 5 138 27 220
23 57 41 49 -2 16 0 0.00 0.0 0 6.0 12 80 M M 8 18 19 80
24 58 41 50 -2 15 0 0.01 0.0 0 3.0 9 30 M M 6 18 17 40
25 66 36 51 -1 14 0 0.00 0.0 0 4.1 14 80 M M 0 8 23 70
26 72 31 52 -1 13 0 T M 0 2.5 12 220 M M 3 18 17 220
27 72 45 59 6 6 0 0.16 0.0 0 3.6 20 210 M M 5 13 35 220
28 72 43 58 5 7 0 0.02 M 0 6.1 20 300 M M 7 12 27 310
29 60 49 55 1 10 0 0.00 0.0 0 12.7 23 350 M M 8 18 39 360
30 71 39 55 1 10 0 0.00 0.0 0 7.9 22 330 M M 0 35 340
================================================================================
SM 1752 1000 566 0 1.34 0.0 182.2 M 132
================================================================================
AV 58.4 33.3 6.1 FASTST M M 4 MAX(MPH)
MISC ----> # 32 320 # 45 280
================================================================================
NOTES:
# LAST OF SEVERAL OCCURRENCES
COLUMN 17 PEAK WIND IN M.P.H.
PRELIMINARY LOCAL CLIMATOLOGICAL DATA (WS FORM: F-6) , PAGE 2
STATION: BOSCOBEL_(ASOS) WI
MONTH: APRIL
YEAR: 2020
LATITUDE: 43 9 N
LONGITUDE: 90 41 W
[TEMPERATURE DATA] [PRECIPITATION DATA] SYMBOLS USED IN COLUMN 16
AVERAGE MONTHLY: 45.9 TOTAL FOR MONTH: 1.34 1 = FOG OR MIST
DPTR FM NORMAL: -2.1 DPTR FM NORMAL: -2.30 2 = FOG REDUCING VISIBILITY
HIGHEST: 75 ON 22 GRTST 24HR 0.47 ON 12-12 TO 1/4 MILE OR LESS
LOWEST: 18 ON 15 3 = THUNDER
SNOW, ICE PELLETS, HAIL 4 = ICE PELLETS
TOTAL MONTH: 0.0 INCH 5 = HAIL
GRTST 24HR 0.0 6 = FREEZING RAIN OR DRIZZLE
GRTST DEPTH: 0 7 = DUSTSTORM OR SANDSTORM:
VSBY 1/2 MILE OR LESS
8 = SMOKE OR HAZE
[NO. OF DAYS WITH] [WEATHER - DAYS WITH] 9 = BLOWING SNOW
X = TORNADO
MAX 32 OR BELOW: 0 0.01 INCH OR MORE: 10
MAX 90 OR ABOVE: 0 0.10 INCH OR MORE: 4
MIN 32 OR BELOW: 17 0.50 INCH OR MORE: 0
MIN 0 OR BELOW: 0 1.00 INCH OR MORE: 0
[HDD (BASE 65) ]
TOTAL THIS MO. 566 CLEAR (SCALE 0-3) 11
DPTR FM NORMAL 55 PTCLDY (SCALE 4-7) 16
TOTAL FM JUL 1 6360 CLOUDY (SCALE 8-10) 3
DPTR FM NORMAL -446
[CDD (BASE 65) ]
TOTAL THIS MO. 0
DPTR FM NORMAL -3 [PRESSURE DATA]
TOTAL FM JAN 1 0 HIGHEST SLP 30.36 ON 16
DPTR FM NORMAL -4 LOWEST SLP 29.52 ON 20
[REMARKS]
#FINAL-04-20#