000
CXUS53 KARX 011535
CF6OVS
PRELIMINARY LOCAL CLIMATOLOGICAL DATA (WS FORM: F-6)
STATION: BOSCOBEL_(ASOS) WI
MONTH: OCTOBER
YEAR: 2023
LATITUDE: 43 9 N
LONGITUDE: 90 41 W
TEMPERATURE IN F: :PCPN: SNOW: WIND :SUNSHINE: SKY :PK WND
================================================================================
1 2 3 4 5 6A 6B 7 8 9 10 11 12 13 14 15 16 17 18
12Z AVG MX 2MIN
DY MAX MIN AVG DEP HDD CDD WTR SNW DPTH SPD SPD DIR MIN PSBL S-S WX SPD DR
================================================================================
1 90 58 74 17 0 9 0.00 0.0 0 2.3 10 180 M M 0 12 17 220
2 86 53 70 14 0 5 0.00 0.0 0 2.7 13 200 M M 4 12 19 200
3 87 53 70 14 0 5 0.00 0.0 0 4.6 16 190 M M 1 12 26 190
4 79 54 67 11 0 2 0.00 0.0 0 7.1 17 210 M M 3 28 220
5 75 45 60 5 5 0 0.00 0.0 0 5.9 20 270 M M 1 12 30 300
6 54 40 47 -8 18 0 0.01 0.0 0 6.6 23 270 M M 5 1 34 260
7 56 37 47 -7 18 0 0.00 0.0 0 4.4 16 330 M M 4 18 24 330
8 63 40 52 -2 13 0 T 0.0 0 2.4 10 360 M M 9 15 320
9 59 36 48 -5 17 0 0.00 0.0 0 4.9 17 300 M M 2 18 29 270
10 62 34 48 -5 17 0 0.00 0.0 0 3.8 15 300 M M 1 18 22 280
11 68 28 48 -4 17 0 T 0.0 0 2.2 8 70 M M 4 12 12 50
12 53 48 51 -1 14 0 0.71 0.0 0 8.0 16 70 M M 10 1 31 80
13 55 50 53 1 12 0 1.52 0.0 0 8.6 17 80 M M 10 1 32 60
14 61 51 56 5 9 0 T 0.0 0 8.1 16 20 M M 10 1 25 20
15 60 44 52 1 13 0 0.00 0.0 0 6.4 16 320 M M 7 24 350
16 61 33 47 -3 18 0 0.00 0.0 0 1.9 10 300 M M 1 18 15 290
17 68 36 52 2 13 0 0.00 0.0 0 2.1 10 220 M M 4 128 16 220
18 65 41 53 3 12 0 T 0.0 0 4.2 17 200 M M 2 18 28 190
19 60 41 51 2 14 0 0.08 0.0 0 3.6 10 280 M M 7 12 15 300
20 67 39 53 4 12 0 0.00 0.0 0 3.6 16 330 M M 0 18 23 340
21 63 38 51 3 14 0 0.00 0.0 0 5.8 22 340 M M 4 128 35 330
22 60 31 46 -2 19 0 T 0.0 0 1.0 8 300 M M 2 128 14 40
23 69 41 55 7 10 0 0.07 0.0 0 3.3 15 170 M M 7 25 180
24 82 52 67 20 0 2 0.00 0.0 0 10.0 22 220 M M 7 38 35 210
25 69 61 65 18 0 0 0.00 0.0 0 3.2 17 200 M M 10 1 27 220
26 70 63 67 21 0 2 0.77 0.0 0 5.0 15 200 M M 9 13 25 210
27 68 40 54 8 11 0 0.08 0.0 0 8.2 18 270 M M 10 1 30 320
28 40 36 38 -7 27 0 0.00 0.0 0 5.0 13 320 M M 10 19 310
29 39 28 34 -11 31 0 0.00 0.0 0 5.5 12 20 M M 8 17 20
30 40 25 33 -11 32 0 0.00 0.0 0 5.6 15 290 M M 1 22 310
31 38 25 32 -12 33 0 0.04 M M 7.2 17 310 M M 8 1 27 250
================================================================================
SM 1967 1301 399 25 3.28 0.0 153.2 M 161
================================================================================
AV 63.5 42.0 4.9 FASTST M M 5 MAX(MPH)
MISC ----> 23 270 # 35 330
================================================================================
NOTES:
# LAST OF SEVERAL OCCURRENCES
COLUMN 17 PEAK WIND IN M.P.H.
PRELIMINARY LOCAL CLIMATOLOGICAL DATA (WS FORM: F-6) , PAGE 2
STATION: BOSCOBEL_(ASOS) WI
MONTH: OCTOBER
YEAR: 2023
LATITUDE: 43 9 N
LONGITUDE: 90 41 W
[TEMPERATURE DATA] [PRECIPITATION DATA] SYMBOLS USED IN COLUMN 16
AVERAGE MONTHLY: 52.7 TOTAL FOR MONTH: 3.28 1 = FOG OR MIST
DPTR FM NORMAL: 2.3 DPTR FM NORMAL: 0.80 2 = FOG REDUCING VISIBILITY
HIGHEST: 90 ON 1 GRTST 24HR 2.11 ON 12-13 TO 1/4 MILE OR LESS
LOWEST: 25 ON 31,30 3 = THUNDER
SNOW, ICE PELLETS, HAIL 4 = ICE PELLETS
TOTAL MONTH: 0.0 INCH 5 = HAIL
GRTST 24HR 0.0 6 = FREEZING RAIN OR DRIZZLE
GRTST DEPTH: 0 7 = DUSTSTORM OR SANDSTORM:
VSBY 1/2 MILE OR LESS
8 = SMOKE OR HAZE
[NO. OF DAYS WITH] [WEATHER - DAYS WITH] 9 = BLOWING SNOW
X = TORNADO
MAX 32 OR BELOW: 0 0.01 INCH OR MORE: 8
MAX 90 OR ABOVE: 1 0.10 INCH OR MORE: 3
MIN 32 OR BELOW: 5 0.50 INCH OR MORE: 3
MIN 0 OR BELOW: 0 1.00 INCH OR MORE: 1
[HDD (BASE 65) ]
TOTAL THIS MO. 399 CLEAR (SCALE 0-3) 11
DPTR FM NORMAL -62 PTCLDY (SCALE 4-7) 11
TOTAL FM JUL 1 443 CLOUDY (SCALE 8-10) 9
DPTR FM NORMAL -163
[CDD (BASE 65) ]
TOTAL THIS MO. 25
DPTR FM NORMAL 17 [PRESSURE DATA]
TOTAL FM JAN 1 865 HIGHEST SLP 30.43 ON 28
DPTR FM NORMAL 127 LOWEST SLP 29.61 ON 21
[REMARKS]
#FINAL-10-23#