000
CXUS53 KDDC 061328
CLMP28
CLIMATE REPORT
NATIONAL WEATHER SERVICE DODGE CITY, KANSAS
828 AM CDT THU JUL 06 2023
...................................
...THE MEDICINE LODGE KS CLIMATE SUMMARY FOR THE MONTH OF JUNE 2023...
CLIMATE NORMAL PERIOD 1991 TO 2020
CLIMATE RECORD PERIOD 1893 TO 2023
WEATHER OBSERVED NORMAL DEPART LAST YEAR`S
VALUE DATE(S) VALUE FROM VALUE DATE(S)
NORMAL
................................................................
TEMPERATURE (F)
RECORD
HIGH 113 06/25/1911
LOW 39 06/13/1903
HIGHEST 103 06/28 MM MM 103 06/12
06/24
LOWEST 57 06/07 MM MM 50 06/02
06/15
AVG. MAXIMUM 87.5 90.1 -2.6 90.6
AVG. MINIMUM 63.0 65.0 -2.0 65.9
MEAN 75.3 77.6 -2.3 78.3
DAYS MAX >= 90 9 17.1 -8.1 18
DAYS MAX <= 32 0 0.0 0.0 0
DAYS MIN <= 32 0 0.0 0.0 0
DAYS MIN <= 0 0 0.0 0.0 0
PRECIPITATION (INCHES)
RECORD
MAXIMUM 9.63 1915
MINIMUM 0.14 1911
TOTALS 4.63 3.93 0.70 4.99
DAYS >= .01 12 8.7 3.3 10
DAYS >= .10 7 5.6 1.4 5
DAYS >= .50 5 3.1 1.9 4
DAYS >= 1.00 1 1.0 0.0 2
GREATEST
24 HR. TOTAL 2.17 06/01 TO 06/02 1.77 06/05 TO 06/05
DEGREE DAYS
HEATING TOTAL 0 3 -3 6
SINCE 7/1 4201 4385 -184 4061
COOLING TOTAL 314 379 -65 413
SINCE 1/1 479 553 -74 684
................................................................
WIND (MPH)
AVERAGE WIND SPEED 6.3
RESULTANT WIND SPEED/DIRECTION 2/110
HIGHEST WIND SPEED/DIRECTION 41/280 DATE 06/15
HIGHEST GUST SPEED/DIRECTION 63/290 DATE 06/15
AVERAGE RH (PERCENT) 71
- INDICATES NEGATIVE NUMBERS.
R INDICATES RECORD WAS SET OR TIED.
MM INDICATES DATA IS MISSING.
T INDICATES TRACE AMOUNT.
$$