000
CXUS55 KRIW 171010
CF6P60
PRELIMINARY LOCAL CLIMATOLOGICAL DATA (WS FORM: F-6)
STATION: LAKE YELLOWSTONE WY
MONTH: APRIL
YEAR: 2024
LATITUDE: 44 32 N
LONGITUDE: 110 25 W
TEMPERATURE IN F: :PCPN: SNOW: WIND :SUNSHINE: SKY :PK WND
================================================================================
1 2 3 4 5 6A 6B 7 8 9 10 11 12 13 14 15 16 17 18
12Z AVG MX 2MIN
DY MAX MIN AVG DEP HDD CDD WTR SNW DPTH SPD SPD DIR MIN PSBL S-S WX SPD DR
================================================================================
1 41 1 21 -4 44 0 0.00 M M 1.7 8 280 M M 0 M M
2 49 9 29 4 36 0 0.00 M M 2.3 13 270 M M 0 22 280
3 51 20 36 10 29 0 0.00 M M 2.2 12 280 M M 0 23 290
4 52 22 37 11 28 0 0.00 M M 1.8 8 240 M M 0 22 250
5 49 23 36 10 29 0 0.07 M M 2.3 15 270 M M 0 27 250
6 26 20 23 -3 42 0 0.07 M M 4.1 12 260 M M 0 21 270
7 30 18 24 -2 41 0 0.12 M M 4.3 14 270 M M 0 22 260
8 31 12 22 -5 43 0 0.00 M M 1.3 10 270 M M 0 18 270
9 37 14 26 -1 39 0 0.05 M M 1.9 14 270 M M 0 26 290
10 42 17 30 3 35 0 0.01 M M 3.0 10 300 M M 0 17 270
11 48 15 32 5 33 0 0.00 M M 1.4 15 280 M M 0 24 290
12 53 21 37 9 28 0 0.00 M M 1.9 14 300 M M 0 25 300
13 57 24 41 13 24 0 0.00 M M 1.1 12 280 M M 0 24 200
14 57 20 39 11 26 0 0.00 M M 2.4 9 300 M M 0 16 310
15 47 29 38 10 27 0 0.38 M M 2.2 6 99 M M 0 M M
16 M M M M M M M M M M M M M M M M M
================================================================================
SM 670 265 504 0 0.70 M 33.9 M 0
================================================================================
AV 44.7 17.7 2.3 FASTST M M 0 MAX(MPH)
MISC ----> # 15 270 27 250
================================================================================
NOTES:
# LAST OF SEVERAL OCCURRENCES
COLUMN 17 PEAK WIND IN M.P.H.
PRELIMINARY LOCAL CLIMATOLOGICAL DATA (WS FORM: F-6) , PAGE 2
STATION: LAKE YELLOWSTONE WY
MONTH: APRIL
YEAR: 2024
LATITUDE: 44 32 N
LONGITUDE: 110 25 W
[TEMPERATURE DATA] [PRECIPITATION DATA] SYMBOLS USED IN COLUMN 16
AVERAGE MONTHLY: 31.2 TOTAL FOR MONTH: 0.70 1 = FOG OR MIST
DPTR FM NORMAL: 4.4 DPTR FM NORMAL: -0.58 2 = FOG REDUCING VISIBILITY
HIGHEST: 57 ON 14,13 GRTST 24HR 0.38 ON 15-15 TO 1/4 MILE OR LESS
LOWEST: 1 ON 1 3 = THUNDER
SNOW, ICE PELLETS, HAIL 4 = ICE PELLETS
TOTAL MONTH: M 5 = HAIL
GRTST 24HR M ON M 6 = FREEZING RAIN OR DRIZZLE
GRTST DEPTH: M ON M 7 = DUSTSTORM OR SANDSTORM:
VSBY 1/2 MILE OR LESS
8 = SMOKE OR HAZE
[NO. OF DAYS WITH] [WEATHER - DAYS WITH] 9 = BLOWING SNOW
X = TORNADO
MAX 32 OR BELOW: 3 0.01 INCH OR MORE: 6
MAX 90 OR ABOVE: 0 0.10 INCH OR MORE: 2
MIN 32 OR BELOW: 15 0.50 INCH OR MORE: 0
MIN 0 OR BELOW: 0 1.00 INCH OR MORE: 0
[HDD (BASE 65) ]
TOTAL THIS MO. 504 CLEAR (SCALE 0-3) 15
DPTR FM NORMAL -107 PTCLDY (SCALE 4-7) 0
TOTAL FM JUL 1 9346 CLOUDY (SCALE 8-10) 1
DPTR FM NORMAL -827
[CDD (BASE 65) ]
TOTAL THIS MO. 0
DPTR FM NORMAL 0 [PRESSURE DATA]
TOTAL FM JAN 1 0 HIGHEST SLP M ON M
DPTR FM NORMAL 0 LOWEST SLP 29.43 ON 5
[REMARKS]