000
CXUS56 KLKN 161834
CF6P68
PRELIMINARY LOCAL CLIMATOLOGICAL DATA (WS FORM: F-6)
STATION: EUREKA AIRPORT NV
MONTH: JUNE
YEAR: 2020
LATITUDE: 39 30 N
LONGITUDE: 115 58 W
TEMPERATURE IN F: :PCPN: SNOW: WIND :SUNSHINE: SKY :PK WND
================================================================================
1 2 3 4 5 6A 6B 7 8 9 10 11 12 13 14 15 16 17 18
12Z AVG MX 2MIN
DY MAX MIN AVG DEP HDD CDD WTR SNW DPTH SPD SPD DIR MIN PSBL S-S WX SPD DR
================================================================================
1 80 48 64 7 1 0 0.00 M M 10.5 29 200 M M M 38 210
2 85 42 64 7 1 0 0.00 M M 7.1 30 250 M M M 41 260
3 91 49 70 12 0 5 0.00 M M 7.9 26 260 M M M 33 320
4 90 48 69 11 0 4 0.00 M M 7.3 35 280 M M M 51 270
5 91 50 71 13 0 6 0.00 M M 11.9 35 170 M M M 46 240
6 67 44 56 -2 9 0 0.00 M M 6.9 25 250 M M M 35 260
7 53 26 40 -19 25 0 0.00 M M 10.8 35 280 M M M 44 280
8 59 25 42 -17 23 0 0.00 M M 6.7 18 350 M M M 29 40
9 73 30 52 -8 13 0 0.00 M M 6.0 14 20 M M M 17 40
10 79 37 58 -2 7 0 0.00 M M 5.1 17 180 M M M 21 180
11 87 43 65 5 0 0 0.00 M M 11.6 28 170 M M M 45 170
12 84 54 69 9 0 4 0.00 M M 20.9 44 180 M M M 54 190
13 68 34 51 -10 14 0 0.00 M M 11.1 31 220 M M M 41 210
14 78 27 53 -8 12 0 0.00 M M 5.7 18 270 M M M 24 280
15 86 39 63 1 2 0 0.00 M M 7.8 26 240 M M M 35 200
16 79 41 60 -2 5 0 0.00 M M 11.3 28 280 M M M 36 290
17 66 30 48 -14 17 0 0.00 M M 7.4 17 360 M M M 30 10
18 75 32 54 -8 11 0 0.00 M M 4.8 15 20 M M M 19 30
19 82 33 58 -5 7 0 0.00 M M 5.3 17 20 M M M 23 20
20 88 42 65 2 0 0 0.00 M M 5.3 16 280 M M M 22 60
21 91 45 68 4 0 3 0.00 M M 8.1 22 320 M M M 30 320
22 90 47 69 5 0 4 0.00 M M 6.2 15 20 M M M 22 30
23 94 50 72 8 0 7 0.00 M M 6.6 21 30 M M M 24 30
24 92 58 75 10 0 10 0.00 M M 9.3 36 160 M M M 57 240
25 83 54 69 4 0 4 0.23 M M 8.1 26 160 M M M 32 160
26 90 46 68 3 0 3 0.00 M M 4.7 10 360 M M M 17 360
27 95 52 74 8 0 9 0.00 M M 9.0 21 290 M M M 29 290
28 90 46 68 2 0 3 0.00 M M 9.0 32 250 M M M 43 270
29 66 32 49 -17 16 0 0.00 M M 8.7 17 340 M M M 25 315
30 78 33 56 -11 9 0 0.00 M M 7.4 21 260 M M M 27 260
================================================================================
SM 2430 1237 172 62 0.23 M 248.5 M M
================================================================================
AV 81.0 41.2 8.3 FASTST M M M MAX(MPH)
MISC ----> 44 180 57 240
================================================================================
NOTES:
# LAST OF SEVERAL OCCURRENCES
COLUMN 17 PEAK WIND IN M.P.H.
PRELIMINARY LOCAL CLIMATOLOGICAL DATA (WS FORM: F-6) , PAGE 2
STATION: EUREKA AIRPORT NV
MONTH: JUNE
YEAR: 2020
LATITUDE: 39 30 N
LONGITUDE: 115 58 W
[TEMPERATURE DATA] [PRECIPITATION DATA] SYMBOLS USED IN COLUMN 16
AVERAGE MONTHLY: 61.1 TOTAL FOR MONTH: 0.23 1 = FOG OR MIST
DPTR FM NORMAL: -0.6 DPTR FM NORMAL: -0.40 2 = FOG REDUCING VISIBILITY
HIGHEST: 95 ON 27 GRTST 24HR 0.23 ON 25-25 TO 1/4 MILE OR LESS
LOWEST: 25 ON 8 3 = THUNDER
SNOW, ICE PELLETS, HAIL 4 = ICE PELLETS
TOTAL MONTH: M 5 = HAIL
GRTST 24HR M ON M 6 = FREEZING RAIN OR DRIZZLE
GRTST DEPTH: M ON M 7 = DUSTSTORM OR SANDSTORM:
VSBY 1/2 MILE OR LESS
8 = SMOKE OR HAZE
[NO. OF DAYS WITH] [WEATHER - DAYS WITH] 9 = BLOWING SNOW
X = TORNADO
MAX 32 OR BELOW: 0 0.01 INCH OR MORE: 1
MAX 90 OR ABOVE: 10 0.10 INCH OR MORE: 1
MIN 32 OR BELOW: 7 0.50 INCH OR MORE: 0
MIN 0 OR BELOW: 0 1.00 INCH OR MORE: 0
[HDD (BASE 65) ]
TOTAL THIS MO. 172 CLEAR (SCALE 0-3) 0
DPTR FM NORMAL 31 PTCLDY (SCALE 4-7) 0
TOTAL FM JUL 1 7079 CLOUDY (SCALE 8-10) 30
DPTR FM NORMAL -74
[CDD (BASE 65) ]
TOTAL THIS MO. 62
DPTR FM NORMAL 18 [PRESSURE DATA]
TOTAL FM JAN 1 82 HIGHEST SLP M ON M
DPTR FM NORMAL 34 LOWEST SLP 29.44 ON 5
[REMARKS]
#FINAL-06-20#