000
CXUS54 KLZK 010959
CLSPBF
CLIMATE REPORT
NATIONAL WEATHER SERVICE LITTLE ROCK AR
459 AM CDT WED SEP 01 2021
...................................
...THE PINE BLUFF CLIMATE SUMMARY FOR THE SEASON, FROM
6/1/2021 TO 8/31/2021...
CLIMATE NORMAL PERIOD 1991 TO 2020
CLIMATE RECORD PERIOD 1883 TO 2021
WEATHER OBSERVED NORMAL DEPART LAST YEAR`S
VALUE DATE(S) VALUE FROM VALUE DATE(S)
NORMAL
................................................................
TEMPERATURE (F)
RECORD
HIGH 112 08/15/1943
LOW 49 06/02/1984
06/03/1956
06/12/1903
HIGHEST 101 07/30 91 10 MM
LOWEST 59 06/23 71 -12 MM
AVG. MAXIMUM 91.9 90.6 1.3 MM
AVG. MINIMUM 72.7 70.7 2.0 MM
MEAN 82.3 80.6 1.7 MM
DAYS MAX >= 90 66 59.6 6.4 MM
DAYS MAX <= 32 0 0.0 0.0 MM
DAYS MIN <= 32 0 0.0 0.0 MM
DAYS MIN <= 0 0 0.0 0.0 MM
PRECIPITATION (INCHES)
RECORD
MAXIMUM 20.33 1989
MINIMUM 0.66 1930
TOTALS 10.04 10.34 -0.30 MM
DAILY AVG. 0.11 0.11 -0.00 MM
DAYS >= .01 28 25.4 2.6 MM
DAYS >= .10 15 MM
DAYS >= .50 7 MM
DAYS >= 1.00 2 2.9 -0.9 MM
GREATEST
24 HR. TOTAL 2.48 06/06 TO 06/07
STORM TOTAL 2.45
(MM/DD(HH))
SNOWFALL (INCHES)
TOTALS 0.0 0.0 0.0 MM
LIQUID EQUIV 0.00 0.00 0.00 MM
SINCE 7/1 0.0 0.0 0.0 MM
LIQUID 7/1 0.00 0.00 0.00 MM
SNOWDEPTH AVG. 0 MM
DAYS >= TRACE 0 MM MM MM
DAYS >= 1.0 0 MM MM MM
GREATEST
SNOW DEPTH 0 MM
24 HR TOTAL 0.0 MM
STORM TOTAL 0.0 MM
(MM/DD(HH))
DEGREE DAYS
HEATING TOTAL 0 0 0 MM
SINCE 7/1 0 0 0 MM
COOLING TOTAL 1618 1441 177 MM
SINCE 1/1 1903 1757 146 MM
FREEZE DATES
RECORD
EARLIEST 10/10/2000
LATEST 04/25/1910
EARLIEST MM
LATEST 03/06
................................................................
WIND (MPH)
AVERAGE WIND SPEED 5.4
HIGHEST WIND SPEED/DIRECTION 33/170 DATE 06/08
HIGHEST GUST SPEED/DIRECTION 41/180 DATE 06/08
SKY COVER
POSSIBLE SUNSHINE (PERCENT) MM
AVERAGE SKY COVER 0.23
NUMBER OF DAYS FAIR 71
NUMBER OF DAYS PC 19
NUMBER OF DAYS CLOUDY 2
WEATHER CONDITIONS. NUMBER OF DAYS WITH
THUNDERSTORM 23 MIXED PRECIP 0
HEAVY RAIN 10 RAIN 13
LIGHT RAIN 37 FREEZING RAIN 0
LT FREEZING RAIN 0 HAIL 0
HEAVY SNOW 0 SLEET 0
FOG 38 FOG W/VIS <= 1/4 MILE 1
HAZE 35
- INDICATES NEGATIVE NUMBERS.
R INDICATES RECORD WAS SET OR TIED.
MM INDICATES DATA IS MISSING.
T INDICATES TRACE AMOUNT.
&&
...DATA FOR PINE BLUFF FOR SUMMER 2021...
.SUMMARY...
SUMMER 2021 WAS WARMER AND DRIER THAN AVERAGE.
FOR THE FIRST SUMMER SINCE 2015, THE WARMEST TEMPERATURE DURING THE
SEASON REACHED THE TRIPLE DIGITS.
RAINFALL WAS SLIGHTLY BELOW AVERAGE.
.SEASONAL TEMPERATURES...
THE AVERAGE SEASONAL HIGH TEMPERATURE WAS THE WARMEST SINCE 2012. THE
AVERAGE SEASONAL LOW TEMPERATURE WAS THE WARMEST SINCE 2011. THE AVERAGE
SEASONAL TEMPERATURE WAS THE WARMEST SINCE 2011.
.SEASONAL RAINFALL...
IT WAS THE DRIEST SUMMER SINCE 2015.
$$
57