000
CXUS52 KMFL 011030
CF6PBI
PRELIMINARY LOCAL CLIMATOLOGICAL DATA (WS FORM: F-6)
STATION: WEST PALM BEACH
MONTH: MAY
YEAR: 2021
LATITUDE: 26 40 N
LONGITUDE: 80 7 W
TEMPERATURE IN F: :PCPN: SNOW: WIND :SUNSHINE: SKY :PK WND
================================================================================
1 2 3 4 5 6A 6B 7 8 9 10 11 12 13 14 15 16 17 18
12Z AVG MX 2MIN
DY MAX MIN AVG DEP HDD CDD WTR SNW DPTH SPD SPD DIR MIN PSBL S-S WX SPD DR
================================================================================
1 90 71 81 4 0 16 0.00 0.0 0 7.7 14 110 M M 3 19 100
2 92 77 85 8 0 20 0.00 0.0 0 11.5 22 140 M M 5 29 140
3 91 78 85 8 0 20 0.00 0.0 0 12.9 22 140 M M 5 27 140
4 91 78 85 8 0 20 0.00 0.0 0 10.1 22 140 M M 4 27 140
5 91 75 83 6 0 18 0.00 0.0 0 8.0 21 130 M M 4 25 140
6 91 72 82 4 0 17 0.40 0.0 0 7.8 25 40 M M 5 138 37 40
7 88 74 81 3 0 16 0.00 0.0 0 10.0 18 320 M M 4 23 60
8 86 76 81 3 0 16 0.00 0.0 0 10.7 18 80 M M 4 24 80
9 87 76 82 4 0 17 0.00 0.0 0 14.0 22 140 M M 4 29 120
10 90 78 84 6 0 19 0.04 M M 10.5 23 260 M M 5 3 27 260
11 91 76 84 6 0 19 0.00 M M 6.9 17 120 M M 5 20 130
12 92 78 85 7 0 20 0.07 0.0 M 8.6 20 120 M M 5 3 24 140
13 89 75 82 4 0 17 0.00 0.0 0 8.4 18 10 M M 7 24 40
14 87 73 80 2 0 15 0.00 M M 10.3 18 30 M M 7 28 30
15 85 70 78 -1 0 13 0.02 0.0 0 13.1 23 10 M M 6 28 20
16 86 71 79 0 0 14 0.01 0.0 0 12.7 23 40 M M 6 31 70
17 85 74 80 1 0 15 0.00 0.0 0 11.5 20 90 M M 4 25 70
18 87 75 81 2 0 16 0.00 M M 16.7 24 70 M M 5 29 90
19 88 77 83 4 0 18 T M M 21.3 26 90 M M 7 33 80
20 86 77 82 3 0 17 0.00 M M 21.7 29 90 M M 6 35 80
21 86 76 81 2 0 16 0.00 0.0 0 18.4 28 90 M M 5 33 90
22 85 73 79 0 0 14 0.07 0.0 0 16.4 23 70 M M 5 8 29 90
23 84 74 79 -1 0 14 0.00 M M 11.4 16 80 M M 4 23 70
24 85 73 79 -1 0 14 T M M 9.7 16 90 M M 4 22 100
25 86 76 81 1 0 16 0.00 0.0 0 12.7 18 80 M M 4 24 80
26 86 77 82 2 0 17 0.00 M M 11.6 17 100 M M 5 23 70
27 88 76 82 2 0 17 0.00 M M 8.7 15 120 M M 5 20 140
28 89 69 79 -1 0 14 0.00 0.0 0 9.2 20 130 M M 3 26 130
29 90 74 82 2 0 17 0.00 0.0 0 10.7 22 150 M M 4 27 130
30 89 74 82 2 0 17 0.00 0.0 0 7.6 20 140 M M 7 22 130
31 87 75 81 1 0 16 0.00 M M 10.5 24 40 M M 5 31 80
================================================================================
SM 2728 2318 0 515 0.61 0.0 361.3 M 152
================================================================================
AV 88.0 74.8 11.7 FASTST M M 5 MAX(MPH)
MISC ----> 29 90 37 40
================================================================================
NOTES:
# LAST OF SEVERAL OCCURRENCES
COLUMN 17 PEAK WIND IN M.P.H.
PRELIMINARY LOCAL CLIMATOLOGICAL DATA (WS FORM: F-6) , PAGE 2
STATION: WEST PALM BEACH
MONTH: MAY
YEAR: 2021
LATITUDE: 26 40 N
LONGITUDE: 80 7 W
[TEMPERATURE DATA] [PRECIPITATION DATA] SYMBOLS USED IN COLUMN 16
AVERAGE MONTHLY: 81.4 TOTAL FOR MONTH: 0.61 1 = FOG OR MIST
DPTR FM NORMAL: 2.7 DPTR FM NORMAL: -4.30 2 = FOG REDUCING VISIBILITY
HIGHEST: 92 ON 12, 2 GRTST 24HR 0.40 ON 6- 6 TO 1/4 MILE OR LESS
LOWEST: 69 ON 28 3 = THUNDER
SNOW, ICE PELLETS, HAIL 4 = ICE PELLETS
TOTAL MONTH: 0.0 INCH 5 = HAIL
GRTST 24HR 0.0 6 = FREEZING RAIN OR DRIZZLE
GRTST DEPTH: 0 7 = DUSTSTORM OR SANDSTORM:
VSBY 1/2 MILE OR LESS
8 = SMOKE OR HAZE
[NO. OF DAYS WITH] [WEATHER - DAYS WITH] 9 = BLOWING SNOW
X = TORNADO
MAX 32 OR BELOW: 0 0.01 INCH OR MORE: 6
MAX 90 OR ABOVE: 10 0.10 INCH OR MORE: 1
MIN 32 OR BELOW: 0 0.50 INCH OR MORE: 0
MIN 0 OR BELOW: 0 1.00 INCH OR MORE: 0
[HDD (BASE 65) ]
TOTAL THIS MO. 0 CLEAR (SCALE 0-3) 2
DPTR FM NORMAL 0 PTCLDY (SCALE 4-7) 29
TOTAL FM JUL 1 143 CLOUDY (SCALE 8-10) 0
DPTR FM NORMAL -59
[CDD (BASE 65) ]
TOTAL THIS MO. 515
DPTR FM NORMAL 90 [PRESSURE DATA]
TOTAL FM JAN 1 1544 HIGHEST SLP 30.26 ON 21
DPTR FM NORMAL 357 LOWEST SLP 29.89 ON 29
[REMARKS]
#FINAL-05-21#