000
CXUS52 KMFL 011030
CF6PBI
PRELIMINARY LOCAL CLIMATOLOGICAL DATA (WS FORM: F-6)
STATION: WEST PALM BEACH
MONTH: APRIL
YEAR: 2021
LATITUDE: 26 40 N
LONGITUDE: 80 7 W
TEMPERATURE IN F: :PCPN: SNOW: WIND :SUNSHINE: SKY :PK WND
================================================================================
1 2 3 4 5 6A 6B 7 8 9 10 11 12 13 14 15 16 17 18
12Z AVG MX 2MIN
DY MAX MIN AVG DEP HDD CDD WTR SNW DPTH SPD SPD DIR MIN PSBL S-S WX SPD DR
================================================================================
1 88 69 79 7 0 14 T 0.0 0 10.9 23 360 M M 7 30 360
2 77 56 67 -5 0 2 0.00 0.0 0 16.4 28 20 M M 6 35 10
3 76 66 71 -1 0 6 T 0.0 0 15.4 22 60 M M 7 28 60
4 77 67 72 0 0 7 T 0.0 0 12.1 21 80 M M 6 27 90
5 79 68 74 2 0 9 T M M 10.2 17 80 M M 5 23 40
6 79 58 69 -3 0 4 0.00 M M 7.5 16 90 M M 3 22 90
7 81 60 71 -2 0 6 0.00 M M 7.3 17 100 M M 4 24 280
8 83 60 72 -1 0 7 0.00 0.0 0 8.4 17 110 M M 2 24 120
9 83 64 74 1 0 9 0.00 0.0 0 7.6 20 130 M M 3 29 110
10 86 68 77 4 0 12 0.78 0.0 0 13.6 32 280 M M 4 13 43 260
11 91 65 78 5 0 13 0.97 0.0 0 12.7 43 340 M M 7 138 55 320
12 85 67 76 3 0 11 0.84 0.0 M 7.8 18 330 M M 5 13 27 330
13 88 61 75 2 0 10 0.00 0.0 M 6.1 16 40 M M 0 19 40
14 82 72 77 3 0 12 0.00 0.0 0 10.0 20 110 M M 2 24 110
15 85 66 76 2 0 11 0.00 M M 8.5 18 150 M M 4 23 130
16 87 68 78 4 0 13 0.00 0.0 M 7.4 16 140 M M 5 21 140
17 91 68 80 6 0 15 0.00 0.0 M 9.0 18 230 M M 4 1 27 250
18 89 69 79 5 0 14 0.00 0.0 M 9.4 22 140 M M 5 28 150
19 86 71 79 5 0 14 0.13 0.0 M 6.9 20 310 M M 7 13 26 320
20 87 69 78 4 0 13 0.14 0.0 0 11.0 37 200 M M 7 45 210
21 83 71 77 3 0 12 0.00 0.0 0 6.3 13 280 M M 6 16 270
22 84 68 76 1 0 11 T 0.0 0 11.2 17 50 M M 6 22 50
23 82 74 78 3 0 13 0.00 0.0 0 14.1 20 100 M M 6 26 80
24 86 76 81 6 0 16 0.00 0.0 0 16.1 25 150 M M 6 32 140
25 93 75 84 9 0 19 0.00 0.0 0 11.1 22 250 M M 3 28 260
26 84 69 77 2 0 12 0.00 0.0 0 11.3 20 60 M M 4 23 50
27 85 75 80 5 0 15 0.00 0.0 0 14.7 20 110 M M 5 26 90
28 83 74 79 3 0 14 0.00 M M 11.2 17 90 M M 5 24 90
29 89 77 83 7 0 18 0.00 M M 12.9 21 150 M M 5 28 140
30 89 74 82 6 0 17 0.02 M M 7.8 17 150 M M 6 21 150
================================================================================
SM 2538 2045 0 349 2.88 0.0 314.9 M 145
================================================================================
AV 84.6 68.2 10.5 FASTST M M 5 MAX(MPH)
MISC ----> 43 340 55 320
================================================================================
NOTES:
# LAST OF SEVERAL OCCURRENCES
COLUMN 17 PEAK WIND IN M.P.H.
PRELIMINARY LOCAL CLIMATOLOGICAL DATA (WS FORM: F-6) , PAGE 2
STATION: WEST PALM BEACH
MONTH: APRIL
YEAR: 2021
LATITUDE: 26 40 N
LONGITUDE: 80 7 W
[TEMPERATURE DATA] [PRECIPITATION DATA] SYMBOLS USED IN COLUMN 16
AVERAGE MONTHLY: 76.4 TOTAL FOR MONTH: 2.88 1 = FOG OR MIST
DPTR FM NORMAL: 2.6 DPTR FM NORMAL: -0.78 2 = FOG REDUCING VISIBILITY
HIGHEST: 93 ON 25 GRTST 24HR 1.81 ON 11-12 TO 1/4 MILE OR LESS
LOWEST: 56 ON 2 3 = THUNDER
SNOW, ICE PELLETS, HAIL 4 = ICE PELLETS
TOTAL MONTH: 0.0 INCH 5 = HAIL
GRTST 24HR 0.0 6 = FREEZING RAIN OR DRIZZLE
GRTST DEPTH: 0 7 = DUSTSTORM OR SANDSTORM:
VSBY 1/2 MILE OR LESS
8 = SMOKE OR HAZE
[NO. OF DAYS WITH] [WEATHER - DAYS WITH] 9 = BLOWING SNOW
X = TORNADO
MAX 32 OR BELOW: 0 0.01 INCH OR MORE: 6
MAX 90 OR ABOVE: 3 0.10 INCH OR MORE: 5
MIN 32 OR BELOW: 0 0.50 INCH OR MORE: 3
MIN 0 OR BELOW: 0 1.00 INCH OR MORE: 0
[HDD (BASE 65) ]
TOTAL THIS MO. 0 CLEAR (SCALE 0-3) 4
DPTR FM NORMAL -4 PTCLDY (SCALE 4-7) 26
TOTAL FM JUL 1 143 CLOUDY (SCALE 8-10) 0
DPTR FM NORMAL -86
[CDD (BASE 65) ]
TOTAL THIS MO. 349
DPTR FM NORMAL 82 [PRESSURE DATA]
TOTAL FM JAN 1 1029 HIGHEST SLP 30.31 ON 3
DPTR FM NORMAL 334 LOWEST SLP 29.71 ON 11
[REMARKS]
#FINAL-04-21#