000
CXUS52 KMFL 011437
CLMPBI
CLIMATE REPORT
NATIONAL WEATHER SERVICE MIAMI, FL
937 AM EST THU FEB 01 2024
...................................
...THE WEST PALM BEACH CLIMATE SUMMARY FOR THE MONTH OF JANUARY 2024...
CLIMATE NORMAL PERIOD: 1991 TO 2020
CLIMATE RECORD PERIOD: 1888 TO 2024
WEATHER OBSERVED NORMAL DEPART LAST YEAR`S
VALUE DATE(S) VALUE FROM VALUE
NORMAL
..............................................................
TEMPERATURE (F)
RECORD
HIGH 89 01/04/1942
LOW 26 01/26/1905
HIGHEST 87 01/12 86
LOWEST 48 01/01 40
01/21
AVG. MAXIMUM 75.5 74.7 0.8 78.5
AVG. MINIMUM 61.1 57.9 3.2 61.0
MEAN 68.3 66.3 2.0 69.8
DAYS MAX >= 90 0 0
DAYS MAX <= 32 0 0
DAYS MIN <= 32 0 0
DAYS MIN <= 0 0 0
PRECIPITATION (INCHES)
RECORD
MAXIMUM 11.18 1998
MINIMUM 0.11 2009
TOTALS 2.62 3.47 -0.85 0.21
DAILY AVG. 0.08 0.11 -0.03 0.01
DAYS >= .01 13 5
DAYS >= .10 6 1
DAYS >= .50 1 0
DAYS >= 1.00 1 0
GREATEST
24 HR. TOTAL 1.22 01/14 TO 01/14 0.12
DEGREE DAYS
HEATING TOTAL 37 76 -39 39
SINCE 7/1 65 133 -68 MM
COOLING TOTAL 146 116 30 196
SINCE 1/1 146 116 30 MM
..............................................................
WIND (MPH)
AVERAGE WIND SPEED 10.7
HIGHEST WIND SPEED/DIRECTION 30/170 DATE 01/09
HIGHEST GUST SPEED/DIRECTION 51/190 DATE 01/09
SKY COVER
POSSIBLE SUNSHINE (PERCENT) MM
AVERAGE SKY COVER 0.67
NUMBER OF DAYS FAIR 4
NUMBER OF DAYS PC 15
NUMBER OF DAYS CLOUDY 12
AVERAGE RH (PERCENT) 77
WEATHER CONDITIONS. NUMBER OF DAYS WITH
THUNDERSTORM 5 MIXED PRECIP 0
HEAVY RAIN 5 RAIN 3
LIGHT RAIN 16 FREEZING RAIN 0
LT FREEZING RAIN 0 HAIL 0
HEAVY SNOW 0 SNOW 0
LIGHT SNOW 0 SLEET 0
FOG 13 FOG W/VIS <= 1/4 MILE 0
HAZE 3
- INDICATES NEGATIVE NUMBERS.
R INDICATES RECORD WAS SET OR TIED.
MM INDICATES DATA IS MISSING.
T INDICATES TRACE AMOUNT.
$$