000
CXUS53 KARX 012246
CF6PDC
PRELIMINARY LOCAL CLIMATOLOGICAL DATA (WS FORM: F-6)
STATION: PRAIRIE_DU_CHIEN_MUN
MONTH: MAY
YEAR: 2023
LATITUDE: 43 1 N
LONGITUDE: 91 7 W
TEMPERATURE IN F: :PCPN: SNOW: WIND :SUNSHINE: SKY :PK WND
================================================================================
1 2 3 4 5 6A 6B 7 8 9 10 11 12 13 14 15 16 17 18
12Z AVG MX 2MIN
DY MAX MIN AVG DEP HDD CDD WTR SNW DPTH SPD SPD DIR MIN PSBL S-S WX SPD DR
================================================================================
1 57 41 49 M 16 0 0.00 0.0 0 16.6 25 330 M M 7 33 330
2 62 43 53 M 12 0 0.00 0.0 0 13.2 23 300 M M 3 32 300
3 65 34 50 M 15 0 0.00 0.0 0 2.9 14 320 M M 0 21 330
4 79 37 58 M 7 0 0.00 0.0 0 5.3 13 220 M M 2 21 220
5 76 54 65 M 0 0 0.18 0.0 0 5.9 13 150 M M 5 20 160
6 70 56 63 M 2 0 0.10 0.0 0 6.3 15 110 M M 10 1 18 110
7 77 55 66 M 0 1 0.00 0.0 0 1.9 9 30 M M 5 12 M M
8 67 54 61 M 4 0 0.01 0.0 0 2.8 9 90 M M 6 1 16 60
9 73 53 63 M 2 0 0.00 0.0 0 1.8 8 120 M M 2 M M
10 78 49 64 M 1 0 0.00 0.0 0 3.5 13 100 M M 0 1 16 100
11 82 53 68 M 0 3 0.00 0.0 0 1.9 9 120 M M 2 16 120
12 69 60 65 M 0 0 0.15 0.0 0 2.1 12 80 M M 9 22 80
13 76 60 68 M 0 3 0.00 0.0 0 7.5 16 110 M M 7 25 110
14 66 48 57 M 8 0 2.03 0.0 0 5.7 15 90 M M 10 24 0
15 71 44 58 M 7 0 0.00 0.0 0 0.2 6 220 M M 1 M M
16 79 47 63 M 2 0 0.00 0.0 0 3.4 13 290 M M 0 21 300
17 66 47 57 M 8 0 M 0.0 0 4.4 10 60 M M 0 16 80
18 79 47 63 M 2 0 M 0.0 0 3.9 13 140 M M 5 20 140
19 64 44 54 M 11 0 0.00 0.0 0 8.0 15 350 M M 3 8 24 290
20 72 40 56 M 9 0 0.00 0.0 0 2.9 13 320 M M 0 18 320
21 78 44 61 M 4 0 0.00 0.0 0 0.6 6 240 M M 0 M M
22 80 47 64 M 1 0 0.00 0.0 0 2.1 10 140 M M 0 17 190
23 82 49 66 M 0 1 0.00 0.0 0 1.2 8 200 M M 0 M M
24 76 51 64 M 1 0 0.00 0.0 0 6.2 14 80 M M 1 18 80
25 73 49 61 M 4 0 0.00 0.0 0 5.4 13 70 M M 1 18 130
26 75 38 57 M 8 0 0.00 0.0 0 2.3 10 100 M M 0 M M
27 79 42 61 M 4 0 0.00 0.0 0 1.9 9 80 M M 0 M M
28 81 47 64 M 1 0 0.00 0.0 0 0.5 6 90 M M 0 M M
29 83 54 69 M 0 4 0.00 0.0 0 1.3 8 110 M M 1 8 M M
30 88 51 70 M 0 5 0.00 0.0 0 2.7 12 190 M M 0 16 130
31 89 55 72 M 0 7 0.00 0.0 0 2.5 10 150 M M 0 20 150
================================================================================
SM 2312 1493 129 24 2.47 0.0 126.9 M 80
================================================================================
AV 74.6 48.2 4.1 FASTST M M 3 MAX(MPH)
MISC ----> 25 330 33 330
================================================================================
NOTES:
# LAST OF SEVERAL OCCURRENCES
COLUMN 17 PEAK WIND IN M.P.H.
PRELIMINARY LOCAL CLIMATOLOGICAL DATA (WS FORM: F-6) , PAGE 2
STATION: PRAIRIE_DU_CHIEN_MUN
MONTH: MAY
YEAR: 2023
LATITUDE: 43 1 N
LONGITUDE: 91 7 W
[TEMPERATURE DATA] [PRECIPITATION DATA] SYMBOLS USED IN COLUMN 16
AVERAGE MONTHLY: 61.4 TOTAL FOR MONTH: 2.47 1 = FOG OR MIST
DPTR FM NORMAL: 0.0 DPTR FM NORMAL: M 2 = FOG REDUCING VISIBILITY
HIGHEST: 89 ON 31 GRTST 24HR 2.03 ON 14-14 TO 1/4 MILE OR LESS
LOWEST: 34 ON 3 3 = THUNDER
SNOW, ICE PELLETS, HAIL 4 = ICE PELLETS
TOTAL MONTH: 0.0 INCH 5 = HAIL
GRTST 24HR 0.0 6 = FREEZING RAIN OR DRIZZLE
GRTST DEPTH: 0 7 = DUSTSTORM OR SANDSTORM:
VSBY 1/2 MILE OR LESS
8 = SMOKE OR HAZE
[NO. OF DAYS WITH] [WEATHER - DAYS WITH] 9 = BLOWING SNOW
X = TORNADO
MAX 32 OR BELOW: 0 0.01 INCH OR MORE: 5
MAX 90 OR ABOVE: 0 0.10 INCH OR MORE: 4
MIN 32 OR BELOW: 0 0.50 INCH OR MORE: 1
MIN 0 OR BELOW: 0 1.00 INCH OR MORE: 1
[HDD (BASE 65) ]
TOTAL THIS MO. 129 CLEAR (SCALE 0-3) 21
DPTR FM NORMAL M PTCLDY (SCALE 4-7) 7
TOTAL FM JUL 1 6357 CLOUDY (SCALE 8-10) 3
DPTR FM NORMAL M
[CDD (BASE 65) ]
TOTAL THIS MO. 24
DPTR FM NORMAL M [PRESSURE DATA]
TOTAL FM JAN 1 41 HIGHEST SLP M ON M
DPTR FM NORMAL M LOWEST SLP M ON M
[REMARKS]
#FINAL-05-23#