000
CXUS53 KARX 011354
CF6PDC
PRELIMINARY LOCAL CLIMATOLOGICAL DATA (WS FORM: F-6)
STATION: PRAIRIE_DU_CHIEN_MUN
MONTH: NOVEMBER
YEAR: 2022
LATITUDE: 43 1 N
LONGITUDE: 91 7 W
TEMPERATURE IN F: :PCPN: SNOW: WIND :SUNSHINE: SKY :PK WND
================================================================================
1 2 3 4 5 6A 6B 7 8 9 10 11 12 13 14 15 16 17 18
12Z AVG MX 2MIN
DY MAX MIN AVG DEP HDD CDD WTR SNW DPTH SPD SPD DIR MIN PSBL S-S WX SPD DR
================================================================================
1 74 34 54 M 11 0 0.00 0.0 0 2.5 12 200 M M 0 16 200
2 75 43 59 M 6 0 0.00 0.0 0 4.4 10 160 M M 0 20 180
3 72 57 65 M 0 0 0.00 0.0 0 7.5 14 170 M M 3 23 170
4 67 43 55 M 10 0 1.64 0.0 0 6.0 14 180 M M 9 22 170
5 47 41 44 M 21 0 0.93 0.0 0 5.4 13 270 M M 7 18 270
6 57 42 50 M 15 0 0.00 0.0 0 8.2 15 280 M M 1 23 280
7 46 30 38 M 27 0 0.00 0.0 0 4.7 12 270 M M 0 16 270
8 54 34 44 M 21 0 0.00 0.0 0 6.0 17 110 M M 2 22 110
9 73 52 63 M 2 0 0.00 0.0 0 4.4 9 190 M M 9 M M
10 70 35 53 M 12 0 0.22 0.0 0 9.6 20 290 M M 9 23 290
11 35 24 30 M 35 0 0.00 0.0 0 12.3 18 300 M M 9 27 290
12 33 29 31 M 34 0 M M 0 8.1 13 340 M M 10 18 340
13 32 22 27 M 38 0 0.00 0.0 0 1.1 10 320 M M 4 M M
14 37 21 29 M 36 0 M M 0 2.3 9 110 M M 8 M M
15 34 31 33 M 32 0 M M 0 1.1 7 110 M M 9 1 M M
16 33 29 31 M 34 0 M M M 3.2 13 260 M M 10 1 M M
17 34 24 29 M 36 0 M M M 11.0 18 280 M M 10 26 280
18 26 18 22 M 43 0 M M M 12.8 20 270 M M 8 27 280
19 25 11 18 M 47 0 M M M 13.8 23 290 M M 7 8 31 300
20 39 10 25 M 40 0 0.00 0.0 M 3.6 13 210 M M 1 21 210
21 40 22 31 M 34 0 0.00 0.0 M 4.8 12 280 M M 0 M M
22 48 19 34 M 31 0 0.00 0.0 0 0.8 6 200 M M 0 M M
23 55 21 38 M 27 0 0.00 0.0 M 1.9 6 150 M M 0 M M
24 55 28 42 M 23 0 0.00 0.0 0 3.6 14 300 M M 6 1 22 270
25 52 23 38 M 27 0 0.00 0.0 0 1.4 6 270 M M 0 1 M M
26 54 31 43 M 22 0 0.00 0.0 0 3.2 13 190 M M 0 18 190
27 46 23 35 M 30 0 0.00 0.0 0 5.2 14 330 M M 3 20 340
28 46 19 33 M 32 0 0.00 0.0 0 2.7 8 160 M M 0 16 170
29 46 23 35 M 30 0 0.03 M 0 9.5 20 300 M M 8 1 28 280
30 26 15 21 M 44 0 M M M 15.2 24 280 M M 6 35 280
================================================================================
SM 1431 854 800 0 2.82 0.0 176.3 M 139
================================================================================
AV 47.7 28.5 5.9 FASTST M M 5 MAX(MPH)
MISC ----> 24 280 35 280
================================================================================
NOTES:
# LAST OF SEVERAL OCCURRENCES
COLUMN 17 PEAK WIND IN M.P.H.
PRELIMINARY LOCAL CLIMATOLOGICAL DATA (WS FORM: F-6) , PAGE 2
STATION: PRAIRIE_DU_CHIEN_MUN
MONTH: NOVEMBER
YEAR: 2022
LATITUDE: 43 1 N
LONGITUDE: 91 7 W
[TEMPERATURE DATA] [PRECIPITATION DATA] SYMBOLS USED IN COLUMN 16
AVERAGE MONTHLY: 38.1 TOTAL FOR MONTH: 2.82 1 = FOG OR MIST
DPTR FM NORMAL: 0.0 DPTR FM NORMAL: M 2 = FOG REDUCING VISIBILITY
HIGHEST: 75 ON 2 GRTST 24HR 1.64 ON 4- 4 TO 1/4 MILE OR LESS
LOWEST: 10 ON 20 3 = THUNDER
SNOW, ICE PELLETS, HAIL 4 = ICE PELLETS
TOTAL MONTH: 0.0 INCH 5 = HAIL
GRTST 24HR 0.0 6 = FREEZING RAIN OR DRIZZLE
GRTST DEPTH: 0 7 = DUSTSTORM OR SANDSTORM:
VSBY 1/2 MILE OR LESS
8 = SMOKE OR HAZE
[NO. OF DAYS WITH] [WEATHER - DAYS WITH] 9 = BLOWING SNOW
X = TORNADO
MAX 32 OR BELOW: 4 0.01 INCH OR MORE: 4
MAX 90 OR ABOVE: 0 0.10 INCH OR MORE: 3
MIN 32 OR BELOW: 21 0.50 INCH OR MORE: 2
MIN 0 OR BELOW: 0 1.00 INCH OR MORE: 1
[HDD (BASE 65) ]
TOTAL THIS MO. 800 CLEAR (SCALE 0-3) 14
DPTR FM NORMAL M PTCLDY (SCALE 4-7) 7
TOTAL FM JUL 1 1340 CLOUDY (SCALE 8-10) 9
DPTR FM NORMAL M
[CDD (BASE 65) ]
TOTAL THIS MO. 0
DPTR FM NORMAL M [PRESSURE DATA]
TOTAL FM JAN 1 794 HIGHEST SLP M ON M
DPTR FM NORMAL M LOWEST SLP M ON M
[REMARKS]
#FINAL-11-22#