000
CXUS52 KFFC 011010
CF6PDK
PRELIMINARY LOCAL CLIMATOLOGICAL DATA (WS FORM: F-6)
STATION: DEKALB PEACHTREE AIRPORT
MONTH: AUGUST
YEAR: 2023
LATITUDE: 33 52 N
LONGITUDE: 84 18 W
TEMPERATURE IN F: :PCPN: SNOW: WIND :SUNSHINE: SKY :PK WND
================================================================================
1 2 3 4 5 6A 6B 7 8 9 10 11 12 13 14 15 16 17 18
12Z AVG MX 2MIN
DY MAX MIN AVG DEP HDD CDD WTR SNW DPTH SPD SPD DIR MIN PSBL S-S WX SPD DR
================================================================================
1 92 69 81 1 0 16 0.00 M M 5.3 13 330 M M 1 18 350
2 87 71 79 -1 0 14 0.00 M M 3.1 10 160 M M 4 15 140
3 90 72 81 1 0 16 0.90 M M 7.0 26 350 M M 5 123 32 340
4 88 71 80 0 0 15 0.27 M M 4.6 24 320 M M 5 138 33 310
5 93 72 83 3 0 18 0.00 M M 2.7 9 190 M M 4 14 190
6 88 69 79 -1 0 14 0.71 M M 4.0 21 260 M M 3 13 31 260
7 92 69 81 1 0 16 0.89 M M 7.5 39 260 M M 2 1238 71 260
8 84 68 76 -4 0 11 T M M 5.8 24 320 M M 2 35 320
9 87 66 77 -3 0 12 0.00 M M 4.8 14 20 M M 1 19 20
10 86 68 77 -2 0 12 0.47 M M 7.6 25 270 M M 5 13 36 260
11 89 72 81 2 0 16 0.61 M M 5.0 15 230 M M 4 13 21 210
12 93 71 82 3 0 17 0.87 M M 4.4 20 260 M M 2 13 28 270
13 93 70 82 3 0 17 0.00 M M 4.2 17 360 M M 2 13 24 350
14 96 72 84 5 0 19 0.00 M M 6.4 15 240 M M 1 22 230
15 88 71 80 1 0 15 0.02 M M 5.7 24 310 M M 2 3 39 310
16 86 63 75 -4 0 10 0.00 M M 4.1 10 300 M M 1 14 300
17 85 63 74 -5 0 9 0.00 M M 4.3 16 260 M M 2 21 260
18 88 66 77 -2 0 12 0.00 M M 5.7 17 350 M M 1 24 350
19 88 65 77 -1 0 12 0.00 0.0 0 1.8 8 30 M M 1 13 350
20 91 68 80 2 0 15 0.00 M M 2.0 9 160 M M 0 14 160
21 94 70 82 4 0 17 0.00 M M 3.2 10 330 M M 1 14 320
22 96 71 84 6 0 19 0.00 M M 3.2 10 300 M M 1 18 15 300
23 91 77 84 6 0 19 0.00 M M 2.6 9 90 M M 1 19 80
24 94 71 83 5 0 18 0.00 M M 1.7 9 330 M M 2 138 13 310
25 97 76 87 9 0 22 0.00 M M 5.9 14 320 M M 1 18 20 360
26 98 71 85 7 0 20 0.02 M M 4.8 23 20 M M 1 13 36 20
27 94 73 84 7 0 19 0.01 M M 2.0 12 20 M M 3 3 16 160
28 89 69 79 2 0 14 3.67 M M 4.4 28 250 M M 7 138 39 260
29 90 71 81 4 0 16 0.47 M M 2.8 14 360 M M 6 13 22 360
30 81 71 76 -1 0 11 0.53 M M 5.0 15 10 M M 8 1 21 40
31 86 66 76 -1 0 11 0.00 M M 1.3 6 99 M M 4 M M
================================================================================
SM 2794 2162 0 472 9.44 0.0 132.9 M 83
================================================================================
AV 90.1 69.7 4.3 FASTST M M 3 MAX(MPH)
MISC ----> 39 260 71 260
================================================================================
NOTES:
# LAST OF SEVERAL OCCURRENCES
COLUMN 17 PEAK WIND IN M.P.H.
PRELIMINARY LOCAL CLIMATOLOGICAL DATA (WS FORM: F-6) , PAGE 2
STATION: DEKALB PEACHTREE AIRPORT
MONTH: AUGUST
YEAR: 2023
LATITUDE: 33 52 N
LONGITUDE: 84 18 W
[TEMPERATURE DATA] [PRECIPITATION DATA] SYMBOLS USED IN COLUMN 16
AVERAGE MONTHLY: 79.9 TOTAL FOR MONTH: 9.44 1 = FOG OR MIST
DPTR FM NORMAL: 1.3 DPTR FM NORMAL: 4.93 2 = FOG REDUCING VISIBILITY
HIGHEST: 98 ON 26 GRTST 24HR 3.67 ON 28-28 TO 1/4 MILE OR LESS
LOWEST: 63 ON 17,16 3 = THUNDER
SNOW, ICE PELLETS, HAIL 4 = ICE PELLETS
TOTAL MONTH: 0.0 INCH 5 = HAIL
GRTST 24HR 0.0 6 = FREEZING RAIN OR DRIZZLE
GRTST DEPTH: 0 7 = DUSTSTORM OR SANDSTORM:
VSBY 1/2 MILE OR LESS
8 = SMOKE OR HAZE
[NO. OF DAYS WITH] [WEATHER - DAYS WITH] 9 = BLOWING SNOW
X = TORNADO
MAX 32 OR BELOW: 0 0.01 INCH OR MORE: 13
MAX 90 OR ABOVE: 16 0.10 INCH OR MORE: 10
MIN 32 OR BELOW: 0 0.50 INCH OR MORE: 7
MIN 0 OR BELOW: 0 1.00 INCH OR MORE: 1
[HDD (BASE 65) ]
TOTAL THIS MO. 0 CLEAR (SCALE 0-3) 21
DPTR FM NORMAL 0 PTCLDY (SCALE 4-7) 10
TOTAL FM JUL 1 0 CLOUDY (SCALE 8-10) 0
DPTR FM NORMAL 0
[CDD (BASE 65) ]
TOTAL THIS MO. 472
DPTR FM NORMAL 49 [PRESSURE DATA]
TOTAL FM JAN 1 1439 HIGHEST SLP M ON M
DPTR FM NORMAL 9 LOWEST SLP 29.64 ON 30
[REMARKS]
#FINAL-08-23#