000
CXUS56 KPDT 011810
CF6PDT
PRELIMINARY LOCAL CLIMATOLOGICAL DATA (WS FORM: F-6)
STATION: PENDLETON OR
MONTH: MARCH
YEAR: 2023
LATITUDE: 45 40 N
LONGITUDE: 118 51 W
TEMPERATURE IN F: :PCPN: SNOW: WIND :SUNSHINE: SKY :PK WND
================================================================================
1 2 3 4 5 6A 6B 7 8 9 10 11 12 13 14 15 16 17 18
12Z AVG MX 2MIN
DY MAX MIN AVG DEP HDD CDD WTR SNW DPTH SPD SPD DIR MIN PSBL S-S WX SPD DR
================================================================================
1 44 31 38 -3 27 0 0.01 T 0 7.0 22 250 M M 7 12 28 250
2 49 34 42 1 23 0 T T 0 13.0 29 250 M M 9 39 250
3 48 31 40 -1 25 0 0.00 0.0 0 13.7 28 250 M M 5 35 240
4 53 32 43 1 22 0 0.06 T 0 10.4 24 260 M M 4 30 260
5 48 29 39 -3 26 0 0.02 T 0 7.5 18 150 M M 5 23 140
6 49 29 39 -3 26 0 T 0.0 0 6.6 16 200 M M 3 24 190
7 50 31 41 -1 24 0 T 0.0 0 9.2 18 180 M M 6 26 180
8 46 27 37 -6 28 0 0.06 T 0 6.6 25 270 M M 6 1 33 270
9 49 25 37 -6 28 0 0.00 0.0 0 12.1 28 130 M M 4 37 120
10 49 34 42 -1 23 0 0.13 T 0 13.0 33 250 M M 8 12 44 250
11 55 31 43 0 22 0 T 0.0 0 5.0 16 50 M M 6 20 60
12 55 29 42 -2 23 0 0.01 0.0 0 4.7 10 290 M M 5 17 190
13 64 36 50 6 15 0 0.17 0.0 0 15.5 35 270 M M 9 47 260
14 47 30 39 -5 26 0 T 0.0 0 7.1 16 250 M M 4 20 260
15 51 31 41 -3 24 0 0.00 0.0 0 14.5 30 270 M M 3 38 260
16 55 25 40 -4 25 0 0.00 0.0 0 6.7 14 70 M M 0 20 90
17 61 29 45 0 20 0 0.00 0.0 0 6.2 18 80 M M 0 22 80
18 66 34 50 5 15 0 0.00 0.0 0 5.4 14 130 M M 0 17 120
19 61 36 49 4 16 0 0.00 0.0 0 6.8 16 20 M M 3 20 20
20 51 42 47 2 18 0 0.16 0.0 0 9.9 24 280 M M 10 31 290
21 56 38 47 1 18 0 T 0.0 0 6.0 15 30 M M 7 18 40
22 57 32 45 -1 20 0 0.00 0.0 0 6.8 13 290 M M 0 20 280
23 56 37 47 1 18 0 0.02 0.0 0 13.6 37 260 M M 9 48 260
24 50 33 42 -4 23 0 T 0.0 0 15.8 30 270 M M 3 40 260
25 48 32 40 -6 25 0 T T 0 9.3 17 250 M M 7 29 250
26 51 32 42 -4 23 0 0.00 0.0 0 8.5 18 270 M M 4 26 240
27 56 26 41 -6 24 0 0.00 0.0 0 8.6 24 160 M M 1 32 160
28 53 43 48 1 17 0 0.13 0.0 0 10.0 18 100 M M 9 24 110
29 45 40 43 -4 22 0 0.07 0.0 0 6.0 12 290 M M 9 1 14 280
30 54 40 47 0 18 0 0.01 0.0 0 15.4 29 250 M M 10 37 260
31 50 40 45 -2 20 0 0.04 0.0 0 8.6 18 200 M M 10 26 260
================================================================================
SM 1627 1019 684 0 0.89 T 289.5 M 166
================================================================================
AV 52.5 32.9 9.3 FASTST M M 5 MAX(MPH)
MISC ----> 37 260 48 260
================================================================================
NOTES:
# LAST OF SEVERAL OCCURRENCES
COLUMN 17 PEAK WIND IN M.P.H.
PRELIMINARY LOCAL CLIMATOLOGICAL DATA (WS FORM: F-6) , PAGE 2
STATION: PENDLETON OR
MONTH: MARCH
YEAR: 2023
LATITUDE: 45 40 N
LONGITUDE: 118 51 W
[TEMPERATURE DATA] [PRECIPITATION DATA] SYMBOLS USED IN COLUMN 16
AVERAGE MONTHLY: 42.7 TOTAL FOR MONTH: 0.89 1 = FOG OR MIST
DPTR FM NORMAL: -1.7 DPTR FM NORMAL: -0.44 2 = FOG REDUCING VISIBILITY
HIGHEST: 66 ON 18 GRTST 24HR 0.20 ON 28-29 TO 1/4 MILE OR LESS
LOWEST: 25 ON 16, 9 3 = THUNDER
SNOW, ICE PELLETS, HAIL 4 = ICE PELLETS
TOTAL MONTH: T 5 = HAIL
GRTST 24HR T ON 1- 1 6 = FREEZING RAIN OR DRIZZLE
GRTST DEPTH: 0 7 = DUSTSTORM OR SANDSTORM:
VSBY 1/2 MILE OR LESS
8 = SMOKE OR HAZE
[NO. OF DAYS WITH] [WEATHER - DAYS WITH] 9 = BLOWING SNOW
X = TORNADO
MAX 32 OR BELOW: 0 0.01 INCH OR MORE: 13
MAX 90 OR ABOVE: 0 0.10 INCH OR MORE: 4
MIN 32 OR BELOW: 18 0.50 INCH OR MORE: 0
MIN 0 OR BELOW: 0 1.00 INCH OR MORE: 0
[HDD (BASE 65) ]
TOTAL THIS MO. 684 CLEAR (SCALE 0-3) 9
DPTR FM NORMAL 44 PTCLDY (SCALE 4-7) 14
TOTAL FM JUL 1 4417 CLOUDY (SCALE 8-10) 8
DPTR FM NORMAL -150
[CDD (BASE 65) ]
TOTAL THIS MO. 0
DPTR FM NORMAL 0 [PRESSURE DATA]
TOTAL FM JAN 1 0 HIGHEST SLP 30.31 ON 27
DPTR FM NORMAL 0 LOWEST SLP 29.21 ON 10
[REMARKS]
#FINAL-03-23#