000
CXUS56 KFGZ 010900
CF6PGA
PRELIMINARY LOCAL CLIMATOLOGICAL DATA (WS FORM: F-6)
STATION: PAGE AZ AIRPORT
MONTH: JULY
YEAR: 2020
LATITUDE: 36 55 N
LONGITUDE: 111 27 W
TEMPERATURE IN F: :PCPN: SNOW: WIND :SUNSHINE: SKY :PK WND
================================================================================
1 2 3 4 5 6A 6B 7 8 9 10 11 12 13 14 15 16 17 18
12Z AVG MX 2MIN
DY MAX MIN AVG DEP HDD CDD WTR SNW DPTH SPD SPD DIR MIN PSBL S-S WX SPD DR
================================================================================
1 93 62 78 -4 0 13 0.00 M M 5.7 21 160 M M 0 27 160
2 96 66 81 -1 0 16 0.00 M M 5.8 17 170 M M 0 24 250
3 96 71 84 1 0 19 0.02 M M 6.3 23 210 M M 1 8 38 210
4 100 67 84 1 0 19 0.00 M M 3.9 14 280 M M 0 20 280
5 103 71 87 4 0 22 0.00 M M 3.9 14 340 M M 0 21 340
6 102 73 88 5 0 23 0.00 M M 6.8 20 220 M M 0 32 240
7 102 72 87 4 0 22 0.00 M M 6.6 16 270 M M 0 24 290
8 102 78 90 7 0 25 0.00 M M 6.7 16 250 M M 0 25 230
9 101 70 86 3 0 21 0.00 M M 5.8 15 240 M M 0 25 220
10 105 71 88 4 0 23 0.00 M M 5.5 15 300 M M 0 25 300
11 108 76 92 8 0 27 0.00 M M 5.8 18 190 M M 0 28 200
12 106 78 92 8 0 27 T M M 6.9 23 190 M M 0 33 210
13 105 80 93 9 0 28 0.01 M M 6.5 25 220 M M 0 42 230
14 103 79 91 7 0 26 T M M 6.5 15 250 M M 0 26 210
15 101 74 88 4 0 23 0.00 M M 5.3 17 170 M M 0 24 210
16 100 81 91 7 0 26 0.00 M M 6.7 21 200 M M 1 33 200
17 102 79 91 7 0 26 T M M 6.9 23 170 M M 1 32 160
18 104 75 90 6 0 25 0.00 M M 4.3 15 330 M M 0 22 340
19 107 76 92 8 0 27 0.00 M M 5.2 18 40 M M 0 22 30
20 104 79 92 8 0 27 T 0.0 0 5.9 26 340 M M 0 39 320
21 96 82 89 5 0 24 0.00 M M 5.5 13 100 M M 0 20 290
22 95 76 86 2 0 21 T M M 9.4 21 140 M M 3 25 140
23 88 65 77 -7 0 12 0.28 0.0 0 5.8 20 240 M M 4 34 250
24 91 69 80 -4 0 15 0.00999.0 M 5.9 23 180 M M 1 30 160
25 95 70 83 -1 0 18 0.00 M M 6.1 21 140 M M 0 26 140
26 97 71 84 0 0 19 0.00 M M 4.1 13 20 M M 0 16 310
27 95 74 85 1 0 20 0.05 M M 6.4 21 230 M M 1 35 230
28 99 71 85 1 0 20 0.00 M M 4.8 14 40 M M 0 17 220
29 104 72 88 5 0 23 0.00 M M 3.8 14 20 M M 1 21 330
30 104 72 88 5 0 23 0.00 M M 3.8 14 20 M M 0 21 330
31 106 74 90 7 0 25 0.00 M M 3.7 13 320 M M 0 18 320
================================================================================
SM 3110 2274 0 685 0.36 999.0 176.3 M 13
================================================================================
AV100.3 73.4 5.7 FASTST M M 0 MAX(MPH)
MISC ----> # 26 340 # 42 230
================================================================================
NOTES:
# LAST OF SEVERAL OCCURRENCES
COLUMN 17 PEAK WIND IN M.P.H.
PRELIMINARY LOCAL CLIMATOLOGICAL DATA (WS FORM: F-6) , PAGE 2
STATION: PAGE AZ AIRPORT
MONTH: JULY
YEAR: 2020
LATITUDE: 36 55 N
LONGITUDE: 111 27 W
[TEMPERATURE DATA] [PRECIPITATION DATA] SYMBOLS USED IN COLUMN 16
AVERAGE MONTHLY: 86.8 TOTAL FOR MONTH: 0.36 1 = FOG OR MIST
DPTR FM NORMAL: 3.3 DPTR FM NORMAL: -0.30 2 = FOG REDUCING VISIBILITY
HIGHEST: 108 ON 11 GRTST 24HR 0.28 ON 23-23 TO 1/4 MILE OR LESS
LOWEST: 62 ON 1 3 = THUNDER
SNOW, ICE PELLETS, HAIL 4 = ICE PELLETS
TOTAL MONTH: 999.0 INCHES 5 = HAIL
GRTST 24HR 999.0 ON 24-24 6 = FREEZING RAIN OR DRIZZLE
GRTST DEPTH: 0 7 = DUSTSTORM OR SANDSTORM:
VSBY 1/2 MILE OR LESS
8 = SMOKE OR HAZE
[NO. OF DAYS WITH] [WEATHER - DAYS WITH] 9 = BLOWING SNOW
X = TORNADO
MAX 32 OR BELOW: 0 0.01 INCH OR MORE: 4
MAX 90 OR ABOVE: 30 0.10 INCH OR MORE: 1
MIN 32 OR BELOW: 0 0.50 INCH OR MORE: 0
MIN 0 OR BELOW: 0 1.00 INCH OR MORE: 0
[HDD (BASE 65) ]
TOTAL THIS MO. 0 CLEAR (SCALE 0-3) 30
DPTR FM NORMAL 0 PTCLDY (SCALE 4-7) 1
TOTAL FM JUL 1 0 CLOUDY (SCALE 8-10) 0
DPTR FM NORMAL 0
[CDD (BASE 65) ]
TOTAL THIS MO. 685
DPTR FM NORMAL 111 [PRESSURE DATA]
TOTAL FM JAN 1 1490 HIGHEST SLP M ON M
DPTR FM NORMAL 362 LOWEST SLP 29.81 ON 21
[REMARKS]
#FINAL-07-20#