000
CXUS51 KPHI 040134
CF6PHL
PRELIMINARY LOCAL CLIMATOLOGICAL DATA (WS FORM: F-6)
STATION: PHILADELPHIA PA
MONTH: SEPTEMBER
YEAR: 2022
LATITUDE: 39 52 N
LONGITUDE: 75 15 W
TEMPERATURE IN F: :PCPN: SNOW: WIND :SUNSHINE: SKY :PK WND
================================================================================
1 2 3 4 5 6A 6B 7 8 9 10 11 12 13 14 15 16 17 18
12Z AVG MX 2MIN
DY MAX MIN AVG DEP HDD CDD WTR SNW DPTH SPD SPD DIR MIN PSBL S-S WX SPD DR
================================================================================
1 88 69 79 5 0 14 0.00 0.0 0 9.6 21 260 M M 1 27 250
2 85 65 75 1 0 10 0.00 0.0 0 7.4 15 120 M M 4 20 10
3 88 67 78 4 0 13 0.00 0.0 0 4.7 13 150 M M 8 17 160
4 91 72 82 8 0 17 0.00 0.0 0 7.3 13 190 M M 7 16 190
5 90 73 82 9 0 17 T 0.0 0 7.6 15 180 M M 9 24 170
6 77 70 74 1 0 9 1.22 0.0 0 8.1 18 90 M M 10 1 22 100
7 75 69 72 -1 0 7 0.14 0.0 0 9.2 16 40 M M 10 1 22 30
8 82 65 74 1 0 9 0.00 0.0 0 7.0 16 10 M M 5 25 360
9 84 63 74 2 0 9 0.00 0.0 0 5.2 13 80 M M 1 17 80
10 83 62 73 1 0 8 T 0.0 0 3.6 10 250 M M 5 14 230
11 77 71 74 2 0 9 0.44 0.0 0 4.0 12 150 M M 10 18 16 150
12 86 74 80 9 0 15 0.06 0.0 0 4.2 10 160 M M 9 1 23 220
13 85 70 78 7 0 13 T 0.0 0 10.1 23 250 M M 5 1 28 270
14 82 64 73 2 0 8 0.00 0.0 0 8.5 17 310 M M 2 23 310
15 78 64 71 1 0 6 0.00 0.0 0 8.7 22 340 M M 1 28 340
16 79 58 69 -1 0 4 0.00 0.0 0 4.7 12 240 M M 2 15 250
17 83 63 73 3 0 8 0.00 0.0 0 5.6 13 250 M M 5 16 240
18 85 67 76 7 0 11 0.00 0.0 0 9.6 17 250 M M 3 22 250
19 89 69 79 10 0 14 T 0.0 0 7.4 24 230 M M 4 30 240
20 83 68 76 8 0 11 0.00 0.0 0 9.2 20 330 M M 3 27 330
21 85 65 75 7 0 10 0.00 0.0 0 6.1 15 230 M M 5 20 220
22 82 60 71 3 0 6 0.04 0.0 0 12.4 28 320 M M 6 35 320
23 68 52 60 -7 5 0 0.00 0.0 0 16.1 29 340 M M 2 40 350
24 71 49 60 -7 5 0 0.00 0.0 0 9.8 15 270 M M 5 20 250
25 77 60 69 2 0 4 0.12 0.0 0 7.2 30 300 M M 8 3 42 290
26 80 61 71 5 0 6 T 0.0 0 12.1 22 290 M M 5 27 230
27 74 58 66 0 0 1 0.00 0.0 0 11.2 22 250 M M 4 29 250
28 73 52 63 -2 2 0 0.00 0.0 0 9.2 20 320 M M 3 23 320
29 72 54 63 -2 2 0 0.00 0.0 0 10.1 21 10 M M 5 34 350
30 65 55 60 -4 5 0 0.04 0.0 0 12.5 22 50 M M 9 32 40
================================================================================
SM 2417 1909 19 239 2.06 0.0 248.4 M 156
================================================================================
AV 80.6 63.6 8.3 FASTST M M 5 MAX(MPH)
MISC ----> 30 300 42 290
================================================================================
NOTES:
# LAST OF SEVERAL OCCURRENCES
COLUMN 17 PEAK WIND IN M.P.H.
PRELIMINARY LOCAL CLIMATOLOGICAL DATA (WS FORM: F-6) , PAGE 2
STATION: PHILADELPHIA PA
MONTH: SEPTEMBER
YEAR: 2022
LATITUDE: 39 52 N
LONGITUDE: 75 15 W
[TEMPERATURE DATA] [PRECIPITATION DATA] SYMBOLS USED IN COLUMN 16
AVERAGE MONTHLY: 72.1 TOTAL FOR MONTH: 2.06 1 = FOG OR MIST
DPTR FM NORMAL: 2.2 DPTR FM NORMAL: -2.34 2 = FOG REDUCING VISIBILITY
HIGHEST: 91 ON 4 GRTST 24HR 1.22 ON 6- 6 TO 1/4 MILE OR LESS
LOWEST: 49 ON 24 3 = THUNDER
SNOW, ICE PELLETS, HAIL 4 = ICE PELLETS
TOTAL MONTH: 0.0 INCH 5 = HAIL
GRTST 24HR 0.0 6 = FREEZING RAIN OR DRIZZLE
GRTST DEPTH: 0 7 = DUSTSTORM OR SANDSTORM:
VSBY 1/2 MILE OR LESS
8 = SMOKE OR HAZE
[NO. OF DAYS WITH] [WEATHER - DAYS WITH] 9 = BLOWING SNOW
X = TORNADO
MAX 32 OR BELOW: 0 0.01 INCH OR MORE: 7
MAX 90 OR ABOVE: 2 0.10 INCH OR MORE: 4
MIN 32 OR BELOW: 0 0.50 INCH OR MORE: 1
MIN 0 OR BELOW: 0 1.00 INCH OR MORE: 1
[HDD (BASE 65) ]
TOTAL THIS MO. 19 CLEAR (SCALE 0-3) 9
DPTR FM NORMAL -9 PTCLDY (SCALE 4-7) 14
TOTAL FM JUL 1 19 CLOUDY (SCALE 8-10) 7
DPTR FM NORMAL -8
[CDD (BASE 65) ]
TOTAL THIS MO. 239
DPTR FM NORMAL 64 [PRESSURE DATA]
TOTAL FM JAN 1 1725 HIGHEST SLP 30.37 ON 29
DPTR FM NORMAL 393 LOWEST SLP 29.61 ON 25
[REMARKS]
#FINAL-09-22#