950
CXUS53 KUNR 010945
CF6PHP
PRELIMINARY LOCAL CLIMATOLOGICAL DATA (WS FORM: F-6)
STATION: PHILIP SD
MONTH: APRIL
YEAR: 2020
LATITUDE: 44 3 N
LONGITUDE: 101 36 W
TEMPERATURE IN F: :PCPN: SNOW: WIND :SUNSHINE: SKY :PK WND
================================================================================
1 2 3 4 5 6A 6B 7 8 9 10 11 12 13 14 15 16 17 18
12Z AVG MX 2MIN
DY MAX MIN AVG DEP HDD CDD WTR SNW DPTH SPD SPD DIR MIN PSBL S-S WX SPD DR
================================================================================
1 52 19 36 -5 29 0 0.20 M M 16.1 35 340 M M 6 123 45 340
2 19 6 13 -28 52 0 0.24 M M 19.5 31 320 M M 9 1269 43 320
3 26 2 14 -28 51 0 0.00 M M 8.0 14 280 M M 0 17 290
4 58 14 36 -6 29 0 0.00 M M 8.6 20 260 M M 2 26 260
5 73 23 48 6 17 0 T M M 10.1 24 150 M M 1 31 160
6 79 32 56 13 9 0 0.00 M M 9.4 32 240 M M 0 42 240
7 74 38 56 13 9 0 0.00 M M 6.4 17 290 M M 0 26 280
8 55 27 41 -3 24 0 0.00 M M 14.5 29 300 M M 5 40 330
9 44 24 34 -10 31 0 0.00 M M 12.8 31 320 M M 1 44 340
10 67 24 46 2 19 0 0.00 M M 6.6 16 350 M M 0 24 10
11 46 27 37 -8 28 0 0.36 M M 15.8 29 30 M M 9 1 41 30
12 30 16 23 -22 42 0 0.03 M M 14.2 26 320 M M 6 1 35 330
13 31 15 23 -22 42 0 T M M 15.0 29 320 M M 3 1 40 290
14 41 12 27 -19 38 0 T M M 8.5 23 330 M M 3 27 340
15 47 14 31 -15 34 0 T M M 6.8 21 10 M M 5 1 28 10
16 47 24 36 -10 29 0 0.00 M M 5.8 18 320 M M 8 12 26 320
17 56 19 38 -9 27 0 0.00 M M 7.3 17 250 M M 0 24 240
18 67 31 49 2 16 0 0.00 M M 13.3 26 340 M M 2 38 330
19 46 33 40 -8 25 0 0.15 M M 5.8 14 190 M M 8 1 19 30
20 67 33 50 2 15 0 0.00 M M 14.3 32 330 M M 5 44 320
21 77 28 53 5 12 0 0.00 M M 8.9 23 250 M M 2 30 260
22 76 39 58 9 7 0 0.00 M M 11.4 28 320 M M 1 35 310
23 68 40 54 5 11 0 0.08 M M 7.7 32 350 M M 3 3 43 350
24 67 37 52 3 13 0 0.00 M M 10.3 30 310 M M 4 39 320
25 66 33 50 0 15 0 0.00 M M 11.4 26 330 M M 1 43 300
26 77 32 55 5 10 0 0.00 M M 6.9 16 180 M M 1 28 180
27 81 37 59 9 6 0 0.03 M M 9.7 30 320 M M 1 38 320
28 67 38 53 2 12 0 T M M 17.7 45 310 M M 2 13 61 300
29 68 35 52 1 13 0 0.00 M M 9.8 18 310 M M 1 23 330
30 87 40 64 12 1 0 T M M 12.0 28 270 M M 0 41 230
================================================================================
SM 1759 792 666 0 1.09 M 324.6 M 89
================================================================================
AV 58.6 26.4 10.8 FASTST M M 3 MAX(MPH)
MISC ----> # 45 310 # 61 300
================================================================================
NOTES:
# LAST OF SEVERAL OCCURRENCES
COLUMN 17 PEAK WIND IN M.P.H.
PRELIMINARY LOCAL CLIMATOLOGICAL DATA (WS FORM: F-6) , PAGE 2
STATION: PHILIP SD
MONTH: APRIL
YEAR: 2020
LATITUDE: 44 3 N
LONGITUDE: 101 36 W
[TEMPERATURE DATA] [PRECIPITATION DATA] SYMBOLS USED IN COLUMN 16
AVERAGE MONTHLY: 42.5 TOTAL FOR MONTH: 1.09 1 = FOG OR MIST
DPTR FM NORMAL: -3.8 DPTR FM NORMAL: -0.75 2 = FOG REDUCING VISIBILITY
HIGHEST: 87 ON 30 GRTST 24HR 0.36 ON 11-11 TO 1/4 MILE OR LESS
LOWEST: 2 ON 3 3 = THUNDER
SNOW, ICE PELLETS, HAIL 4 = ICE PELLETS
TOTAL MONTH: M 5 = HAIL
GRTST 24HR M ON M 6 = FREEZING RAIN OR DRIZZLE
GRTST DEPTH: M ON M 7 = DUSTSTORM OR SANDSTORM:
VSBY 1/2 MILE OR LESS
8 = SMOKE OR HAZE
[NO. OF DAYS WITH] [WEATHER - DAYS WITH] 9 = BLOWING SNOW
X = TORNADO
MAX 32 OR BELOW: 4 0.01 INCH OR MORE: 7
MAX 90 OR ABOVE: 0 0.10 INCH OR MORE: 4
MIN 32 OR BELOW: 19 0.50 INCH OR MORE: 0
MIN 0 OR BELOW: 0 1.00 INCH OR MORE: 0
[HDD (BASE 65) ]
TOTAL THIS MO. 666 CLEAR (SCALE 0-3) 19
DPTR FM NORMAL 102 PTCLDY (SCALE 4-7) 9
TOTAL FM JUL 1 6841 CLOUDY (SCALE 8-10) 2
DPTR FM NORMAL -26
[CDD (BASE 65) ]
TOTAL THIS MO. 0
DPTR FM NORMAL -3 [PRESSURE DATA]
TOTAL FM JAN 1 0 HIGHEST SLP 30.45 ON 3
DPTR FM NORMAL -3 LOWEST SLP 29.51 ON 30
[REMARKS]
#FINAL-04-20#