000
CXUS55 KPSR 011437
CLMPHX
CLIMATE REPORT
NATIONAL WEATHER SERVICE PHOENIX AZ
737 AM MST FRI SEP 01 2023
...................................
...THE PHOENIX AZ CLIMATE SUMMARY FOR THE MONTH OF AUGUST 2023...
CLIMATE NORMAL PERIOD 1991 TO 2020
CLIMATE RECORD PERIOD 1895 TO 2023
WEATHER OBSERVED NORMAL DEPART LAST YEAR`S
VALUE DATE(S) VALUE FROM VALUE
NORMAL
..............................................................
TEMPERATURE (F)
RECORD
HIGH 117 08/14/2015
08/26/2011
08/14/2020
LOW 58 08/20/1917
HIGHEST 117R 08/28 113 4
LOWEST 76 08/31 74 2
AVG. MAXIMUM 109.5 105.1 4.4
AVG. MINIMUM 88.0 83.6 4.4
MEAN 98.8 94.4 4.4
DAYS MAX >= 90 31 30.7 0.3
DAYS MAX >= 100 29
DAYS MAX >= 110 18
DAYS MIN <= 32 0 0.0 0.0
DAYS MIN >= 90 15
PRECIPITATION (INCHES)
RECORD
MAXIMUM 5.33 1951
MINIMUM 0.00 1973
TOTALS 0.12 0.93 -0.81
DAYS >= .01 3 4.6 -1.6
DAYS >= .10 0 2.4 -2.4
DAYS >= .50 0 0.6 -0.6
DAYS >= 1.00 0 0.1 -0.1
GREATEST
24 HR. TOTAL 0.06 08/31 TO 08/31
DEGREE DAYS
HEATING TOTAL 0 0 0
SINCE 7/1 0 0 0
COOLING TOTAL 1053 910 143
SINCE 1/1 3867 3557 310
..............................................................
WIND (MPH)
AVERAGE WIND SPEED 7.9
HIGHEST GUST SPEED/DIRECTION 73/190 DATE 08/31
AVERAGE RH (PERCENT) 29
WEATHER CONDITIONS. NUMBER OF DAYS WITH
THUNDERSTORM 6 HEAVY RAIN 0
RAIN 0 LIGHT RAIN 5
FOG W/VIS <= 1/4 MILE 0
- INDICATES NEGATIVE NUMBERS.
R INDICATES RECORD WAS SET OR TIED.
MM INDICATES DATA IS MISSING.
T INDICATES TRACE AMOUNT.
$$