000
CXUS53 KILX 011552
CLMPIA
CLIMATE REPORT
NATIONAL WEATHER SERVICE LINCOLN IL
1052 AM CDT SAT JUL 01 2023
...................................
...THE PEORIA IL CLIMATE SUMMARY FOR THE MONTH OF JUNE 2023...
CLIMATE NORMAL PERIOD 1991 TO 2020
CLIMATE RECORD PERIOD 1883 TO 2023
WEATHER OBSERVED NORMAL DEPART LAST YEAR`S
VALUE DATE(S) VALUE FROM VALUE
NORMAL
..............................................................
TEMPERATURE (F)
RECORD
HIGH 105 06/25/1988
06/29/1936
06/01/1934
LOW 39 06/01/1993
06/04/1945
HIGHEST 95 06/24 82 13 97
LOWEST 49 06/08 61 -12 53
AVG. MAXIMUM 86.5 83.2 3.3 85.6
AVG. MINIMUM 61.4 62.4 -1.0 63.4
MEAN 73.9 72.8 1.1 74.5
DAYS MAX >= 90 12 5.1 6.9 8
DAYS MAX <= 32 0 0.0 0.0 0
DAYS MIN <= 32 0 0.0 0.0 0
DAYS MIN <= 0 0 0.0 0.0 0
PRECIPITATION (INCHES)
RECORD
MAXIMUM 11.69 1974
MINIMUM 0.45 1936
TOTALS 1.52 3.73 -2.21 2.42
DAILY AVG. 0.05 0.12 -0.07 0.08
DAYS >= .01 8 10.5 -2.5 8
DAYS >= .10 2 6.7 -4.7 3
DAYS >= .50 1 2.5 -1.5 2
DAYS >= 1.00 1 1.0 0.0 1
GREATEST
24 HR. TOTAL 1.18 06/29 TO 06/29 1.26
SNOWFALL (INCHES)
RECORDS
TOTAL 0.0 MM
TOTALS 0.0 0.0 0.0 0.0
SINCE 7/1 18.6 26.2 -7.6 MM
DAYS >= 1.0 0 0.0 0.0 0
GREATEST
SNOW DEPTH 0 0
24 HR TOTAL MM MM
DEGREE DAYS
HEATING TOTAL 2 13 -11 1
SINCE 7/1 5060 5611 -551 MM
COOLING TOTAL 276 247 29 293
SINCE 1/1 371 349 22 MM
..............................................................
WIND (MPH)
AVERAGE WIND SPEED 6.2
HIGHEST WIND SPEED/DIRECTION 39/260 DATE 06/29
HIGHEST GUST SPEED/DIRECTION 58/240 DATE 06/29
SKY COVER
POSSIBLE SUNSHINE (PERCENT) MM
AVERAGE SKY COVER 0.25
NUMBER OF DAYS FAIR 21
NUMBER OF DAYS PC 7
NUMBER OF DAYS CLOUDY 2
AVERAGE RH (PERCENT) 57
WEATHER CONDITIONS. NUMBER OF DAYS WITH
THUNDERSTORM 5 MIXED PRECIP 0
HEAVY RAIN 1 RAIN 3
LIGHT RAIN 10 FREEZING RAIN 0
LT FREEZING RAIN 0 HAIL 0
HEAVY SNOW 0 SNOW 0
LIGHT SNOW 0 SLEET 0
FOG 5 FOG W/VIS <= 1/4 MILE 1
HAZE 6
- INDICATES NEGATIVE NUMBERS.
R INDICATES RECORD WAS SET OR TIED.
MM INDICATES DATA IS MISSING.
T INDICATES TRACE AMOUNT.
&&
NO DAILY RECORDS WERE SET THIS MONTH.
$$
ERWIN