000
CXUS55 KPIH 021936
CF6PIH
PRELIMINARY LOCAL CLIMATOLOGICAL DATA (WS FORM: F-6)
STATION: POCATELLO
MONTH: APRIL
YEAR: 2022
LATITUDE: 42 55 N
LONGITUDE: 112 36 W
TEMPERATURE IN F: :PCPN: SNOW: WIND :SUNSHINE: SKY :PK WND
================================================================================
1 2 3 4 5 6A 6B 7 8 9 10 11 12 13 14 15 16 17 18
12Z AVG MX 2MIN
DY MAX MIN AVG DEP HDD CDD WTR SNW DPTH SPD SPD DIR MIN PSBL S-S WX SPD DR
================================================================================
1 53 29 41 -2 24 0 0.00 0.0 0 12.4 22 250 M M 1 31 250
2 61 25 43 0 22 0 0.00 0.0 0 16.1 41 250 M M 1 55 240
3 58 20 39 -4 26 0 0.00 0.0 0 5.8 17 270 M M 0 23 270
4 52 32 42 -2 23 0 0.05 0.0 0 17.5 41 270 M M 4 52 270
5 46 26 36 -8 29 0 0.00 0.0 0 25.2 37 270 M M 4 48 270
6 49 19 34 -10 31 0 0.00 0.0 0 9.7 17 260 M M 0 26 290
7 61 20 41 -3 24 0 0.00 0.0 0 3.1 9 320 M M 0 15 290
8 73 27 50 6 15 0 0.00 0.0 0 11.4 30 180 M M 0 40 180
9 55 33 44 0 21 0 0.00 0.0 0 26.0 37 230 M M 2 78 49 220
10 47 23 35 -9 30 0 0.01 0.1 0 18.3 37 250 M M 6 17 48 250
11 47 26 37 -8 28 0 0.36 1.2 T 14.1 32 230 M M 9 1238 41 230
12 34 25 30 -15 35 0 T T 1 21.8 33 260 M M 8 8 42 260
13 36 20 28 -17 37 0 T 0.1 1 8.2 26 250 M M 8 31 250
14 48 28 38 -7 27 0 0.19 0.5 T 11.4 35 230 M M 9 1 43 230
15 47 32 40 -5 25 0 0.01 0.4 T 12.7 24 240 M M 8 1 34 230
16 62 29 46 0 19 0 0.18 0.0 0 11.3 41 240 M M 7 18 51 230
17 51 32 42 -4 23 0 0.00 0.0 0 13.4 23 230 M M 7 30 230
18 69 26 48 2 17 0 0.00 0.0 0 6.5 23 180 M M 0 29 170
19 55 37 46 0 19 0 0.00 0.0 0 18.3 32 230 M M 2 8 39 230
20 60 35 48 2 17 0 0.00 0.0 0 9.9 21 270 M M 5 29 270
21 59 34 47 0 18 0 T 0.0 0 10.4 24 270 M M 5 30 270
22 45 36 41 -6 24 0 0.69 0.0 0 6.8 21 270 M M 10 1 26 270
23 54 34 44 -3 21 0 T 0.0 0 12.5 25 230 M M 7 35 260
24 55 28 42 -6 23 0 0.00 0.0 0 4.5 12 300 M M 3 16 290
25 61 26 44 -4 21 0 0.00 0.0 0 7.4 21 180 M M 1 28 180
26 64 35 50 2 15 0 0.00 0.0 0 8.8 22 260 M M 1 30 270
27 61 31 46 -2 19 0 0.15 0.0 0 7.9 25 310 M M 4 3 30 310
28 58 30 44 -5 21 0 0.03 0.0 0 9.6 36 240 M M 5 4 46 230
29 54 32 43 -6 22 0 T T 0 19.7 37 240 M M 7 47 240
30 63 23 43 -6 22 0 0.00 0.0 0 7.2 24 230 M M 3 32 190
================================================================================
SM 1638 853 698 0 1.67 2.3 367.9 M 127
================================================================================
AV 54.6 28.4 12.3 FASTST M M 4 MAX(MPH)
MISC ----> # 41 250 55 240
================================================================================
NOTES:
# LAST OF SEVERAL OCCURRENCES
COLUMN 17 PEAK WIND IN M.P.H.
PRELIMINARY LOCAL CLIMATOLOGICAL DATA (WS FORM: F-6) , PAGE 2
STATION: POCATELLO
MONTH: APRIL
YEAR: 2022
LATITUDE: 42 55 N
LONGITUDE: 112 36 W
[TEMPERATURE DATA] [PRECIPITATION DATA] SYMBOLS USED IN COLUMN 16
AVERAGE MONTHLY: 41.5 TOTAL FOR MONTH: 1.67 1 = FOG OR MIST
DPTR FM NORMAL: -4.2 DPTR FM NORMAL: 0.47 2 = FOG REDUCING VISIBILITY
HIGHEST: 73 ON 8 GRTST 24HR 0.69 ON 21-22 TO 1/4 MILE OR LESS
LOWEST: 19 ON 6 3 = THUNDER
SNOW, ICE PELLETS, HAIL 4 = ICE PELLETS
TOTAL MONTH: 2.3 INCHES 5 = HAIL
GRTST 24HR 1.2 ON 11-11 6 = FREEZING RAIN OR DRIZZLE
GRTST DEPTH: 1 ON 13,12 7 = DUSTSTORM OR SANDSTORM:
VSBY 1/2 MILE OR LESS
8 = SMOKE OR HAZE
[NO. OF DAYS WITH] [WEATHER - DAYS WITH] 9 = BLOWING SNOW
X = TORNADO
MAX 32 OR BELOW: 0 0.01 INCH OR MORE: 9
MAX 90 OR ABOVE: 0 0.10 INCH OR MORE: 5
MIN 32 OR BELOW: 23 0.50 INCH OR MORE: 1
MIN 0 OR BELOW: 0 1.00 INCH OR MORE: 0
[HDD (BASE 65) ]
TOTAL THIS MO. 698 CLEAR (SCALE 0-3) 13
DPTR FM NORMAL 119 PTCLDY (SCALE 4-7) 12
TOTAL FM JUL 1 6529 CLOUDY (SCALE 8-10) 5
DPTR FM NORMAL 38
[CDD (BASE 65) ]
TOTAL THIS MO. 0
DPTR FM NORMAL 0 [PRESSURE DATA]
TOTAL FM JAN 1 0 HIGHEST SLP 30.60 ON 7
DPTR FM NORMAL 0 LOWEST SLP 29.27 ON 11
[REMARKS]
22ND: RAINFALL OF 0.69 BREAKS PREVIOUS RECORD OF 0.46 SET IN 2010.
30TH: LOW OF 23 BREAKS OLD RECORD OF 24 SET IN 1950.
#FINAL-04-22#