000
CXUS53 KABR 011410
CLMPIR
CLIMATE REPORT
NATIONAL WEATHER SERVICE ABERDEEN SD
910 AM CDT SAT JUL 01 2023
...................................
...THE PIERRE SD CLIMATE SUMMARY FOR THE MONTH OF JUNE 2023...
CLIMATE NORMAL PERIOD 1991 TO 2020
CLIMATE RECORD PERIOD 1892 TO 2023
WEATHER OBSERVED NORMAL DEPART LAST YEAR`S
VALUE DATE(S) VALUE FROM VALUE DATE(S)
NORMAL
................................................................
TEMPERATURE (F)
RECORD
HIGH 112 06/24/1988
LOW 34 06/03/1998
HIGHEST 103 06/19 81 22 100 06/29
LOWEST 44 06/17 MM MM 39 06/01
AVG. MAXIMUM 85.6 80.0 5.6 82.0
AVG. MINIMUM 58.4 55.6 2.8 55.8
MEAN 72.0 67.8 4.2 68.9
DAYS MAX >= 90 9 4.0 5.0 6
DAYS MAX <= 32 0 0.0 0.0 0
DAYS MIN <= 32 0 0.0 0.0 0
DAYS MIN <= 0 0 0.0 0.0 0
PRECIPITATION (INCHES)
RECORD
MAXIMUM 8.31 2011
MINIMUM 0.32 1913
TOTALS 3.05 3.69 -0.64 6.34
DAYS >= .01 8 11.4 -3.4 10
DAYS >= .10 7 6.5 0.5 9
DAYS >= .50 1 2.4 -1.4 4
DAYS >= 1.00 1 1.0 0.0 3
SNOWFALL (INCHES)
RECORDS
TOTAL MM MM
SNOW DEPTH MM MM
TOTALS 0.0 0.0 0.0 0.0
SINCE 7/1 63.2 37.2 26.0 MM
SNOWDEPTH AVG. 0 0
DAYS >= TRACE 0 0.0 0.0 0
DAYS >= 1.0 0 0.0 0.0 0
GREATEST
SNOW DEPTH 0 0 MM
DEGREE DAYS
HEATING TOTAL 12 50 -38 45
SINCE 7/1 7566 7350 216 MM
COOLING TOTAL 226 134 92 170
SINCE 1/1 295 163 132 MM
FREEZE DATES
RECORD
EARLIEST MM
LATEST MM
EARLIEST 10/06 10/06
LATEST 05/02 05/22
................................................................
WIND (MPH)
AVERAGE WIND SPEED 8.9
RESULTANT WIND SPEED/DIRECTION 2/130
HIGHEST WIND SPEED/DIRECTION 45/330 DATE 06/23
HIGHEST GUST SPEED/DIRECTION 67/330 DATE 06/23
SKY COVER
POSSIBLE SUNSHINE (PERCENT) MM
AVERAGE SKY COVER 0.23
NUMBER OF DAYS FAIR 23
NUMBER OF DAYS PC 6
NUMBER OF DAYS CLOUDY 1
AVERAGE RH (PERCENT) 63
WEATHER CONDITIONS. NUMBER OF DAYS WITH
THUNDERSTORM 14 MIXED PRECIP 0
HEAVY RAIN 4 RAIN 5
LIGHT RAIN 11 FREEZING RAIN 0
LT FREEZING RAIN 0 HAIL 0
HEAVY SNOW 0 SNOW 0
LIGHT SNOW 0 SLEET 0
FOG 11 FOG W/VIS <= 1/4 MILE 1
HAZE 2
- INDICATES NEGATIVE NUMBERS.
R INDICATES RECORD WAS SET OR TIED.
MM INDICATES DATA IS MISSING.
T INDICATES TRACE AMOUNT.
$$