000
CXUS51 KRLX 010807
CF6PKB
PRELIMINARY LOCAL CLIMATOLOGICAL DATA (WS FORM: F-6)
STATION: PARKERSBURG WV
MONTH: AUGUST
YEAR: 2023
LATITUDE: 39 20 N
LONGITUDE: 81 26 W
TEMPERATURE IN F: :PCPN: SNOW: WIND :SUNSHINE: SKY :PK WND
================================================================================
1 2 3 4 5 6A 6B 7 8 9 10 11 12 13 14 15 16 17 18
12Z AVG MX 2MIN
DY MAX MIN AVG DEP HDD CDD WTR SNW DPTH SPD SPD DIR MIN PSBL S-S WX SPD DR
================================================================================
1 79 56 68 -6 0 3 0.00 M M 1.0 8 70 M M 0 1 11 70
2 82 59 71 -3 0 6 0.00 M M 1.9 9 100 M M 3 12 16 160
3 82 63 73 -1 0 8 0.00 M M 1.8 8 180 M M 5 1 10 150
4 87 62 75 1 0 10 0.02 M M 1.5 8 270 M M 4 12 13 290
5 87 63 75 1 0 10 0.00 M M 2.1 8 60 M M 1 1 11 30
6 82 64 73 -1 0 8 T M M 5.4 15 190 M M 3 18 200
7 79 65 72 -2 0 7 2.94 M M 5.3 18 280 M M 6 1238 31 250
8 81 62 72 -2 0 7 0.00 M M 4.6 15 290 M M 2 22 300
9 83 62 73 -1 0 8 T M M 3.8 13 220 M M 3 17 230
10 79 67 73 -1 0 8 0.85 M M 5.2 13 300 M M 6 1 19 290
11 83 64 74 0 0 9 0.00 M M 3.4 10 190 M M 3 17 200
12 85 67 76 2 0 11 0.97 M M 6.0 17 280 M M 3 123 29 260
13 86 65 76 2 0 11 0.00 M M 0.9 8 230 M M 2 1 12 220
14 78 67 73 -1 0 8 0.57 M M 2.5 12 230 M M 7 1 16 220
15 80 66 73 -1 0 8 T M M 7.2 15 220 M M 8 22 230
16 75 65 70 -4 0 5 0.00 M M 1.7 8 330 M M 10 1 11 270
17 82 59 71 -3 0 6 0.09 M M 4.8 16 210 M M 6 123 23 240
18 76 57 67 -7 0 2 0.00 M M 4.1 15 310 M M 3 1 20 320
19 79 51 65 -9 0 0 0.00 M M 0.6 8 200 M M 2 12 10 210
20 87 57 72 -2 0 7 0.00 M M 1.8 8 190 M M 2 12 11 260
21 89 65 77 4 0 12 0.00 M M 0.6 6 340 M M 3 1 11 320
22 83 63 73 0 0 8 0.00 M M 4.7 12 40 M M 2 18 14 10
23 86 61 74 1 0 9 0.38 M M 3.5 15 50 M M 3 123 21 60
24 83 67 75 2 0 10 0.17 M M 5.1 15 190 M M 4 13 24 260
25 79 70 75 2 0 10 0.44 M M 4.9 20 20 M M 7 123 29 30
26 84 67 76 3 0 11 T M M 3.1 9 10 M M 6 1 13 300
27 82 64 73 1 0 8 0.00 M M 5.0 12 10 M M 3 16 10
28 80 60 70 -2 0 5 0.00 M M 3.4 8 330 M M 4 11 340
29 79 61 70 -2 0 5 T M M 0.6 7 310 M M 5 1 10 300
30 77 58 68 -4 0 3 0.00 M M 4.5 12 20 M M 3 1 20 20
31 77 55 66 -6 0 1 0.00 M M 4.2 13 50 M M 4 18 360
================================================================================
SM 2531 1932 0 224 6.43 M 105.2 M 123
================================================================================
AV 81.6 62.3 3.4 FASTST M M 4 MAX(MPH)
MISC ----> 20 20 31 250
================================================================================
NOTES:
# LAST OF SEVERAL OCCURRENCES
COLUMN 17 PEAK WIND IN M.P.H.
PRELIMINARY LOCAL CLIMATOLOGICAL DATA (WS FORM: F-6) , PAGE 2
STATION: PARKERSBURG WV
MONTH: AUGUST
YEAR: 2023
LATITUDE: 39 20 N
LONGITUDE: 81 26 W
[TEMPERATURE DATA] [PRECIPITATION DATA] SYMBOLS USED IN COLUMN 16
AVERAGE MONTHLY: 72.0 TOTAL FOR MONTH: 6.43 1 = FOG OR MIST
DPTR FM NORMAL: -1.5 DPTR FM NORMAL: 3.05 2 = FOG REDUCING VISIBILITY
HIGHEST: 89 ON 21 GRTST 24HR 2.94 ON 7- 7 TO 1/4 MILE OR LESS
LOWEST: 51 ON 19 3 = THUNDER
SNOW, ICE PELLETS, HAIL 4 = ICE PELLETS
TOTAL MONTH: M 5 = HAIL
GRTST 24HR M ON M 6 = FREEZING RAIN OR DRIZZLE
GRTST DEPTH: M ON M 7 = DUSTSTORM OR SANDSTORM:
VSBY 1/2 MILE OR LESS
8 = SMOKE OR HAZE
[NO. OF DAYS WITH] [WEATHER - DAYS WITH] 9 = BLOWING SNOW
X = TORNADO
MAX 32 OR BELOW: 0 0.01 INCH OR MORE: 9
MAX 90 OR ABOVE: 0 0.10 INCH OR MORE: 7
MIN 32 OR BELOW: 0 0.50 INCH OR MORE: 4
MIN 0 OR BELOW: 0 1.00 INCH OR MORE: 1
[HDD (BASE 65) ]
TOTAL THIS MO. 0 CLEAR (SCALE 0-3) 14
DPTR FM NORMAL -3 PTCLDY (SCALE 4-7) 16
TOTAL FM JUL 1 0 CLOUDY (SCALE 8-10) 1
DPTR FM NORMAL -1
[CDD (BASE 65) ]
TOTAL THIS MO. 224
DPTR FM NORMAL -44 [PRESSURE DATA]
TOTAL FM JAN 1 694 HIGHEST SLP 30.23 ON 2
DPTR FM NORMAL -168 LOWEST SLP 29.67 ON 10
[REMARKS]
#FINAL-08-23#