000
CXUS52 KMFL 011030
CF6PMP
PRELIMINARY LOCAL CLIMATOLOGICAL DATA (WS FORM: F-6)
STATION: POMPANO BEACH ARPK
MONTH: OCTOBER
YEAR: 2022
LATITUDE: 26 14 N
LONGITUDE: 80 7 W
TEMPERATURE IN F: :PCPN: SNOW: WIND :SUNSHINE: SKY :PK WND
================================================================================
1 2 3 4 5 6A 6B 7 8 9 10 11 12 13 14 15 16 17 18
12Z AVG MX 2MIN
DY MAX MIN AVG DEP HDD CDD WTR SNW DPTH SPD SPD DIR MIN PSBL S-S WX SPD DR
================================================================================
1 86 73 80 -2 0 15 0.02 0.0 0 9.2 17 40 M M 7 1 20 30
2 87 74 81 -1 0 16 1.02 0.0 0 5.5 13 340 M M 10 1 17 330
3 88 70 79 -3 0 14 0.00 0.0 0 6.9 14 40 M M 3 18 60
4 87 72 80 -2 0 15 0.00 0.0 0 8.8 18 30 M M 3 23 30
5 86 72 79 -3 0 14 0.00 0.0 0 8.8 16 40 M M 5 20 50
6 86 73 80 -2 0 15 0.00 0.0 0 8.2 17 40 M M 1 23 30
7 85 70 78 -4 0 13 0.00 0.0 0 8.8 17 40 M M 2 21 40
8 85 73 79 -2 0 14 0.05 0.0 0 12.9 21 50 M M 8 1 26 50
9 84 77 81 0 0 16 0.38 0.0 0 6.6 17 120 M M 7 138 21 120
10 87 75 81 0 0 16 0.00 0.0 M 5.3 12 100 M M 1 22 110
11 88 81 85 4 0 20 0.00 0.0 M 9.0 14 130 M M 3 26 110
12 89 80 85 4 0 20 0.01 0.0 M 9.2 20 90 M M 2 25 90
13 90 74 82 1 0 17 2.46 M M 5.6 26 180 M M 4 1238 35 180
14 85 75 80 0 0 15 T M M 5.2 12 100 M M 3 14 340
15 85 76 81 1 0 16 0.37 M M 9.7 21 50 M M 4 13 25 40
16 86 80 83 3 0 18 0.00 M M 10.4 16 70 M M 4 20 60
17 87 75 81 1 0 16 0.37 M M 8.8 18 140 M M 6 13 22 130
18 86 73 80 0 0 15 0.00 0.0 0 7.0 16 250 M M 3 26 300
19 78 61 70 -10 0 5 0.58 0.0 0 9.2 16 320 M M 7 18 22 330
20 82 61 72 -7 0 7 0.02 0.0 0 9.6 20 30 M M 8 24 20
21 84 66 75 -4 0 10 0.00 0.0 0 13.3 22 30 M M 7 28 30
22 84 67 76 -3 0 11 0.00 0.0 0 10.0 20 40 M M 2 24 40
23 85 65 75 -4 0 10 T 0.0 0 8.1 18 40 M M 2 24 40
24 85 69 77 -2 0 12 0.00 0.0 0 8.6 15 40 M M 2 21 40
25 85 69 77 -1 0 12 0.00 M M 8.5 17 40 M M 1 23 40
26 87 66 77 -1 0 12 0.00 0.0 0 3.5 12 80 M M 1 14 80
27 86 70 78 0 0 13 0.00 M M 4.8 12 70 M M 1 16 80
28 86 72 79 1 0 14 0.00 M M 8.5 16 40 M M 1 20 30
29 87 79 83 5 0 18 T M M 11.8 18 50 M M 3 24 70
30 86 77 82 5 0 17 0.00 M M 10.5 16 70 M M 3 22 80
31 87 77 82 5 0 17 0.01 M M 8.7 15 110 M M 3 19 110
================================================================================
SM 2659 2242 0 443 5.29 0.0 261.0 M 117
================================================================================
AV 85.8 72.3 8.4 FASTST M M 4 MAX(MPH)
MISC ----> 26 180 35 180
================================================================================
NOTES:
# LAST OF SEVERAL OCCURRENCES
COLUMN 17 PEAK WIND IN M.P.H.
PRELIMINARY LOCAL CLIMATOLOGICAL DATA (WS FORM: F-6) , PAGE 2
STATION: POMPANO BEACH ARPK
MONTH: OCTOBER
YEAR: 2022
LATITUDE: 26 14 N
LONGITUDE: 80 7 W
[TEMPERATURE DATA] [PRECIPITATION DATA] SYMBOLS USED IN COLUMN 16
AVERAGE MONTHLY: 79.0 TOTAL FOR MONTH: 5.29 1 = FOG OR MIST
DPTR FM NORMAL: -0.9 DPTR FM NORMAL: -1.36 2 = FOG REDUCING VISIBILITY
HIGHEST: 90 ON 13 GRTST 24HR 2.46 ON 13-13 TO 1/4 MILE OR LESS
LOWEST: 61 ON 20,19 3 = THUNDER
SNOW, ICE PELLETS, HAIL 4 = ICE PELLETS
TOTAL MONTH: 0.0 INCH 5 = HAIL
GRTST 24HR 0.0 6 = FREEZING RAIN OR DRIZZLE
GRTST DEPTH: 0 7 = DUSTSTORM OR SANDSTORM:
VSBY 1/2 MILE OR LESS
8 = SMOKE OR HAZE
[NO. OF DAYS WITH] [WEATHER - DAYS WITH] 9 = BLOWING SNOW
X = TORNADO
MAX 32 OR BELOW: 0 0.01 INCH OR MORE: 11
MAX 90 OR ABOVE: 1 0.10 INCH OR MORE: 6
MIN 32 OR BELOW: 0 0.50 INCH OR MORE: 3
MIN 0 OR BELOW: 0 1.00 INCH OR MORE: 2
[HDD (BASE 65) ]
TOTAL THIS MO. 0 CLEAR (SCALE 0-3) 16
DPTR FM NORMAL 0 PTCLDY (SCALE 4-7) 14
TOTAL FM JUL 1 0 CLOUDY (SCALE 8-10) 1
DPTR FM NORMAL 0
[CDD (BASE 65) ]
TOTAL THIS MO. 443
DPTR FM NORMAL -21 [PRESSURE DATA]
TOTAL FM JAN 1 4537 HIGHEST SLP 30.12 ON 11
DPTR FM NORMAL 440 LOWEST SLP 29.77 ON 18
[REMARKS]
#FINAL-10-22#