000
CXUS55 KALY 010710
CF6POU
PRELIMINARY LOCAL CLIMATOLOGICAL DATA (WS FORM: F-6)
STATION: POUGHKEEPSIE NY
MONTH: MAY
YEAR: 2023
LATITUDE: 41 37 N
LONGITUDE: 73 53 W
TEMPERATURE IN F: :PCPN: SNOW: WIND :SUNSHINE: SKY :PK WND
================================================================================
1 2 3 4 5 6A 6B 7 8 9 10 11 12 13 14 15 16 17 18
12Z AVG MX 2MIN
DY MAX MIN AVG DEP HDD CDD WTR SNW DPTH SPD SPD DIR MIN PSBL S-S WX SPD DR
================================================================================
1 60 42 51 -4 14 0 0.14 M M 7.8 24 270 M M 8 1 31 270
2 56 42 49 -6 16 0 0.04 M M 4.3 23 230 M M M 29 230
3 57 43 50 -6 15 0 0.03 M M 5.2 12 240 M M 9 15 260
4 58 46 52 -4 13 0 0.02 M M 4.6 10 20 M M 10 13 10
5 64 43 54 -2 11 0 0.07 M M 3.1 13 290 M M 6 12 16 90
6 72 38 55 -1 10 0 0.00 M M 3.4 16 30 M M 3 12 21 310
7 77 40 59 2 6 0 0.16 M M 3.9 21 250 M M 2 1 28 260
8 75 49 62 5 3 0 0.00 M M 4.8 16 320 M M 3 12 22 320
9 67 41 54 -4 11 0 0.00 M M 3.4 15 360 M M 0 19 20
10 74 36 55 -3 10 0 0.00 M M 1.1 10 290 M M 0 14 290
11 81 41 61 3 4 0 0.00 M M 1.4 9 260 M M 0 13 230
12 86 49 68 10 0 3 0.00 M M 2.8 14 250 M M 2 19 290
13 81 56 69 10 0 4 0.00 M M 5.2 16 10 M M 2 21 10
14 69 43 56 -3 9 0 0.00 M M 5.3 17 30 M M 0 22 20
15 76 36 56 -3 9 0 0.00 M M 4.5 17 250 M M 0 24 220
16 80 46 63 3 2 0 0.00 M M 5.7 18 230 M M 0 26 240
17 63 36 50 -10 15 0 0.00 M M 9.1 20 330 M M 1 29 360
18 65 30 48 -12 17 0 0.00 M M 4.4 14 250 M M 0 21 250
19 71 41 56 -4 9 0 0.00 M M 4.4 15 170 M M 4 22 220
20 67 46 57 -4 8 0 0.51 M M 2.0 12 110 M M 8 18 15 130
21 71 49 60 -1 5 0 0.00 M M 3.7 15 350 M M 4 1 21 350
22 77 45 61 0 4 0 0.00 M M 2.3 10 150 M M 3 128 14 150
23 74 50 62 0 3 0 0.00 M M 3.7 15 150 M M 1 20 140
24 79 46 63 1 2 0 T M M 7.3 26 360 M M 2 36 360
25 66 42 54 -8 11 0 T M M 8.4 22 40 M M 2 28 40
26 73 39 56 -6 9 0 0.00 M M 2.8 16 20 M M 1 23 60
27 80 40 60 -3 5 0 0.00 M M 1.3 9 260 M M 0 12 280
28 85 47 66 3 0 1 0.00 M M 2.8 10 240 M M 0 13 240
29 83 49 66 3 0 1 0.00 M M 4.3 14 140 M M 0 22 110
30 77 45 61 -3 4 0 0.00 M M 4.2 12 230 M M 0 8 16 140
31 84 43 64 0 1 0 0.00 M M 1.8 10 250 M M 0 14 160
================================================================================
SM 2248 1339 226 9 0.97 M 129.0 M 71
================================================================================
AV 72.5 43.2 4.2 FASTST M M 2 MAX(MPH)
MISC ----> 26 360 36 360
================================================================================
NOTES:
# LAST OF SEVERAL OCCURRENCES
COLUMN 17 PEAK WIND IN M.P.H.
PRELIMINARY LOCAL CLIMATOLOGICAL DATA (WS FORM: F-6) , PAGE 2
STATION: POUGHKEEPSIE NY
MONTH: MAY
YEAR: 2023
LATITUDE: 41 37 N
LONGITUDE: 73 53 W
[TEMPERATURE DATA] [PRECIPITATION DATA] SYMBOLS USED IN COLUMN 16
AVERAGE MONTHLY: 57.9 TOTAL FOR MONTH: 0.97 1 = FOG OR MIST
DPTR FM NORMAL: -1.6 DPTR FM NORMAL: -2.50 2 = FOG REDUCING VISIBILITY
HIGHEST: 86 ON 12 GRTST 24HR 1.23 ON 30- 1 TO 1/4 MILE OR LESS
LOWEST: 30 ON 18 3 = THUNDER
SNOW, ICE PELLETS, HAIL 4 = ICE PELLETS
TOTAL MONTH: M 5 = HAIL
GRTST 24HR M ON M 6 = FREEZING RAIN OR DRIZZLE
GRTST DEPTH: M ON M 7 = DUSTSTORM OR SANDSTORM:
VSBY 1/2 MILE OR LESS
8 = SMOKE OR HAZE
[NO. OF DAYS WITH] [WEATHER - DAYS WITH] 9 = BLOWING SNOW
X = TORNADO
MAX 32 OR BELOW: 0 0.01 INCH OR MORE: 7
MAX 90 OR ABOVE: 0 0.10 INCH OR MORE: 3
MIN 32 OR BELOW: 1 0.50 INCH OR MORE: 1
MIN 0 OR BELOW: 0 1.00 INCH OR MORE: 0
[HDD (BASE 65) ]
TOTAL THIS MO. 226 CLEAR (SCALE 0-3) 22
DPTR FM NORMAL 20 PTCLDY (SCALE 4-7) 6
TOTAL FM JUL 1 5163 CLOUDY (SCALE 8-10) 3
DPTR FM NORMAL -795
[CDD (BASE 65) ]
TOTAL THIS MO. 9
DPTR FM NORMAL -26 [PRESSURE DATA]
TOTAL FM JAN 1 23 HIGHEST SLP M ON M
DPTR FM NORMAL -17 LOWEST SLP 29.00 ON 1
[REMARKS]
#FINAL-05-23#