000
CXZS50 NSTU 302342
CLMPPG
CLIMATE REPORT
NATIONAL WEATHER SERVICE PAGO PAGO AS
1243 PM SST TUE JAN 30 2024
.....................................
...THE PAGO PAGO AIRPORT CLIMATE SUMMARY FOR THE MONTH OF DECEMBER 2023...
CLIMATE NORMAL PERIOD 1991 TO 2020
CLIMATE RECORD PERIOD 1956 TO 2023
WEATHER ITEM OBSERVED DATES NORMAL DEPARTURE LAST YEAR
VALUE VALUE FROM VALUE DATE(S)
NORMAL
.............................................................................
TEMPERATURE (F)
RECORD
HIGH 94 12/16/2001
LOW 65 12/21/1964
HIGHEST 91 12/07 88 3 90 12/28
LOWEST 73 12/14 78 -5 73 12/19
AVG. MAXIMUM 87.3 87.6 -0.3 87.5
AVG. MINIMUM 78.8 78.2 0.6 77.2
MEAN 83.1 82.9 0.2 82.4
DAYS MAX >= 90 6 5.6 0.4 1.0
DAYS MAX <= 32 0 0.0 0.0 0
DAYS MIN <= 32 0 0.0 0.0 0
DAYS MIN <= 0 0 0.0 0.0 0
PRECIPITATION (INCHES)
RECORD
MAXIMUM 32.00 1959
MINIMUM 0.29 2015
TOTALS 25.00 14.35 10.65 9.10
DAILY AVG. 0.81 0.46 0.46 0.29
DAYS >= .01 29 24 5 24
DAYS >= .10 17 17 0 17
DAYS >= .50 11 8 3 5
DAYS >= 1.00 7 5 2 2
GREATEST
24 HR. TOTAL 7.05 12/13 TO 14 2.19 12/17
DEGREE DAYS
HEATING TOTAL 000 00 00 00
SINCE 1/1 000 00 00 00
COOLING TOTAL 568 555 13 539
SINCE 1/1 6380 6297 83 6254
WIND (MPH)
AVERAGE WIND SPEED 10.3
HIGHEST WIND SPEED/DIRECTION 38/150 DATE 12/16
HIGHEST GUST SPEED/DIRECTION MM DATE MM
SKY COVER
POSSIBLE SUNSHINE (PERCENT) MM
AVERAGE SKY COVER 6.5
NUMBER OF DAYS FAIR 0
NUMBER OF DAYS PC 14
NUMBER OF DAYS CLOUDY 17
AVERAGE RH (PERCENT) 92.3
WEATHER CONDITIONS NUMBER OF DAYS WITH
THUNDERSTORM 8 MIXED PRECIP 00
HEAVY RAIN 10 RAIN 00
LIGHT RAIN 29 FREEZING RAIN 00
LT FREEZING RAIN 00 HAIL 00
HEAVY SNOW 00 SNOW 00
LIGHT SNOW 00 SLEET 00
FOG 00 FOG W/VIS <= 1/4 MILE 00
HAZE 00
- INDICATES NEGATIVE NUMBERS
R INDICATES RECORD WAS SET OR TIED
MM INDICATES DATA IS MISSING
T INDICATES TRACE AMOUNTTEMPERATURE (F)