000
CXUS56 KPDT 011810
CF6PSC
PRELIMINARY LOCAL CLIMATOLOGICAL DATA (WS FORM: F-6)
STATION: PASCO WA
MONTH: MAY
YEAR: 2022
LATITUDE: 46 16 N
LONGITUDE: 119 7 W
TEMPERATURE IN F: :PCPN: SNOW: WIND :SUNSHINE: SKY :PK WND
================================================================================
1 2 3 4 5 6A 6B 7 8 9 10 11 12 13 14 15 16 17 18
12Z AVG MX 2MIN
DY MAX MIN AVG DEP HDD CDD WTR SNW DPTH SPD SPD DIR MIN PSBL S-S WX SPD DR
================================================================================
1 68 45 57 0 8 0 0.00 M M 4.8 13 140 M M 3 18 160
2 58 45 52 -5 13 0 0.09 M M 9.4 26 250 M M 7 37 250
3 72 49 61 3 4 0 0.00 M M 10.0 17 210 M M 1 26 220
4 80 49 65 7 0 0 T M M 4.1 15 220 M M 0 17 210
5 67 57 62 4 3 0 0.29 M M 9.4 23 230 M M 5 1 32 230
6 69 55 62 3 3 0 0.09 M M 9.1 25 290 M M 7 38 31 290
7 67 46 57 -2 8 0 T M M 18.4 32 230 M M 5 43 220
8 64 45 55 -4 10 0 0.00 M M 12.7 22 230 M M 4 29 240
9 66 43 55 -5 10 0 0.00 M M 9.5 24 220 M M 2 31 240
10 68 43 56 -4 9 0 0.00 M M 6.9 15 320 M M 0 24 230
11 70 39 55 -5 10 0 0.00 M M 5.4 16 200 M M 0 20 230
12 66 48 57 -3 8 0 0.08 M M 10.7 26 240 M M 7 35 240
13 64 41 53 -8 12 0 T M M 9.2 18 220 M M 3 26 210
14 73 49 61 0 4 0 0.27 M M 3.0 9 320 M M 6 1 13 330
15 79 52 66 5 0 1 0.00 M M 6.4 21 310 M M 2 29 310
16 77 48 63 1 2 0 0.00 M M 12.7 25 230 M M 0 34 190
17 74 43 59 -3 6 0 0.00 M M 5.6 14 190 M M 0 20 190
18 71 53 62 0 3 0 0.01 M M 16.5 40 230 M M 4 57 240
19 69 46 58 -4 7 0 T M M 12.8 26 230 M M 3 40 240
20 72 43 58 -5 7 0 0.00 M M 8.1 24 310 M M 5 32 300
21 75 43 59 -4 6 0 T M M 6.5 26 310 M M 4 33 310
22 77 40 59 -4 6 0 0.00 M M 3.5 9 60 M M 0 14 180
23 80 50 65 2 0 0 0.01 M M 6.1 29 310 M M 4 36 320
24 75 43 59 -5 6 0 0.00 M M 4.9 17 190 M M 3 22 210
25 83 58 71 7 0 6 0.00 M M 7.7 16 220 M M 5 21 220
26 83 54 69 5 0 4 0.08 M M 4.7 24 270 M M 2 33 260
27 70 57 64 0 1 0 0.01 M M 10.2 22 180 M M 3 29 190
28 73 52 63 -1 2 0 T M M 6.9 15 360 M M 5 19 360
29 70 55 63 -2 2 0 0.02 M M 9.8 25 310 M M 9 33 310
30 68 52 60 -5 5 0 0.01 M M 6.7 14 230 M M 7 18 230
31 78 48 63 -2 2 0 0.00 M M 4.2 12 150 M M 0 17 170
================================================================================
SM 2226 1491 157 11 0.96 M 255.9 M 106
================================================================================
AV 71.8 48.1 8.3 FASTST M M 3 MAX(MPH)
MISC ----> 40 230 57 240
================================================================================
NOTES:
# LAST OF SEVERAL OCCURRENCES
COLUMN 17 PEAK WIND IN M.P.H.
PRELIMINARY LOCAL CLIMATOLOGICAL DATA (WS FORM: F-6) , PAGE 2
STATION: PASCO WA
MONTH: MAY
YEAR: 2022
LATITUDE: 46 16 N
LONGITUDE: 119 7 W
[TEMPERATURE DATA] [PRECIPITATION DATA] SYMBOLS USED IN COLUMN 16
AVERAGE MONTHLY: 60.0 TOTAL FOR MONTH: 0.96 1 = FOG OR MIST
DPTR FM NORMAL: -1.4 DPTR FM NORMAL: 0.25 2 = FOG REDUCING VISIBILITY
HIGHEST: 83 ON 26,25 GRTST 24HR 0.39 ON 30- 1 TO 1/4 MILE OR LESS
LOWEST: 39 ON 11 3 = THUNDER
SNOW, ICE PELLETS, HAIL 4 = ICE PELLETS
TOTAL MONTH: M 5 = HAIL
GRTST 24HR M ON M 6 = FREEZING RAIN OR DRIZZLE
GRTST DEPTH: M ON M 7 = DUSTSTORM OR SANDSTORM:
VSBY 1/2 MILE OR LESS
8 = SMOKE OR HAZE
[NO. OF DAYS WITH] [WEATHER - DAYS WITH] 9 = BLOWING SNOW
X = TORNADO
MAX 32 OR BELOW: 0 0.01 INCH OR MORE: 11
MAX 90 OR ABOVE: 0 0.10 INCH OR MORE: 2
MIN 32 OR BELOW: 0 0.50 INCH OR MORE: 0
MIN 0 OR BELOW: 0 1.00 INCH OR MORE: 0
[HDD (BASE 65) ]
TOTAL THIS MO. 157 CLEAR (SCALE 0-3) 15
DPTR FM NORMAL 7 PTCLDY (SCALE 4-7) 15
TOTAL FM JUL 1 4621 CLOUDY (SCALE 8-10) 1
DPTR FM NORMAL -354
[CDD (BASE 65) ]
TOTAL THIS MO. 11
DPTR FM NORMAL -28 [PRESSURE DATA]
TOTAL FM JAN 1 11 HIGHEST SLP 30.28 ON 22
DPTR FM NORMAL -30 LOWEST SLP 29.58 ON 6
[REMARKS]
#FINAL-05-22#