000
CXUS56 KPDT 011810
CF6PSC
PRELIMINARY LOCAL CLIMATOLOGICAL DATA (WS FORM: F-6)
STATION: PASCO WA
MONTH: OCTOBER
YEAR: 2023
LATITUDE: 46 16 N
LONGITUDE: 119 7 W
TEMPERATURE IN F: :PCPN: SNOW: WIND :SUNSHINE: SKY :PK WND
================================================================================
1 2 3 4 5 6A 6B 7 8 9 10 11 12 13 14 15 16 17 18
12Z AVG MX 2MIN
DY MAX MIN AVG DEP HDD CDD WTR SNW DPTH SPD SPD DIR MIN PSBL S-S WX SPD DR
================================================================================
1 74 39 57 -1 8 0 0.00 M M 4.4 16 340 M M 1 22 320
2 74 42 58 0 7 0 0.08 M M 7.4 17 230 M M 4 1 24 220
3 75 56 66 8 0 1 0.06 M M 4.6 14 210 M M 6 1 19 210
4 80 53 67 10 0 2 0.00 M M 5.8 16 210 M M 0 20 200
5 81 46 64 7 1 0 0.00 M M 3.5 12 340 M M 0 16 10
6 79 47 63 7 2 0 0.00 M M 4.0 13 340 M M 0 16 350
7 79 45 62 6 3 0 0.00 M M 3.5 9 350 M M 0 16 320
8 82 46 64 8 1 0 0.00 M M 3.0 7 330 M M 0 10 350
9 78 45 62 7 3 0 0.00 M M 5.3 17 260 M M 2 1 22 270
10 63 54 59 4 6 0 0.11 M M 6.9 18 230 M M 7 1 25 240
11 66 45 56 2 9 0 0.09 M M 8.8 22 230 M M 5 30 230
12 69 39 54 0 11 0 0.00 M M 3.4 10 360 M M 2 12 11 360
13 70 37 54 1 11 0 0.00 M M 3.5 9 300 M M 0 13 330
14 72 49 61 8 4 0 T M M 3.5 9 120 M M 6 1 10 120
15 72 53 63 11 2 0 0.00 M M 4.8 16 340 M M 4 18 19 340
16 65 47 56 4 9 0 0.01 M M 5.7 18 220 M M 4 24 210
17 70 42 56 4 9 0 0.00 M M 2.9 14 260 M M 1 18 240
18 73 38 56 5 9 0 0.00 M M 2.8 7 350 M M 0 18 8 130
19 78 40 59 8 6 0 0.00 M M 2.3 8 100 M M 0 1 10 130
20 73 42 58 8 7 0 0.00 M M 2.3 8 340 M M 0 1 8 160
21 72 41 57 7 8 0 0.00 M M 1.7 8 20 M M 0 1 9 360
22 71 46 59 9 6 0 0.00 M M 1.5 10 360 M M 2 13 360
23 68 43 56 7 9 0 0.00 M M 5.7 16 230 M M 2 1 22 230
24 54 34 44 -5 21 0 0.29 M M 6.2 17 200 M M 5 21 190
25 55 36 46 -2 19 0 0.10 M M 9.1 17 320 M M 7 1 24 310
26 49 32 41 -7 24 0 0.00 M M 4.9 13 350 M M 8 15 350
27 49 27 38 -10 27 0 0.00 M M 6.3 15 360 M M 4 19 360
28 48 23 36 -11 29 0 0.00 M M 2.0 8 10 M M 0 10 280
29 48 20 34 -13 31 0 0.00 M M 2.0 7 330 M M 0 1 10 350
30 51 21 36 -10 29 0 0.00 M M 3.9 10 330 M M 0 15 350
31 46 22 34 -12 31 0 0.00 M M 1.4 6 110 M M 0 1 8 250
================================================================================
SM 2084 1250 342 3 0.74 M 133.1 M 70
================================================================================
AV 67.2 40.3 4.3 FASTST M M 2 MAX(MPH)
MISC ----> 22 230 30 230
================================================================================
NOTES:
# LAST OF SEVERAL OCCURRENCES
COLUMN 17 PEAK WIND IN M.P.H.
PRELIMINARY LOCAL CLIMATOLOGICAL DATA (WS FORM: F-6) , PAGE 2
STATION: PASCO WA
MONTH: OCTOBER
YEAR: 2023
LATITUDE: 46 16 N
LONGITUDE: 119 7 W
[TEMPERATURE DATA] [PRECIPITATION DATA] SYMBOLS USED IN COLUMN 16
AVERAGE MONTHLY: 53.8 TOTAL FOR MONTH: 0.74 1 = FOG OR MIST
DPTR FM NORMAL: 1.7 DPTR FM NORMAL: 0.08 2 = FOG REDUCING VISIBILITY
HIGHEST: 82 ON 8 GRTST 24HR 0.38 ON 24-25 TO 1/4 MILE OR LESS
LOWEST: 20 ON 29 3 = THUNDER
SNOW, ICE PELLETS, HAIL 4 = ICE PELLETS
TOTAL MONTH: M 5 = HAIL
GRTST 24HR M ON M 6 = FREEZING RAIN OR DRIZZLE
GRTST DEPTH: M ON M 7 = DUSTSTORM OR SANDSTORM:
VSBY 1/2 MILE OR LESS
8 = SMOKE OR HAZE
[NO. OF DAYS WITH] [WEATHER - DAYS WITH] 9 = BLOWING SNOW
X = TORNADO
MAX 32 OR BELOW: 0 0.01 INCH OR MORE: 7
MAX 90 OR ABOVE: 0 0.10 INCH OR MORE: 3
MIN 32 OR BELOW: 6 0.50 INCH OR MORE: 0
MIN 0 OR BELOW: 0 1.00 INCH OR MORE: 0
[HDD (BASE 65) ]
TOTAL THIS MO. 342 CLEAR (SCALE 0-3) 20
DPTR FM NORMAL -60 PTCLDY (SCALE 4-7) 11
TOTAL FM JUL 1 423 CLOUDY (SCALE 8-10) 0
DPTR FM NORMAL -75
[CDD (BASE 65) ]
TOTAL THIS MO. 3
DPTR FM NORMAL 0 [PRESSURE DATA]
TOTAL FM JAN 1 1162 HIGHEST SLP 30.68 ON 29
DPTR FM NORMAL 374 LOWEST SLP 29.50 ON 10
[REMARKS]
#FINAL-10-23#