000
CXUS51 KALY 010701 RRA
CLSPSF
CLIMATE REPORT
NATIONAL WEATHER SERVICE ALBANY NY
152 AM EST SUN MAR 1 2020
...................................
...THE PITTSFIELD MA CLIMATE SUMMARY FOR THE SEASON, FROM
12/1/2019 TO 2/29/2020...
CLIMATE NORMAL PERIOD 1981 TO 2010
CLIMATE RECORD PERIOD 9999 TO 9999
WEATHER OBSERVED NORMAL DEPART LAST YEAR`S
VALUE DATE(S) VALUE FROM VALUE DATE(S)
NORMAL
................................................................
TEMPERATURE (F)
HIGHEST 64 01/12 60 02/04
LOWEST -4 02/15 -11 01/21
AVG. MAXIMUM 36.3 31.7 4.6 33.7
AVG. MINIMUM 21.2 15.4 5.8 17.6
MEAN 28.8 23.6 5.2 25.6
DAYS MAX >= 90 0 0.0 0.0 0
DAYS MAX <= 32 28 47.8 -19.8 45
DAYS MIN <= 32 80 85.4 -5.4 86
DAYS MIN <= 0 1 8.7 -7.7 7
PRECIPITATION (INCHES)
TOTALS 9.41 8.60 0.81 11.41
DAILY AVG. 0.10 0.10 0.00 0.13
DAYS >= .01 41 44
DAYS >= .10 21 24
DAYS >= .50 7 7
DAYS >= 1.00 1 2
GREATEST
24 HR. TOTAL 1.03 12/14 TO 12/14
DEGREE_DAYS
HEATING TOTAL 3275 3729 -454 3524
SINCE 7/1 4802 5418 -616 5051
COOLING TOTAL 0 0 0 0
SINCE 1/1 0 0 0 0
FREEZE DATES
EARLIEST 10/04
LATEST 05/07
.................................................................
WIND (MPH)
AVERAGE WIND SPEED 7.3
HIGHEST WIND SPEED/DIRECTION 36/260 DATE 02/27
HIGHEST GUST SPEED/DIRECTION 54/270 DATE 02/07
WEATHER CONDITIONS. NUMBER OF DAYS WITH
THUNDERSTORM 0 MIXED PRECIP 0
HEAVY RAIN 2 RAIN 8
LIGHT RAIN 22 FREEZING RAIN 1
LT FREEZING RAIN 5 HAIL 0
HEAVY SNOW 8 SNOW 13
LIGHT SNOW 42 SLEET 1
FOG 51 FOG W/VIS <= 1/4 MILE 13
HAZE 30
- INDICATES NEGATIVE NUMBERS.
R INDICATES RECORD WAS SET OR TIED.
MM INDICATES DATA IS MISSING.
T INDICATES TRACE AMOUNT.
$$