000
CXUS55 KPUB 011510
CF6PUB
PRELIMINARY LOCAL CLIMATOLOGICAL DATA (WS FORM: F-6)
STATION: PUEBLO CO
MONTH: SEPTEMBER
YEAR: 2023
LATITUDE: 38 16 N
LONGITUDE: 104 31 W
TEMPERATURE IN F: :PCPN: SNOW: WIND :SUNSHINE: SKY :PK WND
================================================================================
1 2 3 4 5 6A 6B 7 8 9 10 11 12 13 14 15 16 17 18
12Z AVG MX 2MIN
DY MAX MIN AVG DEP HDD CDD WTR SNW DPTH SPD SPD DIR MIN PSBL S-S WX SPD DR
================================================================================
1 101 58 80 8 0 15 0.00 0.0 0 7.7 23 100 M M 0 32 120
2 99 58 79 7 0 14 0.00 0.0 0 6.4 20 110 M M 0 25 100
3 97 66 82 11 0 17 0.00 0.0 0 5.6 24 220 M M 0 3 30 180
4 97 58 78 7 0 13 0.00 0.0 0 8.6 26 180 M M 0 34 220
5 84 52 68 -3 0 3 0.00 0.0 0 8.0 18 110 M M 0 27 120
6 91 53 72 2 0 7 0.00 0.0 0 7.6 17 110 M M 0 21 110
7 96 54 75 5 0 10 0.00 0.0 0 7.1 18 120 M M 0 23 130
8 94 54 74 4 0 9 0.00 0.0 0 9.3 24 110 M M 0 31 120
9 95 54 75 6 0 10 0.00 0.0 0 7.4 21 130 M M 0 26 130
10 85 59 72 3 0 7 0.32 0.0 0 11.8 33 20 M M 3 13 44 30
11 67 55 61 -8 4 0 1.02 0.0 0 6.2 16 110 M M 8 1 20 120
12 72 53 63 -5 2 0 0.01 0.0 0 5.4 15 120 M M 6 12 20 130
13 75 54 65 -3 0 0 0.00 0.0 0 3.1 10 80 M M 2 1 15 110
14 79 52 66 -2 0 1 T 0.0 0 8.8 33 30 M M 5 123 42 20
15 61 54 58 -9 7 0 0.28 0.0 0 4.6 17 30 M M 10 1 22 40
16 75 47 61 -6 4 0 0.00 0.0 0 3.6 10 120 M M 0 14 110
17 85 46 66 0 0 1 0.00 0.0 0 6.0 14 120 M M 0 19 100
18 87 51 69 3 0 4 0.00 0.0 0 8.5 17 300 M M 0 24 280
19 84 58 71 5 0 6 T 0.0 0 11.2 31 320 M M 1 3 41 320
20 86 48 67 2 0 2 0.00 0.0 0 7.1 23 220 M M 0 30 220
21 86 53 70 6 0 5 0.00 0.0 0 5.3 17 220 M M 0 25 230
22 89 45 67 3 0 2 0.00 0.0 0 5.3 17 200 M M 0 24 200
23 77 54 66 2 0 1 0.00 0.0 0 9.5 21 110 M M 0 26 110
24 80 46 63 0 2 0 0.00 0.0 0 4.3 13 60 M M 0 15 60
25 86 45 66 3 0 1 0.00 0.0 0 7.0 16 100 M M 0 21 140
26 90 50 70 8 0 5 0.00 0.0 0 7.1 13 120 M M 0 20 140
27 87 49 68 6 0 3 0.00 0.0 0 5.5 17 130 M M 0 24 110
28 91 48 70 9 0 5 0.00 0.0 0 5.1 13 130 M M 0 18 120
29 90 55 73 12 0 8 0.00 0.0 0 9.1 24 110 M M 0 30 90
30 92 49 71 11 0 6 0.00 0.0 0 9.3 36 190 M M 0 48 210
================================================================================
SM 2578 1578 19 155 1.63 0.0 211.5 M 35
================================================================================
AV 85.9 52.6 7.1 FASTST M M 1 MAX(MPH)
MISC ----> 36 190 48 210
================================================================================
NOTES:
COLUMN 7; USED BACKUP COOP OBS (05-8992) TO SUPPLEMENT PRECIP ON THE 12TH.
WIDESPREAD DRIZZLE TO LIGHT FOR ASOS TO DETECT OCCURRED.
COLUMN 17 PEAK WIND IN M.P.H.
PRELIMINARY LOCAL CLIMATOLOGICAL DATA (WS FORM: F-6) , PAGE 2
STATION: PUEBLO CO
MONTH: SEPTEMBER
YEAR: 2023
LATITUDE: 38 16 N
LONGITUDE: 104 31 W
[TEMPERATURE DATA] [PRECIPITATION DATA] SYMBOLS USED IN COLUMN 16
AVERAGE MONTHLY: 69.3 TOTAL FOR MONTH: 1.63 1 = FOG OR MIST
DPTR FM NORMAL: 2.7 DPTR FM NORMAL: 0.98 2 = FOG REDUCING VISIBILITY
HIGHEST: 101 ON 1 GRTST 24HR 1.34 ON 10-11 TO 1/4 MILE OR LESS
LOWEST: 45 ON 22,25 3 = THUNDER
SNOW, ICE PELLETS, HAIL 4 = ICE PELLETS
TOTAL MONTH: 0.0 INCH 5 = HAIL
GRTST 24HR 0.0 6 = FREEZING RAIN OR DRIZZLE
GRTST DEPTH: 0 7 = DUSTSTORM OR SANDSTORM:
VSBY 1/2 MILE OR LESS
8 = SMOKE OR HAZE
[NO. OF DAYS WITH] [WEATHER - DAYS WITH] 9 = BLOWING SNOW
X = TORNADO
MAX 32 OR BELOW: 0 0.01 INCH OR MORE: 4
MAX 90 OR ABOVE: 12 0.10 INCH OR MORE: 3
MIN 32 OR BELOW: 0 0.50 INCH OR MORE: 1
MIN 0 OR BELOW: 0 1.00 INCH OR MORE: 1
[HDD (BASE 65) ]
TOTAL THIS MO. 19 CLEAR (SCALE 0-3) 26
DPTR FM NORMAL -51 PTCLDY (SCALE 4-7) 2
TOTAL FM JUL 1 19 CLOUDY (SCALE 8-10) 2
DPTR FM NORMAL -55
[CDD (BASE 65) ]
TOTAL THIS MO. 155
DPTR FM NORMAL 37 [PRESSURE DATA]
TOTAL FM JAN 1 1131 HIGHEST SLP 30.22 ON 16
DPTR FM NORMAL 58 LOWEST SLP 29.45 ON 4
[REMARKS]
#FINAL-09-23#