000
CXUS56 KOTX 011010
CF6PUW
PRELIMINARY LOCAL CLIMATOLOGICAL DATA (WS FORM: F-6)
STATION: PULLMAN_MOSCOW AIRPORT
MONTH: FEBRUARY
YEAR: 2023
LATITUDE: 46 44 N
LONGITUDE: 117 7 W
TEMPERATURE IN F: :PCPN: SNOW: WIND :SUNSHINE: SKY :PK WND
================================================================================
1 2 3 4 5 6A 6B 7 8 9 10 11 12 13 14 15 16 17 18
12Z AVG MX 2MIN
DY MAX MIN AVG DEP HDD CDD WTR SNW DPTH SPD SPD DIR MIN PSBL S-S WX SPD DR
================================================================================
1 34 25 30 -4 35 0 0.00 M M 14.3 21 130 M M 4 26 130
2 43 26 35 1 30 0 0.00 M M 13.1 21 130 M M 0 27 130
3 44 31 38 4 27 0 T M M 11.1 22 100 M M 5 27 120
4 48 33 41 7 24 0 T M M 8.3 15 100 M M 7 17 90
5 40 33 37 3 28 0 0.24 M M 10.6 23 240 M M 9 1 30 250
6 44 33 39 5 26 0 0.00 M M 10.8 21 240 M M 7 29 240
7 44 30 37 3 28 0 0.12 M M 9.7 26 250 M M 7 1 38 250
8 41 27 34 0 31 0 0.00 M M 12.5 26 240 M M 2 36 250
9 41 28 35 0 30 0 0.00 M M 14.1 21 100 M M 0 24 90
10 46 30 38 3 27 0 0.00 M M 5.7 16 120 M M 4 22 130
11 43 24 34 -1 31 0 0.00 M M 1.5 9 280 M M 1 11 300
12 46 27 37 2 28 0 0.00 M M 6.2 14 110 M M 0 16 100
13 43 30 37 2 28 0 0.03 M M 15.1 28 250 M M 7 38 250
14 35 22 29 -6 36 0 T M M 7.1 21 250 M M 7 18 28 250
15 38 20 29 -6 36 0 0.00 M M 4.0 10 90 M M 2 14 260
16 41 26 34 -1 31 0 0.00 M M 8.4 18 100 M M 0 23 90
17 44 29 37 1 28 0 0.00 M M 5.9 16 250 M M 9 22 250
18 43 29 36 0 29 0 T M M 9.5 21 270 M M 7 27 250
19 44 29 37 1 28 0 0.01 M M 15.5 28 250 M M 8 37 240
20 49 38 44 8 21 0 T M M 20.7 37 250 M M 7 60 260
21 43 30 37 1 28 0 0.06 M M 15.5 35 240 M M 8 1 49 250
22 30 12 21 -15 44 0 0.03 M M 16.3 28 90 M M 9 18 35 90
23 24 9 17 -20 48 0 0.01 M M 11.2 22 90 M M 8 8 26 90
24 25 2 14 -23 51 0 0.01 M M 3.4 10 120 M M 6 128 13 130
25 41 9 25 -12 40 0 0.00 M M 5.4 14 150 M M 1 128 17 100
26 37 27 32 -5 33 0 0.04 M M 13.3 29 250 M M 6 1 39 250
27 41 23 32 -5 33 0 0.09 M M 9.1 20 170 M M 5 18 26 140
28 39 18 29 -9 36 0 0.16 M M 5.9 18 220 M M 8 12 23 230
================================================================================
SM 1131 700 895 0 0.80 M 284.2 M 144
================================================================================
AV 40.4 25.0 10.1 FASTST M M 5 MAX(MPH)
MISC ----> 37 250 60 260
================================================================================
NOTES:
# LAST OF SEVERAL OCCURRENCES
COLUMN 17 PEAK WIND IN M.P.H.
PRELIMINARY LOCAL CLIMATOLOGICAL DATA (WS FORM: F-6) , PAGE 2
STATION: PULLMAN_MOSCOW AIRPORT
MONTH: FEBRUARY
YEAR: 2023
LATITUDE: 46 44 N
LONGITUDE: 117 7 W
[TEMPERATURE DATA] [PRECIPITATION DATA] SYMBOLS USED IN COLUMN 16
AVERAGE MONTHLY: 32.7 TOTAL FOR MONTH: 0.80 1 = FOG OR MIST
DPTR FM NORMAL: -2.7 DPTR FM NORMAL: -0.79 2 = FOG REDUCING VISIBILITY
HIGHEST: 49 ON 20 GRTST 24HR 0.24 ON 27-28 TO 1/4 MILE OR LESS
LOWEST: 2 ON 24 3 = THUNDER
SNOW, ICE PELLETS, HAIL 4 = ICE PELLETS
TOTAL MONTH: M 5 = HAIL
GRTST 24HR M ON M 6 = FREEZING RAIN OR DRIZZLE
GRTST DEPTH: M ON M 7 = DUSTSTORM OR SANDSTORM:
VSBY 1/2 MILE OR LESS
8 = SMOKE OR HAZE
[NO. OF DAYS WITH] [WEATHER - DAYS WITH] 9 = BLOWING SNOW
X = TORNADO
MAX 32 OR BELOW: 3 0.01 INCH OR MORE: 11
MAX 90 OR ABOVE: 0 0.10 INCH OR MORE: 3
MIN 32 OR BELOW: 24 0.50 INCH OR MORE: 0
MIN 0 OR BELOW: 0 1.00 INCH OR MORE: 0
[HDD (BASE 65) ]
TOTAL THIS MO. 895 CLEAR (SCALE 0-3) 8
DPTR FM NORMAL 66 PTCLDY (SCALE 4-7) 14
TOTAL FM JUL 1 4531 CLOUDY (SCALE 8-10) 6
DPTR FM NORMAL 76
[CDD (BASE 65) ]
TOTAL THIS MO. 0
DPTR FM NORMAL 0 [PRESSURE DATA]
TOTAL FM JAN 1 0 HIGHEST SLP M ON M
DPTR FM NORMAL 0 LOWEST SLP 29.44 ON 21
[REMARKS]
#FINAL-02-23#