000
CXUS51 KBOX 011356
CF6PVD
PRELIMINARY LOCAL CLIMATOLOGICAL DATA (WS FORM: F-6)
STATION: PROVIDENCE RI
MONTH: SEPTEMBER
YEAR: 2021
LATITUDE: 41 43 N
LONGITUDE: 71 26 W
TEMPERATURE IN F: :PCPN: SNOW: WIND :SUNSHINE: SKY :PK WND
================================================================================
1 2 3 4 5 6A 6B 7 8 9 10 11 12 13 14 15 16 17 18
12Z AVG MX 2MIN
DY MAX MIN AVG DEP HDD CDD WTR SNW DPTH SPD SPD DIR MIN PSBL S-S WX SPD DR
================================================================================
1 71 61 66 -4 0 1 1.14 0.0 0 8.2 26 30 M M 9 13 37 40
2 77 59 68 -2 0 3 2.75 0.0 0 15.1 30 10 M M 6 13 40 20
3 75 57 66 -4 0 1 0.00 0.0 0 8.7 16 340 M M 3 24 350
4 78 57 68 -2 0 3 0.00 0.0 0 7.5 15 290 M M 1 19 290
5 74 60 67 -2 0 2 0.01 0.0 0 8.1 18 200 M M 8 1 23 210
6 83 63 73 4 0 8 0.01 0.0 0 7.1 18 250 M M 5 1 23 240
7 80 59 70 1 0 5 0.00 0.0 0 7.0 14 230 M M 1 8 18 230
8 84 62 73 5 0 8 0.00 0.0 0 12.0 26 200 M M 5 36 200
9 75 67 71 3 0 6 0.50 0.0 0 5.3 15 180 M M 9 13 19 190
10 78 56 67 -1 0 2 T 0.0 0 8.6 21 330 M M 3 1 29 330
11 78 53 66 -1 0 1 0.00 0.0 0 8.6 16 200 M M 1 21 250
12 81 63 72 5 0 7 0.00 0.0 0 11.1 21 220 M M 3 29 230
13 82 62 72 5 0 7 0.00 0.0 0 7.1 16 350 M M 4 22 320
14 75 61 68 2 0 3 0.00 0.0 0 6.2 15 160 M M 6 19 160
15 86 70 78 12 0 13 0.00 0.0 0 11.0 23 210 M M 7 18 31 200
16 75 66 71 5 0 6 0.08 0.0 0 8.0 17 360 M M 10 13 21 360
17 72 65 69 4 0 4 T 0.0 0 9.9 15 10 M M 10 1 17 20
18 78 65 72 7 0 7 T 0.0 0 7.0 15 360 M M 7 1 19 10
19 75 57 66 2 0 1 0.00 0.0 0 7.0 18 40 M M 4 23 20
20 75 52 64 0 1 0 0.00 0.0 0 3.5 12 160 M M 2 16 160
21 77 52 65 1 0 0 0.01 0.0 0 5.0 13 150 M M 5 1 18 180
22 76 69 73 10 0 8 0.02 0.0 0 8.5 20 150 M M 8 1 25 160
23 81 70 76 13 0 11 0.01 0.0 0 12.4 21 160 M M 7 18 28 160
24 76 64 70 7 0 5 0.13 0.0 0 10.4 22 150 M M 9 13 31 150
25 76 62 69 7 0 4 0.01 0.0 0 3.0 12 10 M M 8 1 14 20
26 76 57 67 5 0 2 0.35 0.0 0 7.9 18 310 M M 4 13 26 320
27 77 53 65 4 0 0 0.00 0.0 0 9.2 21 230 M M 5 25 230
28 74 59 67 6 0 2 0.16 0.0 0 8.0 17 230 M M 7 13 24 240
29 67 50 59 -2 6 0 0.00 0.0 0 9.4 16 340 M M 4 8 26 330
30 66 50 58 -2 7 0 T 0.0 0 8.7 18 350 M M 7 24 340
================================================================================
SM 2298 1801 14 120 5.18 0.0 249.5 M 168
================================================================================
AV 76.6 60.0 8.3 FASTST M M 6 MAX(MPH)
MISC ----> 30 10 40 20
================================================================================
NOTES:
# LAST OF SEVERAL OCCURRENCES
COLUMN 17 PEAK WIND IN M.P.H.
PRELIMINARY LOCAL CLIMATOLOGICAL DATA (WS FORM: F-6) , PAGE 2
STATION: PROVIDENCE RI
MONTH: SEPTEMBER
YEAR: 2021
LATITUDE: 41 43 N
LONGITUDE: 71 26 W
[TEMPERATURE DATA] [PRECIPITATION DATA] SYMBOLS USED IN COLUMN 16
AVERAGE MONTHLY: 68.3 TOTAL FOR MONTH: 5.18 1 = FOG OR MIST
DPTR FM NORMAL: 2.7 DPTR FM NORMAL: 1.01 2 = FOG REDUCING VISIBILITY
HIGHEST: 86 ON 15 GRTST 24HR 3.89 ON 1- 2 TO 1/4 MILE OR LESS
LOWEST: 50 ON 30,29 3 = THUNDER
SNOW, ICE PELLETS, HAIL 4 = ICE PELLETS
TOTAL MONTH: 0.0 INCH 5 = HAIL
GRTST 24HR 0.0 6 = FREEZING RAIN OR DRIZZLE
GRTST DEPTH: 0 7 = DUSTSTORM OR SANDSTORM:
VSBY 1/2 MILE OR LESS
8 = SMOKE OR HAZE
[NO. OF DAYS WITH] [WEATHER - DAYS WITH] 9 = BLOWING SNOW
X = TORNADO
MAX 32 OR BELOW: 0 0.01 INCH OR MORE: 13
MAX 90 OR ABOVE: 0 0.10 INCH OR MORE: 6
MIN 32 OR BELOW: 0 0.50 INCH OR MORE: 3
MIN 0 OR BELOW: 0 1.00 INCH OR MORE: 2
[HDD (BASE 65) ]
TOTAL THIS MO. 14 CLEAR (SCALE 0-3) 6
DPTR FM NORMAL -57 PTCLDY (SCALE 4-7) 18
TOTAL FM JUL 1 21 CLOUDY (SCALE 8-10) 6
DPTR FM NORMAL -54
[CDD (BASE 65) ]
TOTAL THIS MO. 120
DPTR FM NORMAL 29 [PRESSURE DATA]
TOTAL FM JAN 1 981 HIGHEST SLP 30.42 ON 21
DPTR FM NORMAL 178 LOWEST SLP 29.55 ON 2
[REMARKS]
#FINAL-09-21#