000
CXUS51 KGYX 010900
CF6PWM
PRELIMINARY LOCAL CLIMATOLOGICAL DATA (WS FORM: F-6)
STATION: PORTLAND ME
MONTH: MARCH
YEAR: 2022
LATITUDE: 43 39 N
LONGITUDE: 70 19 W
TEMPERATURE IN F: :PCPN: SNOW: WIND :SUNSHINE: SKY :PK WND
================================================================================
1 2 3 4 5 6A 6B 7 8 9 10 11 12 13 14 15 16 17 18
12Z AVG MX 2MIN
DY MAX MIN AVG DEP HDD CDD WTR SNW DPTH SPD SPD DIR MIN PSBL S-S WX SPD DR
================================================================================
1 35 1 18 -12 47 0 0.21 0.4 4 5.1 18 180 M M 7 1 26 180
2 37 22 30 0 35 0 T T 4 6.6 17 290 M M 4 1 22 290
3 33 11 22 -8 43 0 0.09 0.9 5 12.5 25 330 M M 5 1 34 310
4 30 2 16 -15 49 0 0.00 0.0 4 5.4 18 280 M M 1 23 290
5 38 13 26 -5 39 0 0.00 0.0 4 5.5 15 280 M M 4 20 290
6 59 36 48 17 17 0 0.04 0.0 3 7.3 21 220 M M 7 12 30 220
7 57 37 47 16 18 0 0.42 0.0 1 6.3 24 280 M M 8 13 33 260
8 48 23 36 4 29 0 0.00 0.0 0 14.6 37 320 M M 2 55 300
9 36 22 29 -3 36 0 0.06 0.9 0 3.9 13 100 M M 7 1 15 90
10 50 22 36 4 29 0 0.00 0.0 1 3.8 15 280 M M 3 1 18 280
11 44 26 35 2 30 0 0.00 0.0 0 5.8 14 180 M M 5 20 170
12 42 24 33 0 32 0 0.42 0.8 0 11.8 26 340 M M 9 12 41 310
13 32 21 27 -6 38 0 T T 1 13.8 28 280 M M 4 38 290
14 45 23 34 0 31 0 0.00 0.0 0 8.1 20 290 M M 4 25 270
15 47 29 38 4 27 0 0.20 0.0 0 3.8 10 80 M M 9 1 12 90
16 45 34 40 6 25 0 0.04 0.0 0 5.8 15 190 M M 7 1 20 190
17 49 38 44 10 21 0 0.00 0.0 0 5.6 14 190 M M 8 1 18 200
18 65 34 50 15 15 0 0.00 0.0 0 4.2 12 50 M M 7 12 15 30
19 50 40 45 10 20 0 0.60 0.0 0 10.3 23 260 M M 10 1 31 260
20 48 35 42 7 23 0 0.01 0.0 0 4.5 17 350 M M 10 12 22 340
21 52 36 44 8 21 0 0.00 0.0 0 16.9 38 310 M M 3 49 320
22 42 30 36 0 29 0 0.00 0.0 0 14.8 30 310 M M 1 41 350
23 49 28 39 3 26 0 0.00 0.0 0 6.8 14 160 M M 1 20 320
24 40 35 38 2 27 0 0.38 T 0 10.3 21 80 M M 10 1 27 100
25 51 34 43 6 22 0 0.38 0.0 0 8.9 17 320 M M 9 1 23 310
26 53 35 44 7 21 0 0.00 0.0 0 7.7 17 270 M M 6 23 270
27 53 30 42 4 23 0 0.06 0.0 0 7.9 24 290 M M 7 28 300
28 31 18 25 -13 40 0 0.00 0.0 0 11.8 20 330 M M 8 25 340
29 35 17 26 -12 39 0 0.00 0.0 0 10.6 23 320 M M 4 31 340
30 49 23 36 -2 29 0 T 0.0 0 10.0 24 310 M M 4 30 310
31 51 38 45 6 20 0 0.15 0.0 0 5.8 20 190 M M 10 1 28 190
================================================================================
SM 1396 817 901 0 3.06 3.0 256.2 M 184
================================================================================
AV 45.0 26.4 8.3 FASTST M M 6 MAX(MPH)
MISC ----> 38 310 55 300
================================================================================
NOTES:
# LAST OF SEVERAL OCCURRENCES
COLUMN 17 PEAK WIND IN M.P.H.
PRELIMINARY LOCAL CLIMATOLOGICAL DATA (WS FORM: F-6) , PAGE 2
STATION: PORTLAND ME
MONTH: MARCH
YEAR: 2022
LATITUDE: 43 39 N
LONGITUDE: 70 19 W
[TEMPERATURE DATA] [PRECIPITATION DATA] SYMBOLS USED IN COLUMN 16
AVERAGE MONTHLY: 35.7 TOTAL FOR MONTH: 3.06 1 = FOG OR MIST
DPTR FM NORMAL: 1.6 DPTR FM NORMAL: -1.02 2 = FOG REDUCING VISIBILITY
HIGHEST: 65 ON 18 GRTST 24HR 0.72 ON 24-25 TO 1/4 MILE OR LESS
LOWEST: 1 ON 1 3 = THUNDER
SNOW, ICE PELLETS, HAIL 4 = ICE PELLETS
TOTAL MONTH: 3.0 INCHES 5 = HAIL
GRTST 24HR 0.9 ON 3- 3 6 = FREEZING RAIN OR DRIZZLE
GRTST DEPTH: 5 ON 3 7 = DUSTSTORM OR SANDSTORM:
VSBY 1/2 MILE OR LESS
8 = SMOKE OR HAZE
[NO. OF DAYS WITH] [WEATHER - DAYS WITH] 9 = BLOWING SNOW
X = TORNADO
MAX 32 OR BELOW: 3 0.01 INCH OR MORE: 14
MAX 90 OR ABOVE: 0 0.10 INCH OR MORE: 8
MIN 32 OR BELOW: 19 0.50 INCH OR MORE: 1
MIN 0 OR BELOW: 0 1.00 INCH OR MORE: 0
[HDD (BASE 65) ]
TOTAL THIS MO. 901 CLEAR (SCALE 0-3) 6
DPTR FM NORMAL -55 PTCLDY (SCALE 4-7) 18
TOTAL FM JUL 1 5514 CLOUDY (SCALE 8-10) 7
DPTR FM NORMAL -253
[CDD (BASE 65) ]
TOTAL THIS MO. 0
DPTR FM NORMAL 0 [PRESSURE DATA]
TOTAL FM JAN 1 0 HIGHEST SLP 30.49 ON 4
DPTR FM NORMAL 0 LOWEST SLP 28.98 ON 12
[REMARKS]
#FINAL-03-22#