000
CXUS56 KSGX 011045
CF6RAL
PRELIMINARY LOCAL CLIMATOLOGICAL DATA (WS FORM: F-6)
STATION: RIVERSIDE MUNI AIRPORT CA
MONTH: JUNE
YEAR: 2022
LATITUDE: 33 57 N
LONGITUDE: 117 27 W
TEMPERATURE IN F: :PCPN: SNOW: WIND :SUNSHINE: SKY :PK WND
================================================================================
1 2 3 4 5 6A 6B 7 8 9 10 11 12 13 14 15 16 17 18
12Z AVG MX 2MIN
DY MAX MIN AVG DEP HDD CDD WTR SNW DPTH SPD SPD DIR MIN PSBL S-S WX SPD DR
================================================================================
1 94 58 76 6 0 11 0.00 M M 6.0 22 270 M M 0 27 270
2 91 58 75 5 0 10 0.00 M M 6.7 21 270 M M 0 26 270
3 84 58 71 1 0 6 0.00 M M 6.7 18 260 M M 4 18 23 270
4 81 59 70 0 0 5 0.00 M M 6.0 20 270 M M 4 8 25 270
5 84 62 73 2 0 8 0.00 M M 5.7 16 270 M M 4 8 22 250
6 87 61 74 3 0 9 0.00 M M 5.0 18 260 M M 0 23 270
7 90 62 76 5 0 11 0.00 M M 7.7 20 260 M M 1 18 25 250
8 91 61 76 5 0 11 0.00 M M 6.2 18 270 M M 2 18 25 270
9 96 60 78 6 0 13 0.00 M M 5.9 18 270 M M 0 18 25 280
10 97 66 82 10 0 17 0.00 M M 6.0 16 270 M M 0 22 250
11 96 64 80 8 0 15 0.00 M M 5.9 20 270 M M 0 24 270
12 92 63 78 6 0 13 0.00 M M 6.5 20 270 M M 0 28 250
13 82 61 72 0 0 7 0.00 M M 7.5 20 250 M M 4 25 250
14 88 63 76 3 0 11 0.00 M M 7.0 21 260 M M 3 28 250
15 96 62 79 6 0 14 0.00 M M 6.4 21 270 M M 0 26 270
16 93 61 77 4 0 12 0.00 M M 7.3 20 270 M M 1 24 270
17 84 61 73 0 0 8 0.00 M M 8.2 24 270 M M 4 8 32 270
18 81 61 71 -3 0 6 0.00 M M 6.9 21 270 M M 3 29 280
19 87 56 72 -2 0 7 0.00 M M 6.4 21 260 M M 0 26 270
20 100 59 80 6 0 15 0.00 M M 5.6 21 260 M M 0 26 270
21 97 65 81 7 0 16 0.00 M M 5.2 21 270 M M 0 26 270
22 97 68 83 9 0 18 0.01 M M 5.8 18 20 M M 4 38 34 350
23 98 69 84 9 0 19 0.00 M M 6.5 22 270 M M 1 27 270
24 100 65 83 8 0 18 0.00 M M 5.4 20 250 M M 0 25 260
25 101 62 82 7 0 17 0.00 M M 5.5 23 270 M M 0 27 270
26 101 64 83 8 0 18 0.00 M M 5.8 22 270 M M 0 26 270
27 105 69 87 11 0 22 0.00 M M 5.5 25 270 M M 0 30 280
28 100 70 85 9 0 20 0.00 M M 5.5 23 270 M M 0 30 270
29 99 67 83 7 0 18 0.00 M M 5.4 22 270 M M 0 28 270
30 96 66 81 5 0 16 0.00 M M 5.5 17 270 M M 0 21 270
================================================================================
SM 2788 1881 0 391 0.01 M 185.7 M 35
================================================================================
AV 92.9 62.7 6.2 FASTST M M 1 MAX(MPH)
MISC ----> 25 270 34 350
================================================================================
NOTES:
# LAST OF SEVERAL OCCURRENCES
COLUMN 17 PEAK WIND IN M.P.H.
PRELIMINARY LOCAL CLIMATOLOGICAL DATA (WS FORM: F-6) , PAGE 2
STATION: RIVERSIDE MUNI AIRPORT CA
MONTH: JUNE
YEAR: 2022
LATITUDE: 33 57 N
LONGITUDE: 117 27 W
[TEMPERATURE DATA] [PRECIPITATION DATA] SYMBOLS USED IN COLUMN 16
AVERAGE MONTHLY: 77.8 TOTAL FOR MONTH: 0.01 1 = FOG OR MIST
DPTR FM NORMAL: 4.8 DPTR FM NORMAL: -0.03 2 = FOG REDUCING VISIBILITY
HIGHEST: 105 ON 27 GRTST 24HR 0.01 ON 22-22 TO 1/4 MILE OR LESS
LOWEST: 56 ON 19 3 = THUNDER
SNOW, ICE PELLETS, HAIL 4 = ICE PELLETS
TOTAL MONTH: M 5 = HAIL
GRTST 24HR M ON M 6 = FREEZING RAIN OR DRIZZLE
GRTST DEPTH: M ON M 7 = DUSTSTORM OR SANDSTORM:
VSBY 1/2 MILE OR LESS
8 = SMOKE OR HAZE
[NO. OF DAYS WITH] [WEATHER - DAYS WITH] 9 = BLOWING SNOW
X = TORNADO
MAX 32 OR BELOW: 0 0.01 INCH OR MORE: 1
MAX 90 OR ABOVE: 21 0.10 INCH OR MORE: 0
MIN 32 OR BELOW: 0 0.50 INCH OR MORE: 0
MIN 0 OR BELOW: 0 1.00 INCH OR MORE: 0
[HDD (BASE 65) ]
TOTAL THIS MO. 0 CLEAR (SCALE 0-3) 24
DPTR FM NORMAL -2 PTCLDY (SCALE 4-7) 6
TOTAL FM JUL 1 1056 CLOUDY (SCALE 8-10) 0
DPTR FM NORMAL -329
[CDD (BASE 65) ]
TOTAL THIS MO. 391
DPTR FM NORMAL 149 [PRESSURE DATA]
TOTAL FM JAN 1 671 HIGHEST SLP 29.99 ON 29
DPTR FM NORMAL 236 LOWEST SLP 29.67 ON 16
[REMARKS]
#FINAL-06-22#