000
CXUS54 KFWD 010830
CF6RBD
PRELIMINARY LOCAL CLIMATOLOGICAL DATA (WS FORM: F-6)
STATION: DALLAS EXECUTIVE
MONTH: FEBRUARY
YEAR: 2022
LATITUDE: 32 40 N
LONGITUDE: 96 52 W
TEMPERATURE IN F: :PCPN: SNOW: WIND :SUNSHINE: SKY :PK WND
================================================================================
1 2 3 4 5 6A 6B 7 8 9 10 11 12 13 14 15 16 17 18
12Z AVG MX 2MIN
DY MAX MIN AVG DEP HDD CDD WTR SNW DPTH SPD SPD DIR MIN PSBL S-S WX SPD DR
================================================================================
1 71 51 61 12 4 0 0.00 M M 8.5 17 140 M M 6 1 24 140
2 57 32 45 -4 20 0 0.84 M M 13.2 22 340 M M 10 16 32 350
3 32 19 26 -23 39 0 0.42 M M 16.5 23 320 M M 10 16 31 10
4 34 19 27 -22 38 0 0.00 M M 11.3 20 330 M M 6 27 330
5 48 22 35 -15 30 0 0.00 M M 6.3 15 170 M M 0 18 180
6 56 28 42 -8 23 0 0.00 M M 7.4 15 180 M M 0 22 160
7 58 32 45 -5 20 0 0.00 M M 9.1 20 10 M M 0 27 10
8 66 40 53 3 12 0 0.00 M M 9.1 20 200 M M 0 29 170
9 69 35 52 2 13 0 0.00 M M 5.7 14 330 M M 0 21 220
10 71 36 54 4 11 0 0.00 M M 6.0 12 320 M M 0 16 330
11 76 50 63 13 2 0 0.00 M M 11.0 22 30 M M 1 32 50
12 56 32 44 -7 21 0 0.00 M M 15.4 30 20 M M 5 42 360
13 63 29 46 -5 19 0 0.00 M M 6.8 17 250 M M 0 24 250
14 71 43 57 6 8 0 0.00 M M 10.0 20 170 M M 0 27 170
15 71 40 56 5 9 0 0.00 M M 16.2 32 180 M M 0 48 200
16 67 60 64 13 1 0 0.25 M M 16.7 29 170 M M 9 1 41 160
17 66 32 49 -3 16 0 0.10 M M 18.5 32 320 M M 10 1 44 330
18 53 25 39 -13 26 0 0.00 M M 6.3 16 350 M M 1 22 340
19 65 32 49 -3 16 0 0.00 M M 5.5 14 180 M M 0 19 170
20 66 42 54 2 11 0 0.00 M M 12.8 23 180 M M 0 33 180
21 82 55 69 17 0 4 T M M 14.0 26 180 M M 5 1 43 190
22 71 35 53 0 12 0 0.01 M M 15.3 26 330 M M 3 13 34 310
23 35 23 29 -24 36 0 0.01 M M 13.8 22 10 M M 10 136 30 10
24 29 22 26 -27 39 0 0.01 M M 11.6 20 340 M M 10 16 27 340
25 37 22 30 -23 35 0 T M M 11.1 21 10 M M 6 27 10
26 40 34 37 -17 28 0 0.06 M M 7.3 14 330 M M 10 1 17 320
27 56 30 43 -11 22 0 0.00 M M 8.6 21 10 M M 1 1 27 340
28 66 29 48 -6 17 0 0.00 M M 4.1 10 300 M M 0 14 310
================================================================================
SM 1632 949 528 4 1.70 M 298.1 M 103
================================================================================
AV 58.3 33.9 10.6 FASTST M M 4 MAX(MPH)
MISC ----> # 32 180 48 200
================================================================================
NOTES:
# LAST OF SEVERAL OCCURRENCES
COLUMN 17 PEAK WIND IN M.P.H.
PRELIMINARY LOCAL CLIMATOLOGICAL DATA (WS FORM: F-6) , PAGE 2
STATION: DALLAS EXECUTIVE
MONTH: FEBRUARY
YEAR: 2022
LATITUDE: 32 40 N
LONGITUDE: 96 52 W
[TEMPERATURE DATA] [PRECIPITATION DATA] SYMBOLS USED IN COLUMN 16
AVERAGE MONTHLY: 46.1 TOTAL FOR MONTH: 1.70 1 = FOG OR MIST
DPTR FM NORMAL: -5.2 DPTR FM NORMAL: -0.87 2 = FOG REDUCING VISIBILITY
HIGHEST: 82 ON 21 GRTST 24HR 1.26 ON 2- 3 TO 1/4 MILE OR LESS
LOWEST: 19 ON 4, 3 3 = THUNDER
SNOW, ICE PELLETS, HAIL 4 = ICE PELLETS
TOTAL MONTH: M 5 = HAIL
GRTST 24HR M ON M 6 = FREEZING RAIN OR DRIZZLE
GRTST DEPTH: M ON M 7 = DUSTSTORM OR SANDSTORM:
VSBY 1/2 MILE OR LESS
8 = SMOKE OR HAZE
[NO. OF DAYS WITH] [WEATHER - DAYS WITH] 9 = BLOWING SNOW
X = TORNADO
MAX 32 OR BELOW: 2 0.01 INCH OR MORE: 8
MAX 90 OR ABOVE: 0 0.10 INCH OR MORE: 4
MIN 32 OR BELOW: 16 0.50 INCH OR MORE: 1
MIN 0 OR BELOW: 0 1.00 INCH OR MORE: 0
[HDD (BASE 65) ]
TOTAL THIS MO. 528 CLEAR (SCALE 0-3) 15
DPTR FM NORMAL 134 PTCLDY (SCALE 4-7) 6
TOTAL FM JUL 1 1579 CLOUDY (SCALE 8-10) 7
DPTR FM NORMAL -190
[CDD (BASE 65) ]
TOTAL THIS MO. 4
DPTR FM NORMAL -6 [PRESSURE DATA]
TOTAL FM JAN 1 4 HIGHEST SLP 30.66 ON 4
DPTR FM NORMAL -3 LOWEST SLP 29.63 ON 17
[REMARKS]
#FINAL-02-22#