000
CXUS56 KMFR 010930
CF6RBG
PRELIMINARY LOCAL CLIMATOLOGICAL DATA (WS FORM: F-6)
STATION: ROSEBURG OR
MONTH: OCTOBER
YEAR: 2022
LATITUDE: 43 13 N
LONGITUDE: 123 22 W
TEMPERATURE IN F: :PCPN: SNOW: WIND :SUNSHINE: SKY :PK WND
================================================================================
1 2 3 4 5 6A 6B 7 8 9 10 11 12 13 14 15 16 17 18
12Z AVG MX 2MIN
DY MAX MIN AVG DEP HDD CDD WTR SNW DPTH SPD SPD DIR MIN PSBL S-S WX SPD DR
================================================================================
1 82 53 68 7 0 3 0.00 M M 0.6 7 220 M M 3 1 11 230
2 88 51 70 9 0 5 0.00 M M 2.6 13 330 M M 0 18 330
3 84 51 68 7 0 3 0.00 M M 3.7 12 330 M M 2 1 16 340
4 77 54 66 6 0 1 0.00 M M 3.4 9 10 M M 4 1 13 340
5 69 53 61 1 4 0 0.00 M M 1.4 8 30 M M 5 1 12 20
6 77 50 64 4 1 0 0.00 M M 1.4 8 220 M M 4 12 12 240
7 81 52 67 8 0 2 0.00 M M 2.0 12 20 M M 2 128 16 20
8 81 51 66 7 0 1 0.00 M M 1.1 9 20 M M 2 128 11 50
9 84 50 67 9 0 2 0.00 M M 1.3 10 20 M M 2 128 14 360
10 84 49 67 9 0 2 0.00 M M 1.7 12 350 M M 0 18 19 360
11 76 52 64 6 1 0 0.00 M M 2.3 14 360 M M 3 20 360
12 84 47 66 9 0 1 0.00 M M 1.0 9 10 M M 0 8 12 350
13 83 48 66 9 0 1 0.00 M M 1.2 10 10 M M 0 18 13 360
14 80 47 64 7 1 0 0.00 M M 0.9 9 360 M M 1 18 13 20
15 86 46 66 10 0 1 0.00 M M 0.7 9 360 M M 0 18 13 10
16 68 46 57 1 8 0 0.00 M M 4.0 15 20 M M 1 18 19 10
17 73 47 60 4 5 0 0.00 M M 1.2 9 10 M M 3 16 10
18 75 46 61 6 4 0 0.00 M M 1.8 12 360 M M 2 128 15 360
19 76 45 61 6 4 0 0.00 M M 1.8 9 10 M M 2 128 13 10
20 74 44 59 5 6 0 0.00 M M 1.4 8 350 M M 1 128 15 30
21 70 50 60 6 5 0 0.07 M M 3.2 13 230 M M 8 18 21 230
22 56 42 49 -5 16 0 0.54 M M 3.5 26 10 M M 9 13 33 20
23 59 41 50 -4 15 0 0.01 M M 2.1 8 360 M M 5 12 12 360
24 55 44 50 -3 15 0 0.19 M M 0.6 8 350 M M 9 18 11 340
25 59 45 52 -1 13 0 0.24 M M 2.6 9 280 M M 8 12 15 220
26 58 42 50 -3 15 0 0.01 M M 1.6 9 360 M M 5 1 12 10
27 64 41 53 1 12 0 0.00 M M 1.1 6 110 M M 4 1 10 80
28 67 42 55 3 10 0 0.05 M M 1.1 7 350 M M 4 10 300
29 69 49 59 7 6 0 0.00 M M 1.2 7 350 M M 7 1 9 350
30 64 52 58 6 7 0 T M M 2.1 9 20 M M 9 12 360
31 61 50 56 5 9 0 0.10 M M 1.8 15 10 M M 7 18 19 320
================================================================================
SM 2264 1480 157 22 1.21 M 56.4 M 112
================================================================================
AV 73.0 47.7 1.8 FASTST M M 4 MAX(MPH)
MISC ----> 26 10 33 20
================================================================================
NOTES:
# LAST OF SEVERAL OCCURRENCES
COLUMN 17 PEAK WIND IN M.P.H.
PRELIMINARY LOCAL CLIMATOLOGICAL DATA (WS FORM: F-6) , PAGE 2
STATION: ROSEBURG OR
MONTH: OCTOBER
YEAR: 2022
LATITUDE: 43 13 N
LONGITUDE: 123 22 W
[TEMPERATURE DATA] [PRECIPITATION DATA] SYMBOLS USED IN COLUMN 16
AVERAGE MONTHLY: 60.4 TOTAL FOR MONTH: 1.21 1 = FOG OR MIST
DPTR FM NORMAL: 4.3 DPTR FM NORMAL: -1.11 2 = FOG REDUCING VISIBILITY
HIGHEST: 88 ON 2 GRTST 24HR 0.60 ON 21-22 TO 1/4 MILE OR LESS
LOWEST: 41 ON 27,23 3 = THUNDER
SNOW, ICE PELLETS, HAIL 4 = ICE PELLETS
TOTAL MONTH: M 5 = HAIL
GRTST 24HR M ON M 6 = FREEZING RAIN OR DRIZZLE
GRTST DEPTH: M ON M 7 = DUSTSTORM OR SANDSTORM:
VSBY 1/2 MILE OR LESS
8 = SMOKE OR HAZE
[NO. OF DAYS WITH] [WEATHER - DAYS WITH] 9 = BLOWING SNOW
X = TORNADO
MAX 32 OR BELOW: 0 0.01 INCH OR MORE: 8
MAX 90 OR ABOVE: 0 0.10 INCH OR MORE: 4
MIN 32 OR BELOW: 0 0.50 INCH OR MORE: 1
MIN 0 OR BELOW: 0 1.00 INCH OR MORE: 0
[HDD (BASE 65) ]
TOTAL THIS MO. 157 CLEAR (SCALE 0-3) 15
DPTR FM NORMAL -128 PTCLDY (SCALE 4-7) 12
TOTAL FM JUL 1 167 CLOUDY (SCALE 8-10) 4
DPTR FM NORMAL -182
[CDD (BASE 65) ]
TOTAL THIS MO. 22
DPTR FM NORMAL 15 [PRESSURE DATA]
TOTAL FM JAN 1 834 HIGHEST SLP M ON M
DPTR FM NORMAL 227 LOWEST SLP 29.73 ON 21
[REMARKS]
#FINAL-10-22#