000
CXUS56 KSTO 041729
CF6RDD
PRELIMINARY LOCAL CLIMATOLOGICAL DATA (WS FORM: F-6)
STATION: REDDING CA AIRPORT AND CITY
MONTH: JUNE
YEAR: 2022
LATITUDE: 40 30 N
LONGITUDE: 122 18 W
TEMPERATURE IN F: :PCPN: SNOW: WIND :SUNSHINE: SKY :PK WND
================================================================================
1 2 3 4 5 6A 6B 7 8 9 10 11 12 13 14 15 16 17 18
12Z AVG MX 2MIN
DY MAX MIN AVG DEP HDD CDD WTR SNW DPTH SPD SPD DIR MIN PSBL S-S WX SPD DR
================================================================================
1 93 55 74 1 0 9 0.00 M M 3.1 14 160 M M 0 8 18 130
2 93 60 77 4 0 12 T 0.0 M 5.0 29 260 M M 1 38 38 250
3 85 61 73 0 0 8 0.03 0.0 M 5.4 20 180 M M 3 8 24 200
4 75 59 67 -7 0 2 0.05 0.0 M 7.8 24 170 M M 10 30 180
5 76 56 66 -8 0 1 0.53 0.0 M 4.0 12 210 M M 8 1 15 210
6 88 57 73 -1 0 8 0.00 0.0 M 4.0 9 350 M M 0 13 20
7 93 61 77 2 0 12 0.00 M M 5.6 15 150 M M 0 19 140
8 94 67 81 6 0 16 0.00 M M 3.7 14 180 M M 1 17 180
9 101 66 84 9 0 19 0.00 M M 6.3 17 20 M M 0 26 350
10 102 67 85 9 0 20 0.00 0.0 M 5.8 18 250 M M 0 26 260
11 98 69 84 8 0 19 T 0.0 M 4.5 15 230 M M 2 21 260
12 82 63 73 -3 0 8 0.21 0.0 M 8.8 23 270 M M 5 1 31 290
13 81 58 70 -6 0 5 0.00 0.0 M 10.5 21 10 M M 0 8 29 20
14 90 62 76 -1 0 11 0.00 M M 10.6 21 10 M M 0 28 360
15 96 64 80 3 0 15 0.00 M M 8.2 24 180 M M 0 29 160
16 87 65 76 -1 0 11 0.00 0.0 M 5.3 15 160 M M 0 20 130
17 74 58 66 -12 0 1 0.03 M M 9.7 22 170 M M 5 26 180
18 79 52 66 -12 0 1 0.00 0.0 M 4.4 16 30 M M 3 25 280
19 87 58 73 -5 0 8 0.00 M M 6.8 17 10 M M 0 21 10
20 94 66 80 2 0 15 0.00 0.0 M 9.9 18 20 M M 0 23 340
21 102 75 89 10 0 24 0.00 0.0 M 10.4 26 10 M M 0 33 30
22 105 69 87 8 0 22 0.00 M M 10.6 28 170 M M 0 33 160
23 101 68 85 6 0 20 0.00 M M 5.2 17 160 M M 0 21 150
24 103 68 86 6 0 21 0.00 M M 5.1 16 170 M M 0 19 150
25 108 65 87 7 0 22 0.00 M M 6.1 20 160 M M 0 24 150
26 105 65 85 5 0 20 0.00 M M 4.8 18 150 M M 0 24 160
27 104 65 85 4 0 20 0.00 M M 7.2 21 170 M M 0 27 170
28 102 66 84 3 0 19 0.00 M M 5.9 15 150 M M 0 22 160
29 100 64 82 1 0 17 0.00 M M 5.1 16 160 M M 0 19 140
30 95 61 78 -3 0 13 0.00 M M 5.7 16 180 M M 0 22 160
================================================================================
SM 2793 1890 0 399 0.85 0.0 195.5 M 38
================================================================================
AV 93.1 63.0 6.5 FASTST M M 1 MAX(MPH)
MISC ----> 29 260 38 250
================================================================================
NOTES:
# LAST OF SEVERAL OCCURRENCES
COLUMN 17 PEAK WIND IN M.P.H.
PRELIMINARY LOCAL CLIMATOLOGICAL DATA (WS FORM: F-6) , PAGE 2
STATION: REDDING CA AIRPORT AND CITY
MONTH: JUNE
YEAR: 2022
LATITUDE: 40 30 N
LONGITUDE: 122 18 W
[TEMPERATURE DATA] [PRECIPITATION DATA] SYMBOLS USED IN COLUMN 16
AVERAGE MONTHLY: 78.1 TOTAL FOR MONTH: 0.85 1 = FOG OR MIST
DPTR FM NORMAL: 1.0 DPTR FM NORMAL: 0.10 2 = FOG REDUCING VISIBILITY
HIGHEST: 108 ON 25 GRTST 24HR 0.55 ON 4- 5 TO 1/4 MILE OR LESS
LOWEST: 52 ON 18 3 = THUNDER
SNOW, ICE PELLETS, HAIL 4 = ICE PELLETS
TOTAL MONTH: 0.0 INCH 5 = HAIL
GRTST 24HR 0.0 6 = FREEZING RAIN OR DRIZZLE
GRTST DEPTH: M ON M 7 = DUSTSTORM OR SANDSTORM:
VSBY 1/2 MILE OR LESS
8 = SMOKE OR HAZE
[NO. OF DAYS WITH] [WEATHER - DAYS WITH] 9 = BLOWING SNOW
X = TORNADO
MAX 32 OR BELOW: 0 0.01 INCH OR MORE: 5
MAX 90 OR ABOVE: 20 0.10 INCH OR MORE: 2
MIN 32 OR BELOW: 0 0.50 INCH OR MORE: 1
MIN 0 OR BELOW: 0 1.00 INCH OR MORE: 0
[HDD (BASE 65) ]
TOTAL THIS MO. 0 CLEAR (SCALE 0-3) 26
DPTR FM NORMAL -7 PTCLDY (SCALE 4-7) 3
TOTAL FM JUL 1 2238 CLOUDY (SCALE 8-10) 1
DPTR FM NORMAL -333
[CDD (BASE 65) ]
TOTAL THIS MO. 399
DPTR FM NORMAL 27 [PRESSURE DATA]
TOTAL FM JAN 1 628 HIGHEST SLP 30.07 ON 19
DPTR FM NORMAL 67 LOWEST SLP 29.57 ON 16
[REMARKS]
#FINAL-06-22#