005
CXUS52 KRAH 010845
CF6RDU
PRELIMINARY LOCAL CLIMATOLOGICAL DATA (WS FORM: F-6)
STATION: RALEIGH-DURHAM INTL AIRPORT NC
MONTH: MAY
YEAR: 2020
LATITUDE: 35 52 N
LONGITUDE: 78 47 W
TEMPERATURE IN F: :PCPN: SNOW: WIND :SUNSHINE: SKY :PK WND
================================================================================
1 2 3 4 5 6A 6B 7 8 9 10 11 12 13 14 15 16 17 18
12Z AVG MX 2MIN
DY MAX MIN AVG DEP HDD CDD WTR SNW DPTH SPD SPD DIR MIN PSBL S-S WX SPD DR
================================================================================
1 66 53 60 -4 5 0 0.02 0.0 0 7.2 17 290 M M 6 1 28 300
2 75 43 59 -5 6 0 0.00 0.0 0 3.7 13 230 M M 2 19 230
3 86 53 70 5 0 5 0.00 0.0 0 9.2 18 230 M M 2 24 230
4 80 57 69 4 0 4 T 0.0 0 6.0 17 300 M M 5 24 290
5 73 53 63 -2 2 0 0.02 0.0 0 8.2 16 100 M M 9 21 110
6 72 49 61 -4 4 0 T 0.0 0 6.9 17 310 M M 8 26 270
7 67 40 54 -12 11 0 0.00 0.0 0 5.5 16 270 M M 2 22 280
8 70 44 57 -9 8 0 0.05 0.0 0 11.5 28 240 M M 7 1 43 230
9 63 39 51 -15 14 0 T 0.0 0 5.2 18 250 M M 2 32 270
10 70 36 53 -13 12 0 0.00 0.0 0 8.3 21 230 M M 2 27 220
11 67 46 57 -10 8 0 0.00 0.0 0 8.4 20 290 M M 2 31 270
12 65 38 52 -15 13 0 0.00 0.0 0 3.7 16 240 M M 5 22 230
13 70 42 56 -11 9 0 T 0.0 0 1.6 10 240 M M 9 15 230
14 81 58 70 3 0 5 T 0.0 0 8.1 16 210 M M 7 22 210
15 83 60 72 4 0 7 0.00 0.0 0 10.6 20 230 M M 5 30 240
16 89 60 75 7 0 10 0.00 0.0 0 6.9 13 150 M M 3 8 17 240
17 86 60 73 5 0 8 0.00 0.0 0 7.2 17 90 M M 6 1 23 90
18 70 64 67 -1 0 2 0.07 0.0 0 8.2 14 80 M M 10 1 19 80
19 64 54 59 -10 6 0 0.79 0.0 0 12.5 22 60 M M 10 1 30 80
20 59 53 56 -13 9 0 1.59 0.0 0 13.6 23 70 M M 10 13 33 80
21 70 59 65 -4 0 0 0.67 0.0 0 12.0 20 80 M M 10 1 30 80
22 82 62 72 2 0 7 0.05 0.0 0 6.3 17 240 M M 7 1 22 230
23 85 61 73 3 0 8 0.00 0.0 0 4.5 13 240 M M 6 16 230
24 87 62 75 5 0 10 0.12 0.0 0 4.6 22 230 M M 6 13 27 230
25 76 62 69 -1 0 4 T 0.0 0 5.5 12 100 M M 9 16 90
26 79 66 73 2 0 8 0.00 0.0 0 6.9 15 80 M M 8 20 30
27 78 67 73 2 0 8 0.37 0.0 M 8.3 16 130 M M 7 1 23 130
28 85 70 78 7 0 13 0.73 0.0 M 6.4 15 170 M M 6 13 23 190
29 81 69 75 3 0 10 0.78 0.0 0 6.6 17 210 M M 9 13 23 240
30 88 68 78 6 0 13 0.00 0.0 0 3.8 10 40 M M 8 16 310
31 77 57 67 -5 0 2 0.00 0.0 0 6.7 20 50 M M 5 28 50
================================================================================
SM 2344 1705 107 124 5.26 0.0 224.1 M 193
================================================================================
AV 75.6 55.0 7.2 FASTST M M 6 MAX(MPH)
MISC ----> 28 240 43 230
================================================================================
NOTES:
# LAST OF SEVERAL OCCURRENCES
COLUMN 17 PEAK WIND IN M.P.H.
PRELIMINARY LOCAL CLIMATOLOGICAL DATA (WS FORM: F-6) , PAGE 2
STATION: RALEIGH-DURHAM INTL AIRPORT NC
MONTH: MAY
YEAR: 2020
LATITUDE: 35 52 N
LONGITUDE: 78 47 W
[TEMPERATURE DATA] [PRECIPITATION DATA] SYMBOLS USED IN COLUMN 16
AVERAGE MONTHLY: 65.3 TOTAL FOR MONTH: 5.26 1 = FOG OR MIST
DPTR FM NORMAL: -2.7 DPTR FM NORMAL: 1.99 2 = FOG REDUCING VISIBILITY
HIGHEST: 89 ON 16 GRTST 24HR 1.89 ON 20-21 TO 1/4 MILE OR LESS
LOWEST: 36 ON 10 3 = THUNDER
SNOW, ICE PELLETS, HAIL 4 = ICE PELLETS
TOTAL MONTH: 0.0 INCH 5 = HAIL
GRTST 24HR 0.0 6 = FREEZING RAIN OR DRIZZLE
GRTST DEPTH: 0 7 = DUSTSTORM OR SANDSTORM:
VSBY 1/2 MILE OR LESS
8 = SMOKE OR HAZE
[NO. OF DAYS WITH] [WEATHER - DAYS WITH] 9 = BLOWING SNOW
X = TORNADO
MAX 32 OR BELOW: 0 0.01 INCH OR MORE: 12
MAX 90 OR ABOVE: 0 0.10 INCH OR MORE: 7
MIN 32 OR BELOW: 0 0.50 INCH OR MORE: 5
MIN 0 OR BELOW: 0 1.00 INCH OR MORE: 1
[HDD (BASE 65) ]
TOTAL THIS MO. 107 CLEAR (SCALE 0-3) 6
DPTR FM NORMAL 53 PTCLDY (SCALE 4-7) 17
TOTAL FM JUL 1 2708 CLOUDY (SCALE 8-10) 8
DPTR FM NORMAL -535
[CDD (BASE 65) ]
TOTAL THIS MO. 124
DPTR FM NORMAL -24 [PRESSURE DATA]
TOTAL FM JAN 1 211 HIGHEST SLP 30.38 ON 13
DPTR FM NORMAL 2 LOWEST SLP 29.70 ON 4
[REMARKS]
#FINAL-05-20#