000
CXUS53 KGRB 140114
CF6RHI
PRELIMINARY LOCAL CLIMATOLOGICAL DATA (WS FORM: F-6)
STATION: RHINELANDER WI
MONTH: OCTOBER
YEAR: 2021
LATITUDE: 45 37 N
LONGITUDE: 89 27 W
TEMPERATURE IN F: :PCPN: SNOW: WIND :SUNSHINE: SKY :PK WND
================================================================================
1 2 3 4 5 6A 6B 7 8 9 10 11 12 13 14 15 16 17 18
12Z AVG MX 2MIN
DY MAX MIN AVG DEP HDD CDD WTR SNW DPTH SPD SPD DIR MIN PSBL S-S WX SPD DR
================================================================================
1 82 50 66 15 0 1 0.00 0.0 0 3.3 15 220 M M 0 12 21 190
2 70 54 62 12 3 0 0.22 0.0 0 1.7 9 210 M M 9 12 13 210
3 65 54 60 10 5 0 0.08 0.0 0 3.5 10 330 M M 10 12 17 340
4 65 57 61 12 4 0 0.00 0.0 0 3.4 8 10 M M 10 1 14 350
5 73 48 61 12 4 0 0.00 0.0 0 2.0 8 180 M M 6 12 12 170
6 71 43 57 9 8 0 0.00 0.0 0 2.6 9 190 M M 6 12 13 130
7 70 44 57 9 8 0 T 0.0 0 4.5 10 100 M M 7 12 14 130
8 71 54 63 15 2 0 T 0.0 0 3.5 12 230 M M 8 12 15 200
9 71 55 63 16 2 0 0.00 0.0 0 6.1 14 130 M M 7 12 21 130
10 74 60 67 20 0 2 0.02 0.0 0 11.5 20 200 M M 7 13 29 180
11 64 53 59 13 6 0 0.04 0.0 0 4.6 15 230 M M 4 1 21 230
12 63 53 58 12 7 0 0.37 0.0 0 3.8 9 330 M M 10 1 16 10
13 62 55 59 13 6 0 T 0.0 0 7.8 21 140 M M 9 1 33 120
14 61 42 52 7 13 0 0.00 0.0 0 10.4 21 230 M M 1 32 200
15 58 35 47 2 18 0 0.00 0.0 0 8.5 18 280 M M 4 27 230
16 56 35 46 2 19 0 0.00 0.0 0 9.8 21 290 M M 4 34 300
17 64 32 48 4 17 0 0.00 0.0 0 8.1 17 320 M M 0 28 320
18 70 30 50 7 15 0 0.00 0.0 0 3.9 14 220 M M 0 19 220
19 71 42 57 14 8 0 0.00 0.0 0 5.4 17 230 M M 1 24 210
20 54 44 49 6 16 0 0.21 0.0 0 7.5 17 90 M M 8 1 24 90
21 47 26 37 -5 28 0 0.09 0.0 0 6.1 14 10 M M 6 1 25 20
22 43 30 37 -5 28 0 T T 0 3.4 10 340 M M 10 15 350
23 46 25 36 -5 29 0 0.00 0.0 0 1.9 9 270 M M 5 1 15 330
24 47 22 35 -6 30 0 0.00 0.0 0 5.2 20 80 M M 3 12 27 60
25 50 26 38 -2 27 0 0.00 0.0 0 5.6 16 70 M M 3 25 80
26 49 23 36 -4 29 0 0.00 0.0 0 3.9 13 80 M M 1 1 18 110
27 54 28 41 1 24 0 0.00 0.0 0 9.3 18 100 M M 4 12 26 120
28 51 42 47 8 18 0 0.11 0.0 0 4.9 14 110 M M 10 1 18 170
29 48 45 47 8 18 0 0.04 0.0 0 6.9 13 20 M M 10 1 21 40
30 58 39 49 11 16 0 0.00 0.0 0 3.2 10 320 M M 4 17 320
31 45 30 38 0 27 0 T T 0 10.1 18 300 M M 8 1 28 280
================================================================================
SM 1873 1276 435 3 1.18 T 172.4 M 175
================================================================================
AV 60.4 41.2 5.6 FASTST M M 6 MAX(MPH)
MISC ----> # 21 140 34 300
================================================================================
NOTES:
# LAST OF SEVERAL OCCURRENCES
COLUMN 17 PEAK WIND IN M.P.H.
PRELIMINARY LOCAL CLIMATOLOGICAL DATA (WS FORM: F-6) , PAGE 2
STATION: RHINELANDER WI
MONTH: OCTOBER
YEAR: 2021
LATITUDE: 45 37 N
LONGITUDE: 89 27 W
[TEMPERATURE DATA] [PRECIPITATION DATA] SYMBOLS USED IN COLUMN 16
AVERAGE MONTHLY: 50.8 TOTAL FOR MONTH: 1.18 1 = FOG OR MIST
DPTR FM NORMAL: 6.5 DPTR FM NORMAL: -1.77 2 = FOG REDUCING VISIBILITY
HIGHEST: 82 ON 1 GRTST 24HR 0.41 ON 11-12 TO 1/4 MILE OR LESS
LOWEST: 22 ON 24 3 = THUNDER
SNOW, ICE PELLETS, HAIL 4 = ICE PELLETS
TOTAL MONTH: T 5 = HAIL
GRTST 24HR T ON 22-22 6 = FREEZING RAIN OR DRIZZLE
GRTST DEPTH: 0 7 = DUSTSTORM OR SANDSTORM:
VSBY 1/2 MILE OR LESS
8 = SMOKE OR HAZE
[NO. OF DAYS WITH] [WEATHER - DAYS WITH] 9 = BLOWING SNOW
X = TORNADO
MAX 32 OR BELOW: 0 0.01 INCH OR MORE: 9
MAX 90 OR ABOVE: 0 0.10 INCH OR MORE: 4
MIN 32 OR BELOW: 10 0.50 INCH OR MORE: 0
MIN 0 OR BELOW: 0 1.00 INCH OR MORE: 0
[HDD (BASE 65) ]
TOTAL THIS MO. 435 CLEAR (SCALE 0-3) 7
DPTR FM NORMAL -208 PTCLDY (SCALE 4-7) 15
TOTAL FM JUL 1 703 CLOUDY (SCALE 8-10) 9
DPTR FM NORMAL -336
[CDD (BASE 65) ]
TOTAL THIS MO. 3
DPTR FM NORMAL 1 [PRESSURE DATA]
TOTAL FM JAN 1 321 HIGHEST SLP 30.37 ON 6
DPTR FM NORMAL 39 LOWEST SLP 29.53 ON 10
[REMARKS]
#FINAL-10-21#