000
CXUS53 KGRB 021327
CLSRHI
CLIMATE REPORT
NATIONAL WEATHER SERVICE GREEN BAY
827 AM CDT THU JUN 02 2022
...................................
...THE RHINELANDER WI CLIMATE SUMMARY FOR THE SEASON, FROM
3/1/2022 TO 5/31/2022...
CLIMATE NORMAL PERIOD: 1991 TO 2020
CLIMATE RECORD PERIOD: 1908 TO 2022
WEATHER OBSERVED NORMAL DEPART LAST YEAR`S
VALUE DATE(S) VALUE FROM VALUE DATE(S)
NORMAL
................................................................
TEMPERATURE (F)
RECORD
HIGH 99 05/31/1934
LOW -36 03/01/1962
HIGHEST 91 05/12 87 4 81 05/01
LOWEST -9 03/03 -10 1 -1 03/01
03/12
AVG. MAXIMUM 48.3 52.5 -4.2 54.1
AVG. MINIMUM 28.7 28.9 -0.2 30.8
MEAN 38.5 40.7 -2.2 42.5
DAYS MAX >= 90 1 0.3 0.7 0
DAYS MAX <= 32 17 11.4 5.6 2
DAYS MIN <= 32 61 53.7 7.3 56
DAYS MIN <= 0 6 3.8 2.2 1
PRECIPITATION (INCHES)
RECORD
MAXIMUM 14.87 1991
MINIMUM 2.28 1931
TOTALS 11.87 7.59 4.28 7.43
DAILY AVG. 0.13 0.08 0.05 0.08
DAYS >= .01 50 34.0 16.0 38
DAYS >= .10 27 17.9 9.1 19
DAYS >= .50 6 4.2 1.8 4
DAYS >= 1.00 3 1.1 1.9 0
SNOWFALL (INCHES)
RECORDS
TOTAL 47.0 1923
24 HR TOTAL MM
TOTALS 24.4 MM MM 5.2
SINCE 7/1 93.3 MM MM 55.1
DAYS >= TRACE 30 MM MM 14
DAYS >= 1.0 7 MM MM 2
GREATEST
SNOW DEPTH 12 03/01 14 03/01
03/02
24 HR TOTAL MM
DEGREE DAYS
HEATING TOTAL 2453 2251 202 2064
SINCE 7/1 8893 8713 180 8576
COOLING TOTAL 45 15 30 15
SINCE 1/1 45 15 30 15
FREEZE DATES
RECORD
EARLIEST 08/27/1915
LATEST 07/30/1928
EARLIEST 10/17
LATEST 05/29
................................................................
WIND (MPH)
AVERAGE WIND SPEED 8.3
RESULTANT WIND SPEED/DIRECTION 1/200
HIGHEST WIND SPEED/DIRECTION 33/260 DATE 04/11
HIGHEST GUST SPEED/DIRECTION 53/220 DATE 05/31
SKY COVER
POSSIBLE SUNSHINE (PERCENT) MM
AVERAGE SKY COVER 0.56
NUMBER OF DAYS FAIR 29
NUMBER OF DAYS PC 30
NUMBER OF DAYS CLOUDY 33
AVERAGE RH (PERCENT) 67
WEATHER CONDITIONS. NUMBER OF DAYS WITH
THUNDERSTORM 12 MIXED PRECIP 0
HEAVY RAIN 8 RAIN 13
LIGHT RAIN 34 FREEZING RAIN 4
LT FREEZING RAIN 7 HAIL 0
HEAVY SNOW 4 SNOW 7
LIGHT SNOW 28 SLEET 1
FOG 53 FOG W/VIS <= 1/4 MILE 11
HAZE 12
- INDICATES NEGATIVE NUMBERS.
R INDICATES RECORD WAS SET OR TIED.
MM INDICATES DATA IS MISSING.
T INDICATES TRACE AMOUNT.
$$