000
CXUS51 KAKQ 010810
CF6RIC
PRELIMINARY LOCAL CLIMATOLOGICAL DATA (WS FORM: F-6)
STATION: RICHMOND VA
MONTH: JANUARY
YEAR: 2024
LATITUDE: 37 30 N
LONGITUDE: 77 20 W
TEMPERATURE IN F: :PCPN: SNOW: WIND :SUNSHINE: SKY :PK WND
================================================================================
1 2 3 4 5 6A 6B 7 8 9 10 11 12 13 14 15 16 17 18
12Z AVG MX 2MIN
DY MAX MIN AVG DEP HDD CDD WTR SNW DPTH SPD SPD DIR MIN PSBL S-S WX SPD DR
================================================================================
1 48 33 41 2 24 0 0.02 T 0 7.6 17 330 M M 8 23 330
2 48 29 39 0 26 0 T 0.0 0 7.7 20 10 M M 3 27 360
3 49 26 38 -1 27 0 0.00 0.0 0 3.1 8 210 M M 5 1 12 60
4 47 30 39 0 26 0 T 0.0 0 10.0 22 310 M M 7 29 320
5 43 25 34 -5 31 0 0.00 0.0 0 4.1 12 50 M M 3 18 60
6 51 30 41 3 24 0 1.06 T 0 7.1 17 300 M M 9 14 22 290
7 55 34 45 7 20 0 0.00 0.0 0 8.6 20 280 M M 6 1 28 280
8 50 27 39 1 26 0 0.00 0.0 0 3.9 16 350 M M 3 21 350
9 63 34 49 11 16 0 2.35 0.0 0 16.6 39 210 M M 10 1 59 220
10 57 39 48 10 17 0 T 0.0 0 16.0 30 250 M M 6 41 240
11 57 28 43 5 22 0 0.00 0.0 0 6.9 18 210 M M 1 24 210
12 57 28 43 5 22 0 0.68 0.0 0 7.8 18 130 M M 6 1 27 130
13 62 38 50 12 15 0 0.09 0.0 0 17.6 33 260 M M 4 1 45 270
14 57 29 43 5 22 0 0.00 0.0 0 11.5 33 230 M M 3 48 240
15 38 31 35 -3 30 0 0.14 0.5 0 6.7 12 110 M M 10 14 17 110
16 32 21 27 -11 38 0 0.21 0.0 T 7.9 21 340 M M 9 16 27 340
17 33 14 24 -14 41 0 0.00 0.0 0 7.0 17 220 M M 1 23 230
18 47 20 34 -4 31 0 0.00 0.0 0 5.8 17 200 M M 5 22 210
19 43 30 37 -1 28 0 0.05 T 0 7.3 21 310 M M 8 1 29 290
20 33 21 27 -11 38 0 0.00 0.0 0 12.7 24 300 M M 3 31 300
21 38 18 28 -10 37 0 0.00 0.0 0 6.5 16 330 M M 0 25 330
22 47 17 32 -6 33 0 0.00 0.0 0 5.1 16 210 M M 1 21 200
23 53 27 40 2 25 0 T 0.0 0 6.5 12 180 M M 7 17 220
24 71 45 58 20 7 0 0.00 0.0 0 6.8 18 200 M M 7 25 220
25 71 62 67 29 0 2 0.09 0.0 0 10.7 18 230 M M 10 1 24 210
26 78 60 69 31 0 4 0.02 0.0 0 11.0 20 210 M M 8 1 30 210
27 65 47 56 18 9 0 0.61 0.0 0 8.3 16 90 M M 7 1 22 130
28 48 44 46 8 19 0 0.44 0.0 0 8.1 17 330 M M 10 1 25 100
29 54 39 47 9 18 0 T 0.0 0 12.2 23 340 M M 4 34 350
30 48 30 39 1 26 0 0.00 0.0 0 5.5 13 120 M M 6 18 350
31 47 35 41 2 24 0 0.00 0.0 0 5.9 12 350 M M 9 15 360
================================================================================
SM 1590 991 722 6 5.76 0.5 262.5 M 179
================================================================================
AV 51.3 32.0 8.5 FASTST M M 6 MAX(MPH)
MISC ----> 39 210 59 220
================================================================================
NOTES:
# LAST OF SEVERAL OCCURRENCES
COLUMN 17 PEAK WIND IN M.P.H.
PRELIMINARY LOCAL CLIMATOLOGICAL DATA (WS FORM: F-6) , PAGE 2
STATION: RICHMOND VA
MONTH: JANUARY
YEAR: 2024
LATITUDE: 37 30 N
LONGITUDE: 77 20 W
[TEMPERATURE DATA] [PRECIPITATION DATA] SYMBOLS USED IN COLUMN 16
AVERAGE MONTHLY: 41.6 TOTAL FOR MONTH: 5.76 1 = FOG OR MIST
DPTR FM NORMAL: 3.3 DPTR FM NORMAL: 2.53 2 = FOG REDUCING VISIBILITY
HIGHEST: 78 ON 26 GRTST 24HR 2.56 ON 9- 9 TO 1/4 MILE OR LESS
LOWEST: 14 ON 17 3 = THUNDER
SNOW, ICE PELLETS, HAIL 4 = ICE PELLETS
TOTAL MONTH: 0.5 INCH 5 = HAIL
GRTST 24HR 0.5 ON 15-15 6 = FREEZING RAIN OR DRIZZLE
GRTST DEPTH: T 7 = DUSTSTORM OR SANDSTORM:
VSBY 1/2 MILE OR LESS
8 = SMOKE OR HAZE
[NO. OF DAYS WITH] [WEATHER - DAYS WITH] 9 = BLOWING SNOW
X = TORNADO
MAX 32 OR BELOW: 1 0.01 INCH OR MORE: 12
MAX 90 OR ABOVE: 0 0.10 INCH OR MORE: 7
MIN 32 OR BELOW: 19 0.50 INCH OR MORE: 4
MIN 0 OR BELOW: 0 1.00 INCH OR MORE: 2
[HDD (BASE 65) ]
TOTAL THIS MO. 722 CLEAR (SCALE 0-3) 9
DPTR FM NORMAL -106 PTCLDY (SCALE 4-7) 15
TOTAL FM JUL 1 1906 CLOUDY (SCALE 8-10) 7
DPTR FM NORMAL -327
[CDD (BASE 65) ]
TOTAL THIS MO. 6
DPTR FM NORMAL 6 [PRESSURE DATA]
TOTAL FM JAN 1 6 HIGHEST SLP 30.70 ON 22
DPTR FM NORMAL 6 LOWEST SLP 29.17 ON 9
[REMARKS]
#FINAL-01-24#