000
CXUS55 KGJT 011010
CF6RIL
PRELIMINARY LOCAL CLIMATOLOGICAL DATA (WS FORM: F-6)
STATION: RIFLE CO
MONTH: DECEMBER
YEAR: 2021
LATITUDE: 39 31 N
LONGITUDE: 107 43 W
TEMPERATURE IN F: :PCPN: SNOW: WIND :SUNSHINE: SKY :PK WND
================================================================================
1 2 3 4 5 6A 6B 7 8 9 10 11 12 13 14 15 16 17 18
12Z AVG MX 2MIN
DY MAX MIN AVG DEP HDD CDD WTR SNW DPTH SPD SPD DIR MIN PSBL S-S WX SPD DR
================================================================================
1 57 23 40 10 25 0 0.00 M M 2.7 9 100 M M 0 10 100
2 59 25 42 13 23 0 0.00 M M 1.6 9 200 M M 0 11 210
3 59 22 41 12 24 0 0.00 M M 2.2 9 170 M M 0 13 170
4 56 22 39 10 26 0 0.00 M M 2.2 9 220 M M 0 13 300
5 53 21 37 9 28 0 0.00 M M 4.1 21 250 M M 0 27 240
6 40 18 29 1 36 0 0.03 M M 3.0 12 60 M M 6 17 40
7 47 28 38 10 27 0 T M M 4.0 17 260 M M 7 24 250
8 38 23 31 4 34 0 0.11 M M 2.5 10 130 M M 7 1 12 130
9 40 33 37 10 28 0 0.49 M M 1.8 8 140 M M 10 1 9 140
10 34 9 22 -5 43 0 0.12 M M 9.6 22 320 M M 8 1 29 270
11 25 4 15 -11 50 0 0.00 M M 2.4 8 140 M M 2 9 140
12 31 7 19 -7 46 0 0.00 M M 1.7 7 100 M M 0 8 110
13 40 11 26 0 39 0 0.00 M M 2.2 7 170 M M 0 9 190
14 50 23 37 11 28 0 0.00 M M 3.5 10 310 M M 2 14 150
15 52 24 38 13 27 0 0.03 M M 18.7 46 250 M M 8 18 63 250
16 33 12 23 -2 42 0 T M M 3.1 9 100 M M 3 11 160
17 36 14 25 0 40 0 T M M 3.7 13 320 M M 6 1 18 270
18 33 9 21 -4 44 0 0.00 M M 1.4 7 120 M M 0 9 140
19 32 8 20 -4 45 0 0.00 M M 1.4 7 150 M M 0 8 130
20 35 9 22 -2 43 0 0.00 M M 1.7 7 180 M M 0 9 210
21 40 14 27 3 38 0 0.00 M M 1.2 7 120 M M 0 8 210
22 35 8 22 -2 43 0 0.00 M M 1.4 7 200 M M 2 8 280
23 37 21 29 5 36 0 T M M 3.0 10 170 M M 8 1 13 170
24 40 28 34 10 31 0 0.33 M M 2.7 18 320 M M 10 126 30 330
25 46 28 37 13 28 0 0.00 M M 4.9 16 260 M M 4 12 20 260
26 42 27 35 11 30 0 0.01 M M 13.0 41 250 M M 8 128 58 260
27 34 22 28 4 37 0 0.01 M M 4.6 18 230 M M 9 18 26 220
28 32 23 28 4 37 0 0.07 M M 3.7 21 320 M M 10 1 31 330
29 30 22 26 2 39 0 0.01 M M 5.1 17 250 M M 10 18 23 250
30 34 20 27 3 38 0 T M M 5.2 25 260 M M 9 1 31 260
31 33 24 29 5 36 0 0.16 M M 4.5 25 320 M M 10 12 33 330
================================================================================
SM 1253 582 1091 0 1.37 M 122.8 M 139
================================================================================
AV 40.4 18.8 4.0 FASTST M M 4 MAX(MPH)
MISC ----> 46 250 63 250
================================================================================
NOTES:
# LAST OF SEVERAL OCCURRENCES
COLUMN 17 PEAK WIND IN M.P.H.
PRELIMINARY LOCAL CLIMATOLOGICAL DATA (WS FORM: F-6) , PAGE 2
STATION: RIFLE CO
MONTH: DECEMBER
YEAR: 2021
LATITUDE: 39 31 N
LONGITUDE: 107 43 W
[TEMPERATURE DATA] [PRECIPITATION DATA] SYMBOLS USED IN COLUMN 16
AVERAGE MONTHLY: 29.6 TOTAL FOR MONTH: 1.37 1 = FOG OR MIST
DPTR FM NORMAL: 4.0 DPTR FM NORMAL: 0.80 2 = FOG REDUCING VISIBILITY
HIGHEST: 59 ON 3, 2 GRTST 24HR 0.49 ON 9- 9 TO 1/4 MILE OR LESS
LOWEST: 4 ON 11 3 = THUNDER
SNOW, ICE PELLETS, HAIL 4 = ICE PELLETS
TOTAL MONTH: M 5 = HAIL
GRTST 24HR M ON M 6 = FREEZING RAIN OR DRIZZLE
GRTST DEPTH: M ON M 7 = DUSTSTORM OR SANDSTORM:
VSBY 1/2 MILE OR LESS
8 = SMOKE OR HAZE
[NO. OF DAYS WITH] [WEATHER - DAYS WITH] 9 = BLOWING SNOW
X = TORNADO
MAX 32 OR BELOW: 5 0.01 INCH OR MORE: 11
MAX 90 OR ABOVE: 0 0.10 INCH OR MORE: 5
MIN 32 OR BELOW: 30 0.50 INCH OR MORE: 0
MIN 0 OR BELOW: 0 1.00 INCH OR MORE: 0
[HDD (BASE 65) ]
TOTAL THIS MO. 1091 CLEAR (SCALE 0-3) 14
DPTR FM NORMAL -129 PTCLDY (SCALE 4-7) 9
TOTAL FM JUL 1 2338 CLOUDY (SCALE 8-10) 8
DPTR FM NORMAL -332
[CDD (BASE 65) ]
TOTAL THIS MO. 0
DPTR FM NORMAL 0 [PRESSURE DATA]
TOTAL FM JAN 1 925 HIGHEST SLP 30.62 ON 18
DPTR FM NORMAL 294 LOWEST SLP 29.33 ON 15
[REMARKS]
#FINAL-12-21#