000
CXUS55 KREV 010856 AAA
CF6RNO
PRELIMINARY LOCAL CLIMATOLOGICAL DATA (WS FORM: F-6)
STATION: RENO-TAHOE INTL AIRPORT NV
MONTH: AUGUST
YEAR: 2020
LATITUDE: 39 30 N
LONGITUDE: 119 47 W
TEMPERATURE IN F: :PCPN: SNOW: WIND :SUNSHINE: SKY :PK WND
================================================================================
1 2 3 4 5 6A 6B 7 8 9 10 11 12 13 14 15 16 17 18
12Z AVG MX 2MIN
DY MAX MIN AVG DEP HDD CDD WTR SNW DPTH SPD SPD DIR MIN PSBL S-S WX SPD DR
================================================================================
1 99 61 80 4 0 15 0.00 0.0 0 6.4 22 290 M M 2 30 290
2 96 58 77 1 0 12 0.00 0.0 0 8.9 25 290 M M 2 32 290
3 94 57 76 0 0 11 0.00 0.0 0 7.4 21 280 M M 0 26 270
4 96 59 78 3 0 13 0.00 0.0 0 7.9 25 280 M M 1 32 280
5 92 59 76 1 0 11 0.00 0.0 0 9.8 28 280 M M 2 37 280
6 91 57 74 -1 0 9 0.00 0.0 0 6.6 24 290 M M 2 31 290
7 90 60 75 0 0 10 0.00 0.0 0 4.9 15 330 M M 2 19 40
8 94 62 78 3 0 13 0.00 0.0 0 5.2 18 290 M M 2 23 260
9 96 64 80 5 0 15 0.00 0.0 0 3.3 13 250 M M 2 21 250
10 96 63 80 6 0 15 T 0.0 0 6.3 25 280 M M 5 36 280
11 92 67 80 6 0 15 T 0.0 0 7.4 25 20 M M 6 3 34 260
12 93 55 74 0 0 9 0.00 0.0 0 6.6 24 260 M M 1 29 280
13 94 55 75 1 0 10 0.00 0.0 0 8.6 24 280 M M 4 35 230
14 96 66 81 7 0 16 0.02 0.0 0 4.3 17 310 M M 6 3 21 300
15 102 63 83 9 0 18 0.00 0.0 0 4.2 30 250 M M 5 41 230
16 96 74 85 12 0 20 T 0.0 0 9.0 28 280 M M 7 38 37 290
17 98 68 83 10 0 18 0.02 0.0 0 5.6 31 200 M M 7 3 37 200
18 100 66 83 10 0 18 0.00 0.0 0 5.2 23 290 M M 5 29 290
19 95 65 80 7 0 15 0.00 0.0 0 7.1 22 280 M M M 8 30 290
20 96 58 77 5 0 12 0.00 0.0 0 4.4 18 280 M M 8 8 24 280
21 98 58 78 6 0 13 0.00 0.0 0 4.0 22 300 M M 6 8 28 300
22 96 57 77 5 0 12 0.00 0.0 0 3.9 18 240 M M 7 8 23 280
23 96 64 80 8 0 15 T 0.0 0 3.0 26 190 M M 7 38 30 190
24 94 63 79 7 0 14 0.09 0.0 0 7.4 24 290 M M 6 38 32 290
25 92 63 78 7 0 13 0.00 0.0 0 6.5 20 340 M M 4 8 26 290
26 92 63 78 7 0 13 T 0.0 0 7.1 24 280 M M 3 33 270
27 90 58 74 3 0 9 0.00 0.0 0 3.9 17 340 M M 2 8 22 340
28 91 64 78 7 0 13 0.00 0.0 0 4.7 12 310 M M 3 8 16 300
29 95 60 78 8 0 13 0.00 0.0 0 5.6 18 280 M M 2 8 23 280
30 91 61 76 6 0 11 0.00 0.0 0 4.5 17 10 M M 1 8 21 40
31 89 58 74 4 0 9 0.00 0.0 0 4.5 17 350 M M 2 8 22 10
================================================================================
SM 2930 1906 0 410 0.13 0.0 184.2 M 112
================================================================================
AV 94.5 61.5 5.9 FASTST M M 4 MAX(MPH)
MISC ----> 31 200 41 230
================================================================================
NOTES:
# LAST OF SEVERAL OCCURRENCES
COLUMN 17 PEAK WIND IN M.P.H.
PRELIMINARY LOCAL CLIMATOLOGICAL DATA (WS FORM: F-6) , PAGE 2
STATION: RENO-TAHOE INTL AIRPORT NV
MONTH: AUGUST
YEAR: 2020
LATITUDE: 39 30 N
LONGITUDE: 119 47 W
[TEMPERATURE DATA] [PRECIPITATION DATA] SYMBOLS USED IN COLUMN 16
AVERAGE MONTHLY: 78.0 TOTAL FOR MONTH: 0.13 1 = FOG OR MIST
DPTR FM NORMAL: 4.8 DPTR FM NORMAL: -0.10 2 = FOG REDUCING VISIBILITY
HIGHEST: 102 ON 15 GRTST 24HR 0.09 ON 23-24 TO 1/4 MILE OR LESS
LOWEST: 55 ON 13,12 3 = THUNDER
SNOW, ICE PELLETS, HAIL 4 = ICE PELLETS
TOTAL MONTH: 0.0 INCH 5 = HAIL
GRTST 24HR 0.0 6 = FREEZING RAIN OR DRIZZLE
GRTST DEPTH: 0 7 = DUSTSTORM OR SANDSTORM:
VSBY 1/2 MILE OR LESS
8 = SMOKE OR HAZE
[NO. OF DAYS WITH] [WEATHER - DAYS WITH] 9 = BLOWING SNOW
X = TORNADO
MAX 32 OR BELOW: 0 0.01 INCH OR MORE: 3
MAX 90 OR ABOVE: 30 0.10 INCH OR MORE: 0
MIN 32 OR BELOW: 0 0.50 INCH OR MORE: 0
MIN 0 OR BELOW: 0 1.00 INCH OR MORE: 0
[HDD (BASE 65) ]
TOTAL THIS MO. 0 CLEAR (SCALE 0-3) 15
DPTR FM NORMAL -5 PTCLDY (SCALE 4-7) 15
TOTAL FM JUL 1 0 CLOUDY (SCALE 8-10) 1
DPTR FM NORMAL -7
[CDD (BASE 65) ]
TOTAL THIS MO. 410
DPTR FM NORMAL 151 [PRESSURE DATA]
TOTAL FM JAN 1 1014 HIGHEST SLP M ON M
DPTR FM NORMAL 268 LOWEST SLP 29.67 ON 26
[REMARKS]
THE AVERAGE TEMPERATURE FOR AUGUST 2020 AT THE RENO-TAHOE
INTERNATIONAL AIRPORT WAS 78.0 DEGREES WHICH IS 4.8 DEGREES ABOVE
NORMAL. THE HIGHEST TEMPERATURE FOR AUGUST WAS 102 DEGREES WHICH
OCCURRED ON THE 15TH. THE LOWEST TEMPERATURE FOR THE MONTH WAS 55
DEGREES WHICH OCCURRED ON THE 12TH AND THE 13TH.
FOR AUGUST 2020, 0.13 INCHES OF PRECIPITATION WAS RECORDED AT THE
RENO-TAHOE INTERNATIONAL AIRPORT. THIS IS 0.10 INCHES BELOW NORMAL.
NO SNOWFALL OCCURRED DURING THE MONTH.
THE AVERAGE WIND SPEED FOR AUGUST 2020 WAS 5.9 MPH. THE PEAK WIND
GUST FOR THE MONTH WAS 41 MPH FROM THE SOUTHWEST ON THE 15TH.
#FINAL-08-20#