000
CXUS55 KREV 192010
CLMRNO
CLIMATE REPORT
NATIONAL WEATHER SERVICE RENO NV
1259 PM PDT WED APR 19 2023
...................................
...THE RENO-TAHOE INTL AIRPORT NV CLIMATE SUMMARY FOR THE MONTH OF JUNE 2021...
CLIMATE NORMAL PERIOD 1981 TO 2010
CLIMATE RECORD PERIOD 1888 TO 2020
WEATHER OBSERVED NORMAL DEPART
VALUE DATE(S) VALUE FROM
NORMAL
................................................
TEMPERATURE (F)
RECORD
HIGH 104 06/20/2017
06/16/1940
06/25/2015
LOW 25 06/06/1954
HIGHEST MM 104 MM
LOWEST MM 25 MM
AVG. MAXIMUM MM 83.3 MM
AVG. MINIMUM MM 52.0 MM
MEAN MM 67.7 MM
DAYS MAX >= 90 0 7.8 -7.8
DAYS MAX <= 32 0 0.0 0.0
DAYS MIN <= 32 0 0.0 0.0
DAYS MIN <= 0 0 0.0 0.0
PRECIPITATION (INCHES)
RECORD
MAXIMUM 1.94 1920
MINIMUM 0.00 1994
TOTALS MM 0.51 MM
DAILY AVG. MM 0.02 MM
DAYS >= .01 0 3.7 -3.7
DAYS >= .10 0 1.7 -1.7
DAYS >= .50 0 0.1 -0.1
DAYS >= 1.00 0 0.0 0.0
GREATEST
24 HR. TOTAL MM
STORM TOTAL MM
(MM/DD(HH)) MM
SNOWFALL (INCHES)
RECORDS
TOTAL 0.2 5
0
24 HR TOTAL MM
TOTALS MM T MM
LIQUID EQUIV MM MM MM
SINCE 7/1 MM 21.8 MM
LIQUID 7/1 MM
DAYS >= TRACE 19998 0.0 19998.0
DAYS >= 1.0 MM 0.0 MM
GREATEST
SNOW DEPTH MM
24 HR TOTAL MM
STORM TOTAL MM
(MM/DD(HH)) MM
DEGREE_DAYS
HEATING TOTAL MM 56 MM
SINCE 7/1 MM 4924 MM
COOLING TOTAL MM 136 MM
SINCE 1/1 MM 173 MM
FREEZE DATES
RECORD
EARLIEST 08/23/1973
LATEST 06/27/1974
EARLIEST 10/03
LATEST 05/21
.................................................
WIND (MPH)
AVERAGE WIND SPEED MM
HIGHEST WIND SPEED/DIRECTION MM DATE MM
HIGHEST GUST SPEED/DIRECTION MM DATE MM
AVERAGE RH (PERCENT) MM
WEATHER CONDITIONS. NUMBER OF DAYS WITH
THUNDERSTORM MM MIXED PRECIP MM
HEAVY RAIN MM RAIN MM
LIGHT RAIN MM FREEZING RAIN MM
LT FREEZING RAIN MM HAIL MM
HEAVY SNOW MM SNOW MM
LIGHT SNOW MM SLEET MM
FOG MM FOG W/VIS <= 1/4 MILE MM
HAZE MM
- INDICATES NEGATIVE NUMBERS.
R INDICATES RECORD WAS SET OR TIED.
MM INDICATES DATA IS MISSING.
T INDICATES TRACE AMOUNT.
$$