000
CXUS51 KRNK 010739
CF6ROA
PRELIMINARY LOCAL CLIMATOLOGICAL DATA (WS FORM: F-6)
STATION: ROANOKE VA
MONTH: FEBRUARY
YEAR: 2022
LATITUDE: 37 19 N
LONGITUDE: 79 58 W
TEMPERATURE IN F: :PCPN: SNOW: WIND :SUNSHINE: SKY :PK WND
================================================================================
1 2 3 4 5 6A 6B 7 8 9 10 11 12 13 14 15 16 17 18
12Z AVG MX 2MIN
DY MAX MIN AVG DEP HDD CDD WTR SNW DPTH SPD SPD DIR MIN PSBL S-S WX SPD DR
================================================================================
1 43 23 33 -5 32 0 0.00 0.0 0 1.3 9 150 M M 5 12 150
2 48 22 35 -3 30 0 0.02 0.0 0 1.2 10 120 M M 4 13 120
3 55 39 47 8 18 0 0.90 0.0 0 1.4 10 150 M M 10 1 13 150
4 60 34 47 8 18 0 0.17 0.0 0 10.4 29 310 M M 9 1 35 310
5 35 25 30 -9 35 0 T T 0 10.1 22 320 M M 4 27 270
6 44 19 32 -7 33 0 0.00 0.0 0 2.2 10 120 M M 0 14 170
7 37 20 29 -10 36 0 0.07 T 0 1.9 7 40 M M 4 4 8 20
8 51 26 39 0 26 0 0.00 0.0 0 7.2 23 310 M M 0 31 320
9 60 30 45 5 20 0 0.00 0.0 0 5.1 14 310 M M 1 16 180
10 61 33 47 7 18 0 0.00 0.0 0 7.4 23 250 M M 1 32 250
11 68 28 48 8 17 0 0.00 0.0 0 5.0 23 240 M M 1 36 250
12 61 44 53 13 12 0 T 0.0 0 8.2 17 260 M M 6 23 260
13 46 27 37 -3 28 0 0.07 0.4 0 8.4 17 320 M M 7 1 22 320
14 38 25 32 -8 33 0 T T 0 9.6 22 310 M M 6 28 290
15 48 19 34 -7 31 0 0.00 0.0 0 4.6 13 140 M M 0 16 150
16 55 27 41 0 24 0 0.00 0.0 0 4.7 16 170 M M 5 20 160
17 66 50 58 17 7 0 0.08 0.0 0 10.6 22 170 M M 9 1 30 200
18 64 28 46 5 19 0 0.26 0.0 0 14.6 29 300 M M 5 1 37 300
19 49 27 38 -4 27 0 0.00 0.0 0 14.5 36 310 M M 0 49 300
20 52 20 36 -6 29 0 0.00 0.0 0 4.3 15 150 M M 0 18 160
21 67 25 46 4 19 0 0.00 0.0 0 4.3 20 150 M M 1 25 150
22 63 53 58 16 7 0 0.16 0.0 0 8.0 17 170 M M 10 1 21 170
23 74 54 64 21 1 0 0.11 0.0 0 7.1 18 260 M M 6 1 25 270
24 55 34 45 2 20 0 0.80 0.0 0 7.4 20 120 M M 9 1 24 120
25 61 34 48 5 17 0 0.10 0.0 0 10.8 28 290 M M 5 1 38 320
26 48 36 42 -1 23 0 0.00 0.0 0 5.0 15 310 M M 8 17 310
27 57 39 48 4 17 0 0.00 0.0 0 9.2 23 300 M M 5 30 300
28 60 35 48 4 17 0 0.00 0.0 0 6.0 20 300 M M 0 27 290
================================================================================
SM 1526 876 614 0 2.74 0.4 190.5 M 121
================================================================================
AV 54.5 31.3 6.8 FASTST M M 4 MAX(MPH)
MISC ----> 36 310 49 300
================================================================================
NOTES:
# LAST OF SEVERAL OCCURRENCES
COLUMN 17 PEAK WIND IN M.P.H.
PRELIMINARY LOCAL CLIMATOLOGICAL DATA (WS FORM: F-6) , PAGE 2
STATION: ROANOKE VA
MONTH: FEBRUARY
YEAR: 2022
LATITUDE: 37 19 N
LONGITUDE: 79 58 W
[TEMPERATURE DATA] [PRECIPITATION DATA] SYMBOLS USED IN COLUMN 16
AVERAGE MONTHLY: 42.9 TOTAL FOR MONTH: 2.74 1 = FOG OR MIST
DPTR FM NORMAL: 2.1 DPTR FM NORMAL: -0.15 2 = FOG REDUCING VISIBILITY
HIGHEST: 74 ON 23 GRTST 24HR 0.91 ON 3- 4 TO 1/4 MILE OR LESS
LOWEST: 19 ON 15, 6 3 = THUNDER
SNOW, ICE PELLETS, HAIL 4 = ICE PELLETS
TOTAL MONTH: 0.4 INCH 5 = HAIL
GRTST 24HR 0.4 ON 13-13 6 = FREEZING RAIN OR DRIZZLE
GRTST DEPTH: 0 7 = DUSTSTORM OR SANDSTORM:
VSBY 1/2 MILE OR LESS
8 = SMOKE OR HAZE
[NO. OF DAYS WITH] [WEATHER - DAYS WITH] 9 = BLOWING SNOW
X = TORNADO
MAX 32 OR BELOW: 0 0.01 INCH OR MORE: 11
MAX 90 OR ABOVE: 0 0.10 INCH OR MORE: 7
MIN 32 OR BELOW: 16 0.50 INCH OR MORE: 2
MIN 0 OR BELOW: 0 1.00 INCH OR MORE: 0
[HDD (BASE 65) ]
TOTAL THIS MO. 614 CLEAR (SCALE 0-3) 10
DPTR FM NORMAL -64 PTCLDY (SCALE 4-7) 12
TOTAL FM JUL 1 2727 CLOUDY (SCALE 8-10) 6
DPTR FM NORMAL -291
[CDD (BASE 65) ]
TOTAL THIS MO. 0
DPTR FM NORMAL 0 [PRESSURE DATA]
TOTAL FM JAN 1 0 HIGHEST SLP M ON M
DPTR FM NORMAL 0 LOWEST SLP 29.60 ON 18
[REMARKS]
#FINAL-02-22#