000
CXUS51 KRNK 010618
CF6ROA
PRELIMINARY LOCAL CLIMATOLOGICAL DATA (WS FORM: F-6)
STATION: ROANOKE VA
MONTH: NOVEMBER
YEAR: 2020
LATITUDE: 37 19 N
LONGITUDE: 79 58 W
TEMPERATURE IN F: :PCPN: SNOW: WIND :SUNSHINE: SKY :PK WND
================================================================================
1 2 3 4 5 6A 6B 7 8 9 10 11 12 13 14 15 16 17 18
12Z AVG MX 2MIN
DY MAX MIN AVG DEP HDD CDD WTR SNW DPTH SPD SPD DIR MIN PSBL S-S WX SPD DR
================================================================================
1 67 39 53 0 12 0 0.35 0.0 0 12.3 39 310 M M 7 1 50 310
2 50 36 43 -10 22 0 0.00 0.0 0 13.3 33 320 M M 2 48 330
3 66 41 54 2 11 0 0.00 0.0 0 9.4 28 310 M M 0 37 300
4 70 38 54 2 11 0 0.00 0.0 0 3.0 13 120 M M 0 14 120
5 68 39 54 2 11 0 0.00 0.0 0 2.1 8 120 M M 1 12 150
6 74 43 59 7 6 0 0.00 0.0 0 1.5 7 70 M M 0 9 60
7 75 41 58 7 7 0 0.00 0.0 0 1.3 8 120 M M 0 10 120
8 75 46 61 10 4 0 0.00 0.0 0 1.7 12 100 M M 1 1 14 100
9 73 53 63 13 2 0 0.00 0.0 0 2.3 14 100 M M 5 1 17 100
10 75 61 68 18 0 3 0.03 0.0 0 4.5 15 160 M M 9 1 18 150
11 72 66 69 19 0 4 2.64 0.0 0 4.4 29 320 M M 10 13 36 300
12 67 53 60 10 5 0 1.68 0.0 0 5.7 15 20 M M 10 1 19 40
13 68 46 57 8 8 0 T 0.0 0 7.3 21 310 M M 5 27 310
14 62 41 52 3 13 0 0.00 0.0 0 2.8 12 150 M M 4 13 160
15 69 49 59 11 6 0 0.01 0.0 0 10.8 18 230 M M 7 37 290
16 60 44 52 4 13 0 0.00 0.0 0 12.7 29 310 M M 0 41 310
17 53 35 44 -4 21 0 0.00 0.0 0 16.2 31 300 M M 2 43 300
18 52 32 42 -5 23 0 0.00 0.0 0 6.7 18 320 M M 0 24 320
19 57 29 43 -4 22 0 0.00 0.0 0 2.3 10 120 M M 0 13 110
20 71 33 52 5 13 0 0.00 0.0 0 4.7 15 260 M M 0 21 260
21 72 44 58 12 7 0 0.00 0.0 0 4.5 12 340 M M 2 16 350
22 61 48 55 9 10 0 0.00 0.0 0 4.3 14 160 M M 8 17 150
23 55 37 46 0 19 0 0.02 0.0 0 10.1 23 340 M M 4 27 330
24 52 35 44 -1 21 0 0.00 0.0 0 4.6 12 130 M M 2 13 140
25 55 40 48 3 17 0 T 0.0 0 7.0 18 120 M M 6 23 130
26 72 48 60 16 5 0 0.00 0.0 0 4.8 18 270 M M 4 1 24 260
27 65 40 53 9 12 0 0.00 0.0 0 2.3 12 330 M M 3 14 320
28 61 40 51 7 14 0 0.00 0.0 0 7.3 16 290 M M 2 22 280
29 57 31 44 1 21 0 0.26 0.0 0 3.0 13 140 M M 5 1 15 140
30 57 40 49 6 16 0 0.85 0.0 0 10.6 28 270 M M 9 1 34 270
================================================================================
SM 1931 1268 352 7 5.84 0.0 183.5 M 108
================================================================================
AV 64.4 42.3 6.1 FASTST M M 4 MAX(MPH)
MISC ----> 39 310 50 310
================================================================================
NOTES:
# LAST OF SEVERAL OCCURRENCES
COLUMN 17 PEAK WIND IN M.P.H.
PRELIMINARY LOCAL CLIMATOLOGICAL DATA (WS FORM: F-6) , PAGE 2
STATION: ROANOKE VA
MONTH: NOVEMBER
YEAR: 2020
LATITUDE: 37 19 N
LONGITUDE: 79 58 W
[TEMPERATURE DATA] [PRECIPITATION DATA] SYMBOLS USED IN COLUMN 16
AVERAGE MONTHLY: 53.3 TOTAL FOR MONTH: 5.84 1 = FOG OR MIST
DPTR FM NORMAL: 5.2 DPTR FM NORMAL: 2.44 2 = FOG REDUCING VISIBILITY
HIGHEST: 75 ON 10, 8 GRTST 24HR 2.99 ON 11-12 TO 1/4 MILE OR LESS
LOWEST: 29 ON 19 3 = THUNDER
SNOW, ICE PELLETS, HAIL 4 = ICE PELLETS
TOTAL MONTH: 0.0 INCH 5 = HAIL
GRTST 24HR 0.0 6 = FREEZING RAIN OR DRIZZLE
GRTST DEPTH: 0 7 = DUSTSTORM OR SANDSTORM:
VSBY 1/2 MILE OR LESS
8 = SMOKE OR HAZE
[NO. OF DAYS WITH] [WEATHER - DAYS WITH] 9 = BLOWING SNOW
X = TORNADO
MAX 32 OR BELOW: 0 0.01 INCH OR MORE: 8
MAX 90 OR ABOVE: 0 0.10 INCH OR MORE: 5
MIN 32 OR BELOW: 3 0.50 INCH OR MORE: 3
MIN 0 OR BELOW: 0 1.00 INCH OR MORE: 2
[HDD (BASE 65) ]
TOTAL THIS MO. 352 CLEAR (SCALE 0-3) 15
DPTR FM NORMAL -155 PTCLDY (SCALE 4-7) 10
TOTAL FM JUL 1 568 CLOUDY (SCALE 8-10) 5
DPTR FM NORMAL -237
[CDD (BASE 65) ]
TOTAL THIS MO. 7
DPTR FM NORMAL 6 [PRESSURE DATA]
TOTAL FM JAN 1 1511 HIGHEST SLP M ON M
DPTR FM NORMAL 303 LOWEST SLP 29.45 ON 30
[REMARKS]
#FINAL-11-20#