000
CXUS54 KFWD 010730
CF6RPH
PRELIMINARY LOCAL CLIMATOLOGICAL DATA (WS FORM: F-6)
STATION: GRAHAM
MONTH: MARCH
YEAR: 2020
LATITUDE: 33 6 N
LONGITUDE: 98 30 W
TEMPERATURE IN F: :PCPN: SNOW: WIND :SUNSHINE: SKY :PK WND
================================================================================
1 2 3 4 5 6A 6B 7 8 9 10 11 12 13 14 15 16 17 18
12Z AVG MX 2MIN
DY MAX MIN AVG DEP HDD CDD WTR SNW DPTH SPD SPD DIR MIN PSBL S-S WX SPD DR
================================================================================
1 80 54 67 17 0 2 0.00 0.0 0 10.0 16 220 M M 0 23 160
2 64 49 57 7 8 0 0.00 0.0 0 3.3 9 300 M M 0 M M
3 64 48 56 5 9 0 M 0.0 0 3.1 9 50 M M 1 M M
4 56 47 52 1 13 0 0.55 0.0 0 8.5 23 60 M M 5 32 60
5 67 32 50 -1 15 0 0.00 0.0 0 4.2 10 330 M M 1 12 16 340
6 68 32 50 -2 15 0 0.00 0.0 0 3.5 10 130 M M 0 M M
7 67 35 51 -1 14 0 0.00 0.0 0 8.2 17 110 M M 0 23 160
8 65 45 55 3 10 0 M 0.0 0 9.2 15 150 M M 3 23 150
9 80 55 68 15 0 3 0.02 0.0 0 10.7 17 210 M M 2 25 150
10 80 48 64 11 1 0 0.00 0.0 0 6.0 13 190 M M 1 17 130
11 85 59 72 19 0 7 0.00 0.0 0 4.7 13 250 M M 0 M M
12 80 60 70 16 0 5 M 0.0 0 5.2 14 210 M M 0 20 210
13 67 52 60 6 5 0 0.12 0.0 0 6.9 14 70 M M 9 1 23 70
14 58 49 54 0 11 0 0.07 0.0 0 5.8 13 310 M M 10 1 20 300
15 52 46 49 -5 16 0 0.01 0.0 0 5.6 13 110 M M 10 1 18 10
16 70 50 60 5 5 0 0.01 0.0 0 4.8 14 130 M M 7 1 25 130
17 65 60 63 8 2 0 0.18 0.0 0 6.4 12 70 M M 9 1 16 70
18 78 61 70 15 0 5 0.05 0.0 0 6.6 21 120 M M 4 30 120
19 79 59 69 13 0 4 1.24 0.0 0 8.5 17 220 M M 3 25 220
20 61 35 48 -8 17 0 0.00 0.0 0 10.5 20 350 M M 4 28 340
21 62 34 48 -8 17 0 0.04 0.0 0 4.5 10 90 M M 3 1 M M
22 57 50 54 -2 11 0 0.02 0.0 0 0.9 6 220 M M 9 1 M M
23 75 51 63 6 2 0 0.01 0.0 0 3.9 12 120 M M 5 12 18 120
24 79 54 67 10 0 2 0.00 0.0 0 6.2 14 290 M M 0 1 17 310
25 91 50 71 14 0 6 0.00 0.0 0 5.7 16 210 M M 0 23 220
26 92 63 78 20 0 13 0.00 0.0 0 7.4 14 140 M M 0 21 140
27 76 66 71 13 0 6 0.00 0.0 0 6.6 14 160 M M 0 23 160
28 73 46 60 2 5 0 0.00 0.0 0 8.6 22 290 M M 0 29 290
29 70 44 57 -1 8 0 0.00 0.0 0 5.3 9 350 M M 1 30 350
30 62 52 57 -1 8 0 0.06 0.0 0 7.1 14 130 M M 9 1 23 130
31 67 49 58 -1 7 0 0.00 0.0 0 5.8 16 350 M M 6 1 22 350
================================================================================
SM 2190 1535 199 53 2.38 0.0 193.7 M 102
================================================================================
AV 70.7 49.5 6.2 FASTST M M 3 MAX(MPH)
MISC ----> # 23 60 # 32 60
================================================================================
NOTES:
# LAST OF SEVERAL OCCURRENCES
COLUMN 17 PEAK WIND IN M.P.H.
PRELIMINARY LOCAL CLIMATOLOGICAL DATA (WS FORM: F-6) , PAGE 2
STATION: GRAHAM
MONTH: MARCH
YEAR: 2020
LATITUDE: 33 6 N
LONGITUDE: 98 30 W
[TEMPERATURE DATA] [PRECIPITATION DATA] SYMBOLS USED IN COLUMN 16
AVERAGE MONTHLY: 60.1 TOTAL FOR MONTH: 2.38 1 = FOG OR MIST
DPTR FM NORMAL: 5.5 DPTR FM NORMAL: -0.47 2 = FOG REDUCING VISIBILITY
HIGHEST: 92 ON 26 GRTST 24HR 1.24 ON 19-19 TO 1/4 MILE OR LESS
LOWEST: 32 ON 6, 5 3 = THUNDER
SNOW, ICE PELLETS, HAIL 4 = ICE PELLETS
TOTAL MONTH: 0.0 INCH 5 = HAIL
GRTST 24HR 0.0 6 = FREEZING RAIN OR DRIZZLE
GRTST DEPTH: 0 7 = DUSTSTORM OR SANDSTORM:
VSBY 1/2 MILE OR LESS
8 = SMOKE OR HAZE
[NO. OF DAYS WITH] [WEATHER - DAYS WITH] 9 = BLOWING SNOW
X = TORNADO
MAX 32 OR BELOW: 0 0.01 INCH OR MORE: 13
MAX 90 OR ABOVE: 2 0.10 INCH OR MORE: 4
MIN 32 OR BELOW: 2 0.50 INCH OR MORE: 2
MIN 0 OR BELOW: 0 1.00 INCH OR MORE: 1
[HDD (BASE 65) ]
TOTAL THIS MO. 199 CLEAR (SCALE 0-3) 18
DPTR FM NORMAL -142 PTCLDY (SCALE 4-7) 7
TOTAL FM JUL 1 2490 CLOUDY (SCALE 8-10) 6
DPTR FM NORMAL -248
[CDD (BASE 65) ]
TOTAL THIS MO. 53
DPTR FM NORMAL 34 [PRESSURE DATA]
TOTAL FM JAN 1 53 HIGHEST SLP M ON M
DPTR FM NORMAL 33 LOWEST SLP M ON M
[REMARKS]
#FINAL-03-20#