000
CXUS56 KFGZ 010910
CF6RQE
PRELIMINARY LOCAL CLIMATOLOGICAL DATA (WS FORM: F-6)
STATION: WINDOW ROCK AZ AIRPORT
MONTH: JULY
YEAR: 2022
LATITUDE: 35 39 N
LONGITUDE: 109 4 W
TEMPERATURE IN F: :PCPN: SNOW: WIND :SUNSHINE: SKY :PK WND
================================================================================
1 2 3 4 5 6A 6B 7 8 9 10 11 12 13 14 15 16 17 18
12Z AVG MX 2MIN
DY MAX MIN AVG DEP HDD CDD WTR SNW DPTH SPD SPD DIR MIN PSBL S-S WX SPD DR
================================================================================
1 84 51 68 -2 0 3 0.38 M M 4.1 23 180 M M 3 3 38 190
2 86 50 68 -2 0 3 T M M 4.4 16 130 M M 3 3 25 130
3 83 59 71 1 0 6 0.21 M M 6.2 20 210 M M 7 3 26 210
4 85 51 68 -3 0 3 0.06 M M 4.5 24 180 M M 4 138 32 180
5 77 55 66 -5 0 1 0.10 M M 3.6 15 260 M M 5 38 20 10
6 85 50 68 -3 0 3 0.00 M M 4.4 17 240 M M 1 3 24 230
7 89 51 70 -1 0 5 0.00 M M 4.6 17 250 M M 0 24 260
8 94 46 70 -1 0 5 0.00 M M 2.9 16 140 M M 0 8 21 140
9 93 56 75 3 0 10 0.00 M M 6.1 24 200 M M 0 8 34 180
10 92 55 74 2 0 9 T M M 5.9 25 150 M M 3 3 33 150
11 90 55 73 1 0 8 T M M 6.7 25 330 M M 2 3 32 330
12 93 56 75 3 0 10 T M M 5.3 23 190 M M 1 3 32 190
13 89 58 74 2 0 9 0.02 M M 4.6 22 310 M M 3 3 30 320
14 92 61 77 5 0 12 0.00 M M 4.4 21 170 M M 2 3 28 170
15 92 56 74 2 0 9 T M M 4.1 22 300 M M 2 3 26 300
16 96 55 76 4 0 11 0.00 M M 3.2 20 10 M M 1 3 25 10
17 96 56 76 4 0 11 0.01 M M 8.1 28 270 M M 1 3 34 280
18 95 53 74 2 0 9 0.00 M M 5.3 18 240 M M 1 8 26 360
19 96 57 77 5 0 12 0.00 M M 5.1 20 280 M M 1 26 250
20 98 65 82 10 0 17 0.00 M M 4.5 25 360 M M 2 38 33 10
21 96 56 76 4 0 11 0.00 M M 4.7 17 10 M M 0 8 22 30
22 98 54 76 4 0 11 T M M 6.0 28 260 M M 1 8 38 330
23 94 68 81 9 0 16 T M M 9.8 28 10 M M 2 38 35 50
24 91 62 77 5 0 12 0.53 M M 6.6 20 360 M M 3 13 29 180
25 80 62 71 -1 0 6 0.11 M M 4.8 18 20 M M 7 13 24 360
26 83 61 72 0 0 7 0.04 M M 4.5 20 100 M M 7 13 27 140
27 86 57 72 0 0 7 0.05 M M 3.6 20 280 M M 4 3 26 270
28 82 59 71 -1 0 6 0.30 M M 4.3 21 190 M M 5 13 26 190
29 77 61 69 -3 0 4 1.24 M M 3.9 16 280 M M 7 13 23 280
30 77 60 69 -2 0 4 0.32 M M 3.1 20 220 M M 8 13 29 350
31 82 59 71 0 0 6 T M M 4.2 17 200 M M 6 3 24 160
================================================================================
SM 2751 1755 0 246 3.37 M 153.5 M 92
================================================================================
AV 88.7 56.6 5.0 FASTST M M 3 MAX(MPH)
MISC ----> # 28 270 # 38 190
================================================================================
NOTES:
# LAST OF SEVERAL OCCURRENCES
COLUMN 17 PEAK WIND IN M.P.H.
PRELIMINARY LOCAL CLIMATOLOGICAL DATA (WS FORM: F-6) , PAGE 2
STATION: WINDOW ROCK AZ AIRPORT
MONTH: JULY
YEAR: 2022
LATITUDE: 35 39 N
LONGITUDE: 109 4 W
[TEMPERATURE DATA] [PRECIPITATION DATA] SYMBOLS USED IN COLUMN 16
AVERAGE MONTHLY: 72.7 TOTAL FOR MONTH: 3.37 1 = FOG OR MIST
DPTR FM NORMAL: 1.2 DPTR FM NORMAL: 1.59 2 = FOG REDUCING VISIBILITY
HIGHEST: 98 ON 22,20 GRTST 24HR 1.24 ON 29-29 TO 1/4 MILE OR LESS
LOWEST: 46 ON 8 3 = THUNDER
SNOW, ICE PELLETS, HAIL 4 = ICE PELLETS
TOTAL MONTH: M 5 = HAIL
GRTST 24HR M ON M 6 = FREEZING RAIN OR DRIZZLE
GRTST DEPTH: M ON M 7 = DUSTSTORM OR SANDSTORM:
VSBY 1/2 MILE OR LESS
8 = SMOKE OR HAZE
[NO. OF DAYS WITH] [WEATHER - DAYS WITH] 9 = BLOWING SNOW
X = TORNADO
MAX 32 OR BELOW: 0 0.01 INCH OR MORE: 13
MAX 90 OR ABOVE: 16 0.10 INCH OR MORE: 8
MIN 32 OR BELOW: 0 0.50 INCH OR MORE: 2
MIN 0 OR BELOW: 0 1.00 INCH OR MORE: 1
[HDD (BASE 65) ]
TOTAL THIS MO. 0 CLEAR (SCALE 0-3) 19
DPTR FM NORMAL -1 PTCLDY (SCALE 4-7) 12
TOTAL FM JUL 1 0 CLOUDY (SCALE 8-10) 0
DPTR FM NORMAL 0
[CDD (BASE 65) ]
TOTAL THIS MO. 246
DPTR FM NORMAL 42 [PRESSURE DATA]
TOTAL FM JAN 1 375 HIGHEST SLP M ON M
DPTR FM NORMAL 98 LOWEST SLP 29.70 ON 22
[REMARKS]
#FINAL-07-22#