000
CXUS53 KARX 010930
CF6RST
PRELIMINARY LOCAL CLIMATOLOGICAL DATA (WS FORM: F-6)
STATION: ROCHESTER MN
MONTH: AUGUST
YEAR: 2020
LATITUDE: 43 55 N
LONGITUDE: 92 30 W
TEMPERATURE IN F: :PCPN: SNOW: WIND :SUNSHINE: SKY :PK WND
================================================================================
1 2 3 4 5 6A 6B 7 8 9 10 11 12 13 14 15 16 17 18
12Z AVG MX 2MIN
DY MAX MIN AVG DEP HDD CDD WTR SNW DPTH SPD SPD DIR MIN PSBL S-S WX SPD DR
================================================================================
1 82 56 69 -1 0 4 T 0.0 0 4.4 14 330 M M 3 19 330
2 70 52 61 -9 4 0 T 0.0 0 12.4 21 340 M M 9 27 340
3 71 47 59 -11 6 0 0.00 0.0 0 9.4 18 30 M M 3 25 20
4 76 46 61 -9 4 0 0.00 0.0 0 5.3 13 280 M M 1 18 270
5 75 50 63 -7 2 0 0.00 0.0 0 7.2 16 190 M M 4 23 180
6 76 59 68 -2 0 3 0.00 0.0 0 10.1 18 190 M M 7 26 170
7 80 62 71 1 0 6 T 0.0 0 14.5 24 170 M M 4 35 180
8 85 66 76 6 0 11 0.03 0.0 0 12.1 28 300 M M 5 3 40 290
9 84 64 74 4 0 9 0.03 0.0 0 11.3 36 150 M M 2 13 52 190
10 75 56 66 -4 0 1 0.06 0.0 0 9.3 18 320 M M 2 3 25 320
11 82 49 66 -4 0 1 0.00 0.0 0 6.5 12 220 M M 0 15 250
12 78 54 66 -4 0 1 0.09 0.0 0 9.6 21 140 M M 1 13 29 170
13 87 65 76 6 0 11 0.00 0.0 0 10.5 17 180 M M 4 27 160
14 86 65 76 6 0 11 0.87 0.0 0 10.3 23 170 M M 2 13 29 180
15 77 57 67 -3 0 2 0.00 0.0 0 9.3 17 340 M M 1 24 320
16 83 59 71 2 0 6 0.00 0.0 0 7.8 17 330 M M 1 23 330
17 76 56 66 -3 0 1 0.00 0.0 0 9.4 22 330 M M 2 29 340
18 78 51 65 -4 0 0 0.00 0.0 0 5.8 10 330 M M 0 14 340
19 82 52 67 -2 0 2 0.00 0.0 0 10.1 17 190 M M 0 22 200
20 83 58 71 2 0 6 0.00 0.0 0 11.4 21 210 M M 0 26 220
21 85 64 75 6 0 10 0.06 0.0 0 12.7 24 200 M M 3 3 33 210
22 84 64 74 5 0 9 0.33 0.0 0 7.8 22 160 M M 4 13 31 170
23 89 61 75 7 0 10 0.00 0.0 0 6.1 14 220 M M 3 12 17 230
24 92 65 79 11 0 14 T 0.0 0 6.2 23 320 M M 1 29 320
25 92 65 79 11 0 14 0.00 0.0 0 9.7 18 190 M M 0 23 180
26 91 70 81 13 0 16 0.00 0.0 0 13.9 24 220 M M 0 35 230
27 89 69 79 11 0 14 0.00 0.0 0 6.9 15 320 M M 4 20 230
28 83 65 74 6 0 9 0.76 0.0 0 13.3 28 260 M M 3 13 36 290
29 75 55 65 -2 0 0 0.00 0.0 0 9.1 21 340 M M 1 30 350
30 76 51 64 -3 1 0 T 0.0 0 9.2 20 140 M M 2 27 130
31 72 51 62 -5 3 0 2.01 0.0 0 10.2 25 320 M M 4 13 32 330
================================================================================
SM 2514 1804 20 171 4.24 0.0 291.8 M 76
================================================================================
AV 81.1 58.2 9.4 FASTST M M 2 MAX(MPH)
MISC ----> # 36 150 # 52 190
================================================================================
NOTES:
# LAST OF SEVERAL OCCURRENCES
COLUMN 17 PEAK WIND IN M.P.H.
PRELIMINARY LOCAL CLIMATOLOGICAL DATA (WS FORM: F-6) , PAGE 2
STATION: ROCHESTER MN
MONTH: AUGUST
YEAR: 2020
LATITUDE: 43 55 N
LONGITUDE: 92 30 W
[TEMPERATURE DATA] [PRECIPITATION DATA] SYMBOLS USED IN COLUMN 16
AVERAGE MONTHLY: 69.7 TOTAL FOR MONTH: 4.24 1 = FOG OR MIST
DPTR FM NORMAL: 0.5 DPTR FM NORMAL: -0.28 2 = FOG REDUCING VISIBILITY
HIGHEST: 92 ON 25,24 GRTST 24HR 2.01 ON 31-31 TO 1/4 MILE OR LESS
LOWEST: 46 ON 4 3 = THUNDER
SNOW, ICE PELLETS, HAIL 4 = ICE PELLETS
TOTAL MONTH: 0.0 INCH 5 = HAIL
GRTST 24HR 0.0 6 = FREEZING RAIN OR DRIZZLE
GRTST DEPTH: 0 7 = DUSTSTORM OR SANDSTORM:
VSBY 1/2 MILE OR LESS
8 = SMOKE OR HAZE
[NO. OF DAYS WITH] [WEATHER - DAYS WITH] 9 = BLOWING SNOW
X = TORNADO
MAX 32 OR BELOW: 0 0.01 INCH OR MORE: 9
MAX 90 OR ABOVE: 3 0.10 INCH OR MORE: 4
MIN 32 OR BELOW: 0 0.50 INCH OR MORE: 3
MIN 0 OR BELOW: 0 1.00 INCH OR MORE: 1
[HDD (BASE 65) ]
TOTAL THIS MO. 20 CLEAR (SCALE 0-3) 18
DPTR FM NORMAL -7 PTCLDY (SCALE 4-7) 12
TOTAL FM JUL 1 25 CLOUDY (SCALE 8-10) 1
DPTR FM NORMAL -13
[CDD (BASE 65) ]
TOTAL THIS MO. 171
DPTR FM NORMAL 17 [PRESSURE DATA]
TOTAL FM JAN 1 605 HIGHEST SLP 30.20 ON 3
DPTR FM NORMAL 80 LOWEST SLP 29.67 ON 31
[REMARKS]
#FINAL-08-20#