000
CXUS54 KLZK 011130
CF6RUE
PRELIMINARY LOCAL CLIMATOLOGICAL DATA (WS FORM: F-6)
STATION: Russellville
MONTH: SEPTEMBER
YEAR: 2020
LATITUDE: 35 15 N
LONGITUDE: 93 6 W
TEMPERATURE IN F: :PCPN: SNOW: WIND :SUNSHINE: SKY :PK WND
================================================================================
1 2 3 4 5 6A 6B 7 8 9 10 11 12 13 14 15 16 17 18
12Z AVG MX 2MIN
DY MAX MIN AVG DEP HDD CDD WTR SNW DPTH SPD SPD DIR MIN PSBL S-S WX SPD DR
================================================================================
1 77 72 75 -4 0 10 2.29 M M 2.6 14 280 M M 6 13 20 280
2 78 72 75 -4 0 10 3.18 M M 1.2 9 280 M M 9 13 11 290
3 82 71 77 -2 0 12 0.00 M M 1.4 8 330 M M 6 12 10 340
4 89 73 81 3 0 16 0.00 M M 3.4 13 70 M M 4 1 16 70
5 88 67 78 0 0 13 0.00 M M 0.6 6 250 M M 2 7 110
6 89 66 78 0 0 13 0.00 M M 1.8 8 190 M M 0 1 14 270
7 91 66 79 2 0 14 0.00 M M 2.6 12 250 M M 1 16 250
8 90 69 80 3 0 15 0.00 M M 2.5 9 140 M M 1 15 200
9 91 68 80 3 0 15 0.02 M M 3.2 13 80 M M 2 1 24 200
10 87 70 79 3 0 14 0.00 M M 4.0 12 320 M M 3 17 310
11 83 68 76 0 0 11 0.01 M M 3.3 9 310 M M 7 1 12 310
12 86 69 78 2 0 13 0.00 M M 3.4 10 330 M M 5 1 13 290
13 85 67 76 1 0 11 0.00 M M 3.7 12 340 M M 4 1 16 20
14 86 64 75 0 0 10 0.00 M M 4.0 16 60 M M 4 21 60
15 89 62 76 2 0 11 0.00 M M 2.8 10 70 M M 0 13 70
16 86 66 76 2 0 11 0.14 M M 1.9 10 280 M M 5 1 13 290
17 87 68 78 5 0 13 0.00 M M 6.3 13 30 M M 2 18 30
18 82 60 71 -2 0 6 0.00 M M 4.1 14 40 M M 0 17 70
19 78 54 66 -6 0 1 0.00 M M 4.2 14 60 M M 0 20 50
20 81 51 66 -6 0 1 0.00 M M 4.3 15 60 M M 3 18 60
21 79 56 68 -3 0 3 0.04 M M 3.9 12 70 M M 4 17 70
22 69 61 65 -6 0 0 0.54 M M 4.7 10 60 M M 8 1 14 90
23 65 61 63 -7 2 0 0.41 M M 6.5 16 60 M M 10 1 21 50
24 75 57 66 -4 0 1 0.00 M M 2.6 9 50 M M 6 1 12 70
25 75 57 66 -4 0 1 0.00 M M 1.3 7 80 M M 6 9 110
26 78 60 69 0 0 4 0.00 M M 3.1 9 200 M M 4 1 13 210
27 82 57 70 1 0 5 0.19 M M 2.4 9 200 M M 6 1 M M
28 74 50 62 -6 3 0 0.19 M M 6.4 20 290 M M 5 13 26 300
29 75 46 61 -7 4 0 0.00 M M 4.4 20 280 M M 0 24 270
30 86 47 67 0 0 2 0.00 M M 1.9 9 240 M M 0 15 210
================================================================================
SM 2463 1875 9 236 7.01 M 98.5 M 113
================================================================================
AV 82.1 62.5 3.3 FASTST M M 4 MAX(MPH)
MISC ----> # 20 290 # 26 300
================================================================================
NOTES:
# LAST OF SEVERAL OCCURRENCES
COLUMN 17 PEAK WIND IN M.P.H.
PRELIMINARY LOCAL CLIMATOLOGICAL DATA (WS FORM: F-6) , PAGE 2
STATION: Russellville
MONTH: SEPTEMBER
YEAR: 2020
LATITUDE: 35 15 N
LONGITUDE: 93 6 W
[TEMPERATURE DATA] [PRECIPITATION DATA] SYMBOLS USED IN COLUMN 16
AVERAGE MONTHLY: 72.3 TOTAL FOR MONTH: 7.01 1 = FOG OR MIST
DPTR FM NORMAL: -1.4 DPTR FM NORMAL: 3.71 2 = FOG REDUCING VISIBILITY
HIGHEST: 91 ON 9, 7 GRTST 24HR 3.18 ON 2- 2 TO 1/4 MILE OR LESS
LOWEST: 46 ON 29 3 = THUNDER
SNOW, ICE PELLETS, HAIL 4 = ICE PELLETS
TOTAL MONTH: M 5 = HAIL
GRTST 24HR M ON M 6 = FREEZING RAIN OR DRIZZLE
GRTST DEPTH: M ON M 7 = DUSTSTORM OR SANDSTORM:
VSBY 1/2 MILE OR LESS
8 = SMOKE OR HAZE
[NO. OF DAYS WITH] [WEATHER - DAYS WITH] 9 = BLOWING SNOW
X = TORNADO
MAX 32 OR BELOW: 0 0.01 INCH OR MORE: 10
MAX 90 OR ABOVE: 3 0.10 INCH OR MORE: 7
MIN 32 OR BELOW: 0 0.50 INCH OR MORE: 3
MIN 0 OR BELOW: 0 1.00 INCH OR MORE: 2
[HDD (BASE 65) ]
TOTAL THIS MO. 9 CLEAR (SCALE 0-3) 12
DPTR FM NORMAL -4 PTCLDY (SCALE 4-7) 15
TOTAL FM JUL 1 9 CLOUDY (SCALE 8-10) 3
DPTR FM NORMAL -4
[CDD (BASE 65) ]
TOTAL THIS MO. 236
DPTR FM NORMAL -40 [PRESSURE DATA]
TOTAL FM JAN 1 1710 HIGHEST SLP 30.31 ON 5
DPTR FM NORMAL -188 LOWEST SLP 29.70 ON 27
[REMARKS]
#FINAL-09-20#