000
CXUS51 KBTV 010800
CF6RUT
PRELIMINARY LOCAL CLIMATOLOGICAL DATA (WS FORM: F-6)
STATION: RUTLAND VT
MONTH: NOVEMBER
YEAR: 2021
LATITUDE: 43 31 N
LONGITUDE: 72 57 W
TEMPERATURE IN F: :PCPN: SNOW: WIND :SUNSHINE: SKY :PK WND
================================================================================
1 2 3 4 5 6A 6B 7 8 9 10 11 12 13 14 15 16 17 18
12Z AVG MX 2MIN
DY MAX MIN AVG DEP HDD CDD WTR SNW DPTH SPD SPD DIR MIN PSBL S-S WX SPD DR
================================================================================
1 54 43 49 M 16 0 0.00 M M 9.9 17 290 M M 5 31 280
2 48 31 40 M 25 0 M M M 3.9 8 180 M M 7 16 250
3 44 28 36 M 29 0 0.00 M M 4.5 13 340 M M 8 12 M M
4 42 29 36 M 29 0 0.00 M M 3.1 7 110 M M 9 12 M M
5 46 25 36 M 29 0 0.00 M M 3.9 9 300 M M 2 M M
6 50 24 37 M 28 0 0.00 M M 4.7 12 120 M M 0 M M
7 55 25 40 M 25 0 0.00 M M 5.2 10 130 M M 0 M M
8 58 29 44 M 21 0 0.00 M M 5.6 10 120 M M 0 M M
9 60 33 47 M 18 0 0.00 M M 4.3 10 120 M M 3 M M
10 54 32 43 M 22 0 M M M 4.2 13 10 M M 6 1 M M
11 54 28 41 M 24 0 0.00 M M 9.6 20 130 M M 3 25 130
12 54 38 46 M 19 0 0.00 M M 13.7 33 120 M M 8 1 41 120
13 52 32 42 M 23 0 0.00 M M 5.8 16 120 M M 7 1 18 250
14 43 35 39 M 26 0 0.00 M M 6.8 14 250 M M 9 18 250
15 43 33 38 M 27 0 0.00 M M 7.5 15 280 M M 10 22 280
16 41 26 34 M 31 0 0.00 M M 7.4 12 230 M M 8 17 270
17 48 24 36 M 29 0 0.00 M M 7.3 18 110 M M 7 20 120
18 67 40 54 M 11 0 0.34 M M 7.9 16 350 M M 10 22 340
19 42 29 36 M 29 0 T M M 8.1 18 300 M M 8 28 300
20 41 22 32 M 33 0 0.00 M M 4.6 10 130 M M 0 M M
21 48 32 40 M 25 0 0.03 M M 7.4 14 120 M M 7 20 140
22 46 28 37 M 28 0 0.06 M M 7.5 15 300 M M 7 20 200
23 30 24 27 M 38 0 0.00 M M 8.5 14 330 M M 7 22 320
24 35 19 27 M 38 0 T M M 4.7 8 20 M M 2 M M
25 40 22 31 M 34 0 0.00 M M 3.0 9 140 M M 6 M M
26 38 28 33 M 32 0 0.35 M M 3.5 12 290 M M 10 12 18 290
27 31 15 23 M 42 0 T M M 9.5 16 280 M M 7 1 23 280
28 34 10 22 M 43 0 0.04 M M 1.1 8 140 M M 6 1 M M
29 33 11 22 M 43 0 0.01 M M 2.9 9 360 M M 8 1 M M
30 31 10 21 M 44 0 0.04 M M 2.6 9 120 M M 9 1 M M
================================================================================
SM 1362 805 861 0 0.87 M 178.4 M 179
================================================================================
AV 45.4 26.8 5.9 FASTST M M 6 MAX(MPH)
MISC ----> 33 120 41 120
================================================================================
NOTES:
# LAST OF SEVERAL OCCURRENCES
COLUMN 17 PEAK WIND IN M.P.H.
PRELIMINARY LOCAL CLIMATOLOGICAL DATA (WS FORM: F-6) , PAGE 2
STATION: RUTLAND VT
MONTH: NOVEMBER
YEAR: 2021
LATITUDE: 43 31 N
LONGITUDE: 72 57 W
[TEMPERATURE DATA] [PRECIPITATION DATA] SYMBOLS USED IN COLUMN 16
AVERAGE MONTHLY: 36.1 TOTAL FOR MONTH: 0.87 1 = FOG OR MIST
DPTR FM NORMAL: 0.0 DPTR FM NORMAL: M 2 = FOG REDUCING VISIBILITY
HIGHEST: 67 ON 18 GRTST 24HR 0.35 ON 26-26 TO 1/4 MILE OR LESS
LOWEST: 10 ON 30,28 3 = THUNDER
SNOW, ICE PELLETS, HAIL 4 = ICE PELLETS
TOTAL MONTH: M 5 = HAIL
GRTST 24HR M ON M 6 = FREEZING RAIN OR DRIZZLE
GRTST DEPTH: M ON M 7 = DUSTSTORM OR SANDSTORM:
VSBY 1/2 MILE OR LESS
8 = SMOKE OR HAZE
[NO. OF DAYS WITH] [WEATHER - DAYS WITH] 9 = BLOWING SNOW
X = TORNADO
MAX 32 OR BELOW: 3 0.01 INCH OR MORE: 7
MAX 90 OR ABOVE: 0 0.10 INCH OR MORE: 2
MIN 32 OR BELOW: 24 0.50 INCH OR MORE: 0
MIN 0 OR BELOW: 0 1.00 INCH OR MORE: 0
[HDD (BASE 65) ]
TOTAL THIS MO. 861 CLEAR (SCALE 0-3) 8
DPTR FM NORMAL M PTCLDY (SCALE 4-7) 14
TOTAL FM JUL 1 1377 CLOUDY (SCALE 8-10) 8
DPTR FM NORMAL M
[CDD (BASE 65) ]
TOTAL THIS MO. 0
DPTR FM NORMAL M [PRESSURE DATA]
TOTAL FM JAN 1 497 HIGHEST SLP M ON M
DPTR FM NORMAL M LOWEST SLP M ON M
[REMARKS]
#FINAL-11-21#