000
CXUS53 KMPX 011537
CF6RWF
PRELIMINARY LOCAL CLIMATOLOGICAL DATA (WS FORM: F-6)
STATION: REDWOOD FALLS MN
MONTH: AUGUST
YEAR: 2020
LATITUDE: 44 32 N
LONGITUDE: 95 5 W
TEMPERATURE IN F: :PCPN: SNOW: WIND :SUNSHINE: SKY :PK WND
================================================================================
1 2 3 4 5 6A 6B 7 8 9 10 11 12 13 14 15 16 17 18
12Z AVG MX 2MIN
DY MAX MIN AVG DEP HDD CDD WTR SNW DPTH SPD SPD DIR MIN PSBL S-S WX SPD DR
================================================================================
1 79 63 71 -1 0 6 0.12 M M 7.2 15 330 M M 5 1 21 350
2 76 58 67 -5 0 2 0.00 M M 7.3 15 10 M M 2 25 330
3 76 51 64 -8 1 0 0.00 M M 4.5 10 320 M M 3 16 330
4 76 51 64 -8 1 0 0.00 M M 5.6 12 150 M M 1 17 170
5 73 52 63 -9 2 0 0.00 M M 9.9 21 160 M M 7 26 160
6 78 62 70 -1 0 5 T M M 9.7 17 150 M M 8 24 160
7 85 65 75 4 0 10 T M M 12.0 31 160 M M 7 3 41 150
8 80 66 73 2 0 8 0.35 M M 8.7 35 190 M M 5 13 51 260
9 88 67 78 7 0 13 0.03 M M 9.1 26 220 M M 3 35 210
10 79 58 69 -2 0 4 T M M 6.9 17 320 M M 2 27 330
11 82 55 69 -2 0 4 0.00 M M 8.6 16 240 M M 0 21 230
12 80 61 71 0 0 6 2.95 M M 12.7 30 310 M M 6 123 53 330
13 88 70 79 8 0 14 0.00 M M 12.9 21 180 M M 4 1 28 180
14 84 61 73 2 0 8 0.00 M M 13.9 30 160 M M 4 13 39 150
15 80 55 68 -2 0 3 0.00 M M 7.3 13 350 M M 1 3 19 340
16 83 58 71 1 0 6 T M M 5.6 12 330 M M 1 19 290
17 78 57 68 -2 0 3 0.00 M M 6.8 15 320 M M 0 22 320
18 79 53 66 -4 0 1 0.00 M M 4.4 10 170 M M 0 1 15 220
19 86 57 72 2 0 7 0.00 M M 10.3 21 190 M M 0 26 180
20 84 63 74 4 0 9 0.00 M M 10.2 18 190 M M 0 3 25 190
21 90 66 78 8 0 13 0.30 M M 8.7 17 320 M M 2 13 26 310
22 88 64 76 7 0 11 0.00 M M 7.5 17 200 M M 2 23 180
23 89 65 77 8 0 12 0.00 M M 4.3 9 160 M M 0 1 13 240
24 87 65 76 7 0 11 T M M 6.9 26 30 M M 1 13 49 30
25 91 68 80 11 0 15 0.00 M M 9.0 17 200 M M 0 1 23 190
26 91 71 81 13 0 16 T M M 9.2 21 210 M M 0 3 26 250
27 85 69 77 9 0 12 0.00 M M 5.1 12 90 M M 3 128 17 100
28 83 59 71 3 0 6 0.26 M M 10.4 26 280 M M 2 13 36 270
29 77 54 66 -2 0 1 0.00 M M 5.3 13 340 M M 0 18 360
30 76 52 64 -4 1 0 0.21 M M 11.7 23 170 M M 2 13 39 280
31 74 54 64 -3 1 0 0.77 M M 7.3 18 320 M M 3 13 31 330
================================================================================
SM 2545 1870 6 206 4.99 M 259.0 M 74
================================================================================
AV 82.1 60.3 8.4 FASTST M M 2 MAX(MPH)
MISC ----> 35 190 53 330
================================================================================
NOTES:
# LAST OF SEVERAL OCCURRENCES
COLUMN 17 PEAK WIND IN M.P.H.
PRELIMINARY LOCAL CLIMATOLOGICAL DATA (WS FORM: F-6) , PAGE 2
STATION: REDWOOD FALLS MN
MONTH: AUGUST
YEAR: 2020
LATITUDE: 44 32 N
LONGITUDE: 95 5 W
[TEMPERATURE DATA] [PRECIPITATION DATA] SYMBOLS USED IN COLUMN 16
AVERAGE MONTHLY: 71.2 TOTAL FOR MONTH: 4.99 1 = FOG OR MIST
DPTR FM NORMAL: 1.2 DPTR FM NORMAL: 1.29 2 = FOG REDUCING VISIBILITY
HIGHEST: 91 ON 26,25 GRTST 24HR 2.95 ON 12-12 TO 1/4 MILE OR LESS
LOWEST: 51 ON 4, 3 3 = THUNDER
SNOW, ICE PELLETS, HAIL 4 = ICE PELLETS
TOTAL MONTH: M 5 = HAIL
GRTST 24HR M ON M 6 = FREEZING RAIN OR DRIZZLE
GRTST DEPTH: M ON M 7 = DUSTSTORM OR SANDSTORM:
VSBY 1/2 MILE OR LESS
8 = SMOKE OR HAZE
[NO. OF DAYS WITH] [WEATHER - DAYS WITH] 9 = BLOWING SNOW
X = TORNADO
MAX 32 OR BELOW: 0 0.01 INCH OR MORE: 8
MAX 90 OR ABOVE: 3 0.10 INCH OR MORE: 7
MIN 32 OR BELOW: 0 0.50 INCH OR MORE: 2
MIN 0 OR BELOW: 0 1.00 INCH OR MORE: 1
[HDD (BASE 65) ]
TOTAL THIS MO. 6 CLEAR (SCALE 0-3) 23
DPTR FM NORMAL -17 PTCLDY (SCALE 4-7) 8
TOTAL FM JUL 1 6 CLOUDY (SCALE 8-10) 0
DPTR FM NORMAL -23
[CDD (BASE 65) ]
TOTAL THIS MO. 206
DPTR FM NORMAL 27 [PRESSURE DATA]
TOTAL FM JAN 1 752 HIGHEST SLP 30.19 ON 3
DPTR FM NORMAL 144 LOWEST SLP 29.60 ON 31
[REMARKS]
#FINAL-08-20#